66.249.70.163 - - [23/Apr/2025:09:19:40 -0300] "GET /pcmypage?callback=/product%2Fdetail%2F91054277 HTTP/1.1" 200 143231 "-" "Mozilla/5.0 (Linux; Android 6.0.1; Nexus 5X Build/MMB29P) AppleWebKit/537.36 (KHTML, like Gecko) Chrome/135.0.7049.95 Mobile Safari/537.36 (compatible; Googlebot/2.1; +http://www.google.com/bot.html)"
66.249.70.161 - - [23/Apr/2025:09:19:42 -0300] "GET /shopdetail/142490254 HTTP/1.1" 200 136704 "-" "Mozilla/5.0 (Linux; Android 6.0.1; Nexus 5X Build/MMB29P) AppleWebKit/537.36 (KHTML, like Gecko) Chrome/135.0.7049.95 Mobile Safari/537.36 (compatible; Googlebot/2.1; +http://www.google.com/bot.html)"
66.249.70.174 - - [23/Apr/2025:09:19:43 -0300] "GET /pcmypage?callback=/product%2Fdetail%2F15561823 HTTP/1.1" 200 127248 "-" "Mozilla/5.0 (Linux; Android 6.0.1; Nexus 5X Build/MMB29P) AppleWebKit/537.36 (KHTML, like Gecko) Chrome/135.0.7049.95 Mobile Safari/537.36 (compatible; Googlebot/2.1; +http://www.google.com/bot.html)"
66.249.70.162 - - [23/Apr/2025:09:19:44 -0300] "GET /shop.php/feature/idol/gradol.html/shopdetail/8783854/shopdetail/171234154/events/affiliate/shopdetail/89127854/cargo/detail/shopdetail/197002354/shopdetail/140101454/pcmypage/shopdetail/207277854/shopdetail/247424354/recruit/shopdetail/204793854/shopdetail/235111854/man/customer_guide/shopdetail/218067954 HTTP/1.1" 200 168015 "-" "Mozilla/5.0 (Linux; Android 6.0.1; Nexus 5X Build/MMB29P) AppleWebKit/537.36 (KHTML, like Gecko) Chrome/135.0.7049.95 Mobile Safari/537.36 (compatible; GoogleOther)"
66.249.70.161 - - [23/Apr/2025:09:19:46 -0300] "GET /pcmypage?callback=product%2Fdetail%2F87793655 HTTP/1.1" 200 132600 "-" "Mozilla/5.0 (Linux; Android 6.0.1; Nexus 5X Build/MMB29P) AppleWebKit/537.36 (KHTML, like Gecko) Chrome/135.0.7049.95 Mobile Safari/537.36 (compatible; Googlebot/2.1; +http://www.google.com/bot.html)"
66.249.70.161 - - [23/Apr/2025:09:19:45 -0300] "GET /shop.php/feature/idol/gradol.html/shopdetail/122696054/shopdetail/95407254/cargo/detail/shopdetail/204335954/shopdetail/17524854/events/shopdetail/137863554/text/terms/shopdetail/61505354/pcmypage/shopdetail/227978254/shopdetail/130361854/product_archives/shopdetail/44830954/shopdetail/190089754/zhHant/product/surugaya/79221859/shopdetail/116216254/events/shopdetail/171190654/cargo/detail/shopdetail/159832254/pcmypage/shopdetail/229678654 HTTP/1.1" 200 201814 "-" "Mozilla/5.0 (Linux; Android 6.0.1; Nexus 5X Build/MMB29P) AppleWebKit/537.36 (KHTML, like Gecko) Chrome/135.0.7049.95 Mobile Safari/537.36 (compatible; GoogleOther)"
66.249.70.163 - - [23/Apr/2025:09:19:47 -0300] "GET /pcmypage?callback=product%2Fdetail%2F60413174 HTTP/1.1" 200 139560 "-" "Mozilla/5.0 (Linux; Android 6.0.1; Nexus 5X Build/MMB29P) AppleWebKit/537.36 (KHTML, like Gecko) Chrome/135.0.7049.95 Mobile Safari/537.36 (compatible; Googlebot/2.1; +http://www.google.com/bot.html)"
66.249.70.164 - - [23/Apr/2025:09:19:48 -0300] "GET /pcmypage?callback=product%2Fdetail%2F91817235 HTTP/1.1" 200 136574 "-" "Mozilla/5.0 (Linux; Android 6.0.1; Nexus 5X Build/MMB29P) AppleWebKit/537.36 (KHTML, like Gecko) Chrome/135.0.7049.95 Mobile Safari/537.36 (compatible; Googlebot/2.1; +http://www.google.com/bot.html)"
66.249.70.162 - - [23/Apr/2025:09:19:49 -0300] "GET /pcmypage?callback=product/review/10986555 HTTP/1.1" 200 125808 "-" "Mozilla/5.0 (Linux; Android 6.0.1; Nexus 5X Build/MMB29P) AppleWebKit/537.36 (KHTML, like Gecko) Chrome/135.0.7049.95 Mobile Safari/537.36 (compatible; Googlebot/2.1; +http://www.google.com/bot.html)"
66.249.70.174 - - [23/Apr/2025:09:19:50 -0300] "GET /pcmypage?callback=product%2Fdetail%2F80852515 HTTP/1.1" 200 139228 "-" "Mozilla/5.0 (Linux; Android 6.0.1; Nexus 5X Build/MMB29P) AppleWebKit/537.36 (KHTML, like Gecko) Chrome/135.0.7049.95 Mobile Safari/537.36 (compatible; Googlebot/2.1; +http://www.google.com/bot.html)"
66.249.70.160 - - [23/Apr/2025:09:19:51 -0300] "POST /get-message-notify HTTP/1.1" 200 125360 "https://cursos-inmobiliarios-virtuales.bienesraicess.com/shopdetail/142490254" "Mozilla/5.0 (Linux; Android 6.0.1; Nexus 5X Build/MMB29P) AppleWebKit/537.36 (KHTML, like Gecko) Chrome/134.0.6998.165 Mobile Safari/537.36 (compatible; Googlebot/2.1; +http://www.google.com/bot.html)"
66.249.70.162 - - [23/Apr/2025:09:19:51 -0300] "GET /pcmypage?callback=/product%2Fdetail%2F09579536 HTTP/1.1" 200 137378 "-" "Mozilla/5.0 (Linux; Android 6.0.1; Nexus 5X Build/MMB29P) AppleWebKit/537.36 (KHTML, like Gecko) Chrome/135.0.7049.95 Mobile Safari/537.36 (compatible; Googlebot/2.1; +http://www.google.com/bot.html)"
66.249.70.160 - - [23/Apr/2025:09:19:51 -0300] "GET /shop.php/feature/idol/gradol.html/shopdetail/122696054/shopdetail/95407254/cargo/detail/shopdetail/204335954/shopdetail/17524854/events/shopdetail/137863554/text/terms/shopdetail/61505354/pcmypage/shopdetail/227978254/shopdetail/130361854/product_archives/shopdetail/217951254/shopdetail/198026754/pcmypage/recruit/shopdetail/216471154/shopdetail/199320654/events/pcmypage/feature/akihabara_main/index.html HTTP/1.1" 200 204116 "-" "Mozilla/5.0 (Linux; Android 6.0.1; Nexus 5X Build/MMB29P) AppleWebKit/537.36 (KHTML, like Gecko) Chrome/135.0.7049.95 Mobile Safari/537.36 (compatible; GoogleOther)"
66.249.70.161 - - [23/Apr/2025:09:19:51 -0300] "GET /shop.php/feature/idol/gradol.html/shopdetail/8783854/shopdetail/171234154/events/affiliate/shopdetail/89127854/shopdetail/11456654/product_archives/shopdetail/8800654/shopdetail/88025554/man/customer_guide/recruit/shopdetail/54377254/shopdetail/138414054/product_archives/text/terms/product/edit/11446542/shopdetail/37944154/cargo/detail/shopdetail/92418854/toiawase/man/customer_guide HTTP/1.1" 200 182356 "-" "Mozilla/5.0 (Linux; Android 6.0.1; Nexus 5X Build/MMB29P) AppleWebKit/537.36 (KHTML, like Gecko) Chrome/135.0.7049.95 Mobile Safari/537.36 (compatible; GoogleOther)"
66.249.70.174 - - [23/Apr/2025:09:19:53 -0300] "GET /pcmypage?callback=product%2Fdetail%2F34203662 HTTP/1.1" 200 147460 "-" "Mozilla/5.0 (Linux; Android 6.0.1; Nexus 5X Build/MMB29P) AppleWebKit/537.36 (KHTML, like Gecko) Chrome/135.0.7049.95 Mobile Safari/537.36 (compatible; Googlebot/2.1; +http://www.google.com/bot.html)"
66.249.70.162 - - [23/Apr/2025:09:19:54 -0300] "GET /pcmypage?callback=product%2Fdetail%2F66747477 HTTP/1.1" 200 128491 "-" "Mozilla/5.0 (Linux; Android 6.0.1; Nexus 5X Build/MMB29P) AppleWebKit/537.36 (KHTML, like Gecko) Chrome/135.0.7049.95 Mobile Safari/537.36 (compatible; Googlebot/2.1; +http://www.google.com/bot.html)"
66.249.70.160 - - [23/Apr/2025:09:19:55 -0300] "GET /shopdetail/366288054 HTTP/1.1" 200 143542 "-" "Mozilla/5.0 (Linux; Android 6.0.1; Nexus 5X Build/MMB29P) AppleWebKit/537.36 (KHTML, like Gecko) Chrome/135.0.7049.95 Mobile Safari/537.36 (compatible; Googlebot/2.1; +http://www.google.com/bot.html)"
66.249.70.160 - - [23/Apr/2025:09:19:56 -0300] "GET /pcmypage?callback=product%2Fdetail%2F56389171 HTTP/1.1" 200 153433 "-" "Mozilla/5.0 (Linux; Android 6.0.1; Nexus 5X Build/MMB29P) AppleWebKit/537.36 (KHTML, like Gecko) Chrome/135.0.7049.95 Mobile Safari/537.36 (compatible; Googlebot/2.1; +http://www.google.com/bot.html)"
66.249.70.165 - - [23/Apr/2025:09:19:56 -0300] "GET /pcmypage?callback=product%2Fdetail%2F95077479 HTTP/1.1" 200 150859 "-" "Mozilla/5.0 (Linux; Android 6.0.1; Nexus 5X Build/MMB29P) AppleWebKit/537.36 (KHTML, like Gecko) Chrome/135.0.7049.95 Mobile Safari/537.36 (compatible; Googlebot/2.1; +http://www.google.com/bot.html)"
66.249.70.164 - - [23/Apr/2025:09:19:57 -0300] "GET /pcmypage?callback=/product%2Fdetail%2F08263751 HTTP/1.1" 200 142166 "-" "Mozilla/5.0 (Linux; Android 6.0.1; Nexus 5X Build/MMB29P) AppleWebKit/537.36 (KHTML, like Gecko) Chrome/135.0.7049.95 Mobile Safari/537.36 (compatible; Googlebot/2.1; +http://www.google.com/bot.html)"
66.249.70.174 - - [23/Apr/2025:09:19:58 -0300] "GET /shop.php/pcmypage?callback=/product%2Fdetail%2F82068995 HTTP/1.1" 200 125382 "-" "Mozilla/5.0 (Linux; Android 6.0.1; Nexus 5X Build/MMB29P) AppleWebKit/537.36 (KHTML, like Gecko) Chrome/135.0.7049.95 Mobile Safari/537.36 (compatible; Googlebot/2.1; +http://www.google.com/bot.html)"
66.249.70.160 - - [23/Apr/2025:09:19:58 -0300] "GET /pcmypage?callback=product/review/17961387 HTTP/1.1" 200 126516 "-" "Mozilla/5.0 (Linux; Android 6.0.1; Nexus 5X Build/MMB29P) AppleWebKit/537.36 (KHTML, like Gecko) Chrome/135.0.7049.95 Mobile Safari/537.36 (compatible; Googlebot/2.1; +http://www.google.com/bot.html)"
66.249.70.163 - - [23/Apr/2025:09:19:59 -0300] "GET /shop.php/feature/idol/gradol.html/shopdetail/122696054/shopdetail/95407254/cargo/detail/shopdetail/204335954/shopdetail/17524854/events/shopdetail/137863554/text/terms/shopdetail/61505354/pcmypage/shopdetail/235360754/cargo/detail/shopdetail/156251354/shopdetail/229348554/affiliate/shopdetail/226893054/feature/idol/gradol.html HTTP/1.1" 200 203379 "-" "Mozilla/5.0 (Linux; Android 6.0.1; Nexus 5X Build/MMB29P) AppleWebKit/537.36 (KHTML, like Gecko) Chrome/135.0.7049.95 Mobile Safari/537.36 (compatible; GoogleOther)"
66.249.70.165 - - [23/Apr/2025:09:20:00 -0300] "GET /shop.php/feature/idol/gradol.html/shopdetail/122696054/shopdetail/95407254/cargo/detail/shopdetail/204335954/shopdetail/17524854/events/shopdetail/137863554/text/terms/shopdetail/61505354/pcmypage/shopdetail/227978254/shopdetail/130361854/product_archives/shopdetail/44830954/shopdetail/190089754/zhHant/product/surugaya/79221859/shopdetail/116216254/events/shopdetail/171190654/shopdetail/135419454/affiliate/shopdetail/219334254/product/edit/53728710/shopdetail/149955854/hobby/boardgame/index.html HTTP/1.1" 200 202550 "-" "Mozilla/5.0 (Linux; Android 6.0.1; Nexus 5X Build/MMB29P) AppleWebKit/537.36 (KHTML, like Gecko) Chrome/135.0.7049.95 Mobile Safari/537.36 (compatible; GoogleOther)"
66.249.70.163 - - [23/Apr/2025:09:20:00 -0300] "GET /pcmypage?callback=/product%2Fdetail%2F96057476 HTTP/1.1" 200 137040 "-" "Mozilla/5.0 (Linux; Android 6.0.1; Nexus 5X Build/MMB29P) AppleWebKit/537.36 (KHTML, like Gecko) Chrome/135.0.7049.95 Mobile Safari/537.36 (compatible; Googlebot/2.1; +http://www.google.com/bot.html)"
66.249.70.160 - - [23/Apr/2025:09:20:02 -0300] "GET /pcmypage?callback=product/review/85672095 HTTP/1.1" 200 129836 "-" "Mozilla/5.0 (Linux; Android 6.0.1; Nexus 5X Build/MMB29P) AppleWebKit/537.36 (KHTML, like Gecko) Chrome/135.0.7049.95 Mobile Safari/537.36 (compatible; Googlebot/2.1; +http://www.google.com/bot.html)"
66.249.70.164 - - [23/Apr/2025:09:20:02 -0300] "GET /pcmypage?callback=/product%2Fdetail%2F97009142 HTTP/1.1" 200 142343 "-" "Mozilla/5.0 (Linux; Android 6.0.1; Nexus 5X Build/MMB29P) AppleWebKit/537.36 (KHTML, like Gecko) Chrome/135.0.7049.95 Mobile Safari/537.36 (compatible; Googlebot/2.1; +http://www.google.com/bot.html)"
66.249.70.163 - - [23/Apr/2025:09:20:03 -0300] "POST /get-message-notify HTTP/1.1" 200 125360 "https://cursos-inmobiliarios-virtuales.bienesraicess.com/shopdetail/366288054" "Mozilla/5.0 (Linux; Android 6.0.1; Nexus 5X Build/MMB29P) AppleWebKit/537.36 (KHTML, like Gecko) Chrome/134.0.6998.165 Mobile Safari/537.36 (compatible; Googlebot/2.1; +http://www.google.com/bot.html)"
66.249.70.162 - - [23/Apr/2025:09:20:04 -0300] "GET /pcmypage?callback=/product%2Fdetail%2F66747477 HTTP/1.1" 200 133444 "-" "Mozilla/5.0 (Linux; Android 6.0.1; Nexus 5X Build/MMB29P) AppleWebKit/537.36 (KHTML, like Gecko) Chrome/135.0.7049.95 Mobile Safari/537.36 (compatible; Googlebot/2.1; +http://www.google.com/bot.html)"
66.249.70.160 - - [23/Apr/2025:09:20:05 -0300] "POST /get-message-notify HTTP/1.1" 200 125360 "https://cursos-inmobiliarios-virtuales.bienesraicess.com/pcmypage?callback=product%2Fdetail%2F56389171" "Mozilla/5.0 (Linux; Android 6.0.1; Nexus 5X Build/MMB29P) AppleWebKit/537.36 (KHTML, like Gecko) Chrome/134.0.6998.165 Mobile Safari/537.36 (compatible; Googlebot/2.1; +http://www.google.com/bot.html)"
66.249.70.163 - - [23/Apr/2025:09:20:06 -0300] "GET /pcmypage?callback=product/review/83271628 HTTP/1.1" 200 161107 "-" "Mozilla/5.0 (Linux; Android 6.0.1; Nexus 5X Build/MMB29P) AppleWebKit/537.36 (KHTML, like Gecko) Chrome/135.0.7049.95 Mobile Safari/537.36 (compatible; Googlebot/2.1; +http://www.google.com/bot.html)"
66.249.70.161 - - [23/Apr/2025:09:20:07 -0300] "GET /pcmypage?callback=product/review/95077479 HTTP/1.1" 200 126453 "-" "Mozilla/5.0 (Linux; Android 6.0.1; Nexus 5X Build/MMB29P) AppleWebKit/537.36 (KHTML, like Gecko) Chrome/135.0.7049.95 Mobile Safari/537.36 (compatible; Googlebot/2.1; +http://www.google.com/bot.html)"
66.249.70.161 - - [23/Apr/2025:09:20:08 -0300] "GET /shopdetail/308040454 HTTP/1.1" 200 134764 "-" "Mozilla/5.0 (Linux; Android 6.0.1; Nexus 5X Build/MMB29P) AppleWebKit/537.36 (KHTML, like Gecko) Chrome/135.0.7049.95 Mobile Safari/537.36 (compatible; Googlebot/2.1; +http://www.google.com/bot.html)"
66.249.70.161 - - [23/Apr/2025:09:20:08 -0300] "GET /shop.php/feature/idol/gradol.html/shopdetail/122696054/shopdetail/95407254/cargo/detail/shopdetail/204335954/shopdetail/17524854/events/shopdetail/137863554/text/terms/shopdetail/61505354/pcmypage/shopdetail/227978254/shopdetail/130361854/product_archives/shopdetail/217951254/shopdetail/21856554/pcmypage/recruit/shopdetail/13203154/shopdetail/252667754/man/customer_guide/shopdetail/85796454/shopdetail/46425454/pcmypage/shopdetail/165082254/cargo/detail/shopdetail/48852054 HTTP/1.1" 200 196309 "-" "Mozilla/5.0 (Linux; Android 6.0.1; Nexus 5X Build/MMB29P) AppleWebKit/537.36 (KHTML, like Gecko) Chrome/135.0.7049.95 Mobile Safari/537.36 (compatible; GoogleOther)"
66.249.70.162 - - [23/Apr/2025:09:20:09 -0300] "POST /get-message-notify HTTP/1.1" 200 125360 "https://cursos-inmobiliarios-virtuales.bienesraicess.com/pcmypage?callback=/product%2Fdetail%2F08263751" "Mozilla/5.0 (Linux; Android 6.0.1; Nexus 5X Build/MMB29P) AppleWebKit/537.36 (KHTML, like Gecko) Chrome/134.0.6998.165 Mobile Safari/537.36 (compatible; Googlebot/2.1; +http://www.google.com/bot.html)"
66.249.70.160 - - [23/Apr/2025:09:20:10 -0300] "GET /pcmypage?callback=/product%2Fdetail%2F80661622 HTTP/1.1" 200 145071 "-" "Mozilla/5.0 (Linux; Android 6.0.1; Nexus 5X Build/MMB29P) AppleWebKit/537.36 (KHTML, like Gecko) Chrome/135.0.7049.95 Mobile Safari/537.36 (compatible; Googlebot/2.1; +http://www.google.com/bot.html)"
66.249.70.174 - - [23/Apr/2025:09:20:11 -0300] "GET /pcmypage?callback=product%2Fdetail%2F97774411 HTTP/1.1" 200 118544 "-" "Mozilla/5.0 (Linux; Android 6.0.1; Nexus 5X Build/MMB29P) AppleWebKit/537.36 (KHTML, like Gecko) Chrome/135.0.7049.95 Mobile Safari/537.36 (compatible; Googlebot/2.1; +http://www.google.com/bot.html)"
66.249.70.160 - - [23/Apr/2025:09:20:13 -0300] "GET /pcmypage?callback=product/review/97774411 HTTP/1.1" 200 125212 "-" "Mozilla/5.0 (Linux; Android 6.0.1; Nexus 5X Build/MMB29P) AppleWebKit/537.36 (KHTML, like Gecko) Chrome/135.0.7049.95 Mobile Safari/537.36 (compatible; Googlebot/2.1; +http://www.google.com/bot.html)"
66.249.70.161 - - [23/Apr/2025:09:20:13 -0300] "GET /rc= HTTP/1.1" 200 121843 "-" "Mozilla/5.0 (Linux; Android 6.0.1; Nexus 5X Build/MMB29P) AppleWebKit/537.36 (KHTML, like Gecko) Chrome/135.0.7049.95 Mobile Safari/537.36 (compatible; Googlebot/2.1; +http://www.google.com/bot.html)"
66.249.70.174 - - [23/Apr/2025:09:20:14 -0300] "GET /pcmypage?callback=product/review/57508027 HTTP/1.1" 200 143926 "-" "Mozilla/5.0 (Linux; Android 6.0.1; Nexus 5X Build/MMB29P) AppleWebKit/537.36 (KHTML, like Gecko) Chrome/135.0.7049.95 Mobile Safari/537.36 (compatible; Googlebot/2.1; +http://www.google.com/bot.html)"
66.249.70.174 - - [23/Apr/2025:09:20:16 -0300] "GET /pcmypage?callback=/product%2Fdetail%2F73808585 HTTP/1.1" 200 146410 "-" "Mozilla/5.0 (Linux; Android 6.0.1; Nexus 5X Build/MMB29P) AppleWebKit/537.36 (KHTML, like Gecko) Chrome/135.0.7049.95 Mobile Safari/537.36 (compatible; Googlebot/2.1; +http://www.google.com/bot.html)"
66.249.70.174 - - [23/Apr/2025:09:20:17 -0300] "GET /shop.php/feature/idol/gradol.html/shopdetail/122696054/shopdetail/95407254/cargo/detail/shopdetail/204335954/shopdetail/17524854/events/shopdetail/137863554/text/terms/shopdetail/61505354/pcmypage/shopdetail/227978254/shopdetail/130361854/product_archives/shopdetail/217951254/shopdetail/21856554/pcmypage/recruit/shopdetail/13203154/shopdetail/252667754/man/customer_guide/shopdetail/85796454/shopdetail/46425454/pcmypage/shopdetail/95187954/cargo/detail/shopdetail/236986854 HTTP/1.1" 200 199045 "-" "Mozilla/5.0 (Linux; Android 6.0.1; Nexus 5X Build/MMB29P) AppleWebKit/537.36 (KHTML, like Gecko) Chrome/135.0.7049.95 Mobile Safari/537.36 (compatible; GoogleOther)"
66.249.70.160 - - [23/Apr/2025:09:20:18 -0300] "GET /pcmypage?callback=product%2Fdetail%2F17786455 HTTP/1.1" 200 126995 "-" "Mozilla/5.0 (Linux; Android 6.0.1; Nexus 5X Build/MMB29P) AppleWebKit/537.36 (KHTML, like Gecko) Chrome/135.0.7049.95 Mobile Safari/537.36 (compatible; Googlebot/2.1; +http://www.google.com/bot.html)"
66.249.70.161 - - [23/Apr/2025:09:20:18 -0300] "GET /shop.php/feature/idol/gradol.html/shopdetail/122696054/shopdetail/95407254/cargo/detail/shopdetail/204335954/shopdetail/17524854/events/shopdetail/137863554/text/terms/shopdetail/61505354/pcmypage/shopdetail/227978254/shopdetail/130361854/product_archives/shopdetail/217951254/shopdetail/130010754/events/shopdetail/10588954/pcmypage/shopdetail/117517054/shopdetail/169519754 HTTP/1.1" 200 201790 "-" "Mozilla/5.0 (Linux; Android 6.0.1; Nexus 5X Build/MMB29P) AppleWebKit/537.36 (KHTML, like Gecko) Chrome/135.0.7049.95 Mobile Safari/537.36 (compatible; GoogleOther)"
66.249.70.161 - - [23/Apr/2025:09:20:20 -0300] "GET /pcmypage?callback=/product%2Fdetail%2F87696667 HTTP/1.1" 200 140235 "-" "Mozilla/5.0 (Linux; Android 6.0.1; Nexus 5X Build/MMB29P) AppleWebKit/537.36 (KHTML, like Gecko) Chrome/135.0.7049.95 Mobile Safari/537.36 (compatible; Googlebot/2.1; +http://www.google.com/bot.html)"
66.249.70.174 - - [23/Apr/2025:09:20:22 -0300] "POST /get-message-notify HTTP/1.1" 200 125360 "https://cursos-inmobiliarios-virtuales.bienesraicess.com/rc=" "Mozilla/5.0 (Linux; Android 6.0.1; Nexus 5X Build/MMB29P) AppleWebKit/537.36 (KHTML, like Gecko) Chrome/134.0.6998.165 Mobile Safari/537.36 (compatible; Googlebot/2.1; +http://www.google.com/bot.html)"
66.249.70.161 - - [23/Apr/2025:09:20:22 -0300] "GET /pcmypage?callback=/product%2Fdetail%2F59761430 HTTP/1.1" 200 158198 "-" "Mozilla/5.0 (Linux; Android 6.0.1; Nexus 5X Build/MMB29P) AppleWebKit/537.36 (KHTML, like Gecko) Chrome/135.0.7049.95 Mobile Safari/537.36 (compatible; Googlebot/2.1; +http://www.google.com/bot.html)"
66.249.70.162 - - [23/Apr/2025:09:20:25 -0300] "GET /pcmypage?callback=product/review/09579536 HTTP/1.1" 200 131090 "-" "Mozilla/5.0 (Linux; Android 6.0.1; Nexus 5X Build/MMB29P) AppleWebKit/537.36 (KHTML, like Gecko) Chrome/135.0.7049.95 Mobile Safari/537.36 (compatible; Googlebot/2.1; +http://www.google.com/bot.html)"
66.249.70.174 - - [23/Apr/2025:09:20:26 -0300] "GET /pcmypage?callback=/product%2Fdetail%2F75570474 HTTP/1.1" 200 138451 "-" "Mozilla/5.0 (Linux; Android 6.0.1; Nexus 5X Build/MMB29P) AppleWebKit/537.36 (KHTML, like Gecko) Chrome/135.0.7049.95 Mobile Safari/537.36 (compatible; Googlebot/2.1; +http://www.google.com/bot.html)"
66.249.70.162 - - [23/Apr/2025:09:20:25 -0300] "GET /shop.php/feature/idol/gradol.html/shopdetail/122696054/shopdetail/95407254/cargo/detail/shopdetail/204335954/shopdetail/17524854/events/shopdetail/137863554/text/terms/shopdetail/61505354/pcmypage/shopdetail/227978254/shopdetail/130361854/product_archives/shopdetail/217951254/shopdetail/21856554/pcmypage/recruit/shopdetail/13203154/shopdetail/252667754/man/customer_guide/shopdetail/85796454/shopdetail/46425454/pcmypage/shopdetail/30623554/cargo/detail/shopdetail/201683254 HTTP/1.1" 200 212099 "-" "Mozilla/5.0 (Linux; Android 6.0.1; Nexus 5X Build/MMB29P) AppleWebKit/537.36 (KHTML, like Gecko) Chrome/135.0.7049.95 Mobile Safari/537.36 (compatible; GoogleOther)"
66.249.70.161 - - [23/Apr/2025:09:20:27 -0300] "GET /shopdetail/326263154 HTTP/1.1" 200 130934 "-" "Mozilla/5.0 (Linux; Android 6.0.1; Nexus 5X Build/MMB29P) AppleWebKit/537.36 (KHTML, like Gecko) Chrome/135.0.7049.95 Mobile Safari/537.36 (compatible; Googlebot/2.1; +http://www.google.com/bot.html)"
66.249.70.174 - - [23/Apr/2025:09:20:28 -0300] "GET /pcmypage?callback=product%2Fdetail%2F80661622 HTTP/1.1" 200 161029 "-" "Mozilla/5.0 (Linux; Android 6.0.1; Nexus 5X Build/MMB29P) AppleWebKit/537.36 (KHTML, like Gecko) Chrome/135.0.7049.95 Mobile Safari/537.36 (compatible; Googlebot/2.1; +http://www.google.com/bot.html)"
66.249.70.162 - - [23/Apr/2025:09:20:31 -0300] "GET /pcmypage?callback=/product%2Fdetail%2F85672095 HTTP/1.1" 200 126388 "-" "Mozilla/5.0 (Linux; Android 6.0.1; Nexus 5X Build/MMB29P) AppleWebKit/537.36 (KHTML, like Gecko) Chrome/135.0.7049.95 Mobile Safari/537.36 (compatible; Googlebot/2.1; +http://www.google.com/bot.html)"
66.249.70.162 - - [23/Apr/2025:09:20:33 -0300] "GET /robots.txt HTTP/1.1" 200 264 "-" "Mozilla/5.0 (compatible; Googlebot/2.1; +http://www.google.com/bot.html)"
66.249.70.161 - - [23/Apr/2025:09:20:33 -0300] "GET /pcmypage?callback=product/review/93883587 HTTP/1.1" 200 130845 "-" "Mozilla/5.0 (Linux; Android 6.0.1; Nexus 5X Build/MMB29P) AppleWebKit/537.36 (KHTML, like Gecko) Chrome/135.0.7049.95 Mobile Safari/537.36 (compatible; Googlebot/2.1; +http://www.google.com/bot.html)"
66.249.70.161 - - [23/Apr/2025:09:20:34 -0300] "GET /pcmypage?callback=/product%2Fdetail%2F98709244 HTTP/1.1" 200 133289 "-" "Mozilla/5.0 (Linux; Android 6.0.1; Nexus 5X Build/MMB29P) AppleWebKit/537.36 (KHTML, like Gecko) Chrome/135.0.7049.95 Mobile Safari/537.36 (compatible; Googlebot/2.1; +http://www.google.com/bot.html)"
66.249.70.161 - - [23/Apr/2025:09:20:34 -0300] "GET /shop.php/feature/idol/gradol.html/shopdetail/122696054/shopdetail/95407254/cargo/detail/shopdetail/204335954/shopdetail/17524854/events/shopdetail/137863554/text/terms/shopdetail/61505354/pcmypage/shopdetail/227978254/shopdetail/130361854/product_archives/shopdetail/217951254/shopdetail/198026754/pcmypage/recruit/shopdetail/216471154/shopdetail/199320654/events/shopdetail/261506354/man/customer_guide/shopdetail/87160554/shopdetail/97264054/pcmypage/shopdetail/141283754/shopdetail/32838654/feature/index.html HTTP/1.1" 200 200376 "-" "Mozilla/5.0 (Linux; Android 6.0.1; Nexus 5X Build/MMB29P) AppleWebKit/537.36 (KHTML, like Gecko) Chrome/135.0.7049.95 Mobile Safari/537.36 (compatible; GoogleOther)"
66.249.70.160 - - [23/Apr/2025:09:20:35 -0300] "GET /pcmypage?callback=product/review/39335370 HTTP/1.1" 200 138205 "-" "Mozilla/5.0 (Linux; Android 6.0.1; Nexus 5X Build/MMB29P) AppleWebKit/537.36 (KHTML, like Gecko) Chrome/135.0.7049.95 Mobile Safari/537.36 (compatible; Googlebot/2.1; +http://www.google.com/bot.html)"
66.249.70.163 - - [23/Apr/2025:09:20:35 -0300] "GET /shop.php/feature/idol/gradol.html/shopdetail/122696054/shopdetail/95407254/cargo/detail/shopdetail/204335954/shopdetail/17524854/events/shopdetail/137863554/text/terms/shopdetail/61505354/pcmypage/shopdetail/227978254/shopdetail/130361854/product_archives/shopdetail/217951254/shopdetail/21856554/pcmypage/recruit/shopdetail/13203154/cargo/detail/events/shopdetail/78012154/shopdetail/147695154/affiliate/shopdetail/124455554 HTTP/1.1" 200 219395 "-" "Mozilla/5.0 (Linux; Android 6.0.1; Nexus 5X Build/MMB29P) AppleWebKit/537.36 (KHTML, like Gecko) Chrome/135.0.7049.95 Mobile Safari/537.36 (compatible; GoogleOther)"
66.249.70.160 - - [23/Apr/2025:09:20:38 -0300] "POST /get-message-notify HTTP/1.1" 200 125360 "https://cursos-inmobiliarios-virtuales.bienesraicess.com/pcmypage?callback=product%2Fdetail%2F80661622" "Mozilla/5.0 (Linux; Android 6.0.1; Nexus 5X Build/MMB29P) AppleWebKit/537.36 (KHTML, like Gecko) Chrome/134.0.6998.165 Mobile Safari/537.36 (compatible; Googlebot/2.1; +http://www.google.com/bot.html)"
66.249.70.163 - - [23/Apr/2025:09:20:39 -0300] "GET /pcmypage?callback=product/review/61030292 HTTP/1.1" 200 125404 "-" "Mozilla/5.0 (Linux; Android 6.0.1; Nexus 5X Build/MMB29P) AppleWebKit/537.36 (KHTML, like Gecko) Chrome/135.0.7049.95 Mobile Safari/537.36 (compatible; Googlebot/2.1; +http://www.google.com/bot.html)"
66.249.70.160 - - [23/Apr/2025:09:20:39 -0300] "GET /shopdetail/104883154 HTTP/1.1" 200 125695 "-" "Mozilla/5.0 (Linux; Android 6.0.1; Nexus 5X Build/MMB29P) AppleWebKit/537.36 (KHTML, like Gecko) Chrome/135.0.7049.95 Mobile Safari/537.36 (compatible; Googlebot/2.1; +http://www.google.com/bot.html)"
66.249.70.162 - - [23/Apr/2025:09:20:39 -0300] "POST /get-message-notify HTTP/1.1" 200 125360 "https://cursos-inmobiliarios-virtuales.bienesraicess.com/pcmypage?callback=/product%2Fdetail%2F85672095" "Mozilla/5.0 (Linux; Android 6.0.1; Nexus 5X Build/MMB29P) AppleWebKit/537.36 (KHTML, like Gecko) Chrome/134.0.6998.165 Mobile Safari/537.36 (compatible; Googlebot/2.1; +http://www.google.com/bot.html)"
66.249.70.161 - - [23/Apr/2025:09:20:39 -0300] "GET /pcmypage?callback=product%2Fdetail%2F94132693 HTTP/1.1" 200 144594 "-" "Mozilla/5.0 (Linux; Android 6.0.1; Nexus 5X Build/MMB29P) AppleWebKit/537.36 (KHTML, like Gecko) Chrome/135.0.7049.95 Mobile Safari/537.36 (compatible; Googlebot/2.1; +http://www.google.com/bot.html)"
66.249.70.162 - - [23/Apr/2025:09:20:41 -0300] "GET /shopdetail/70159154 HTTP/1.1" 200 126739 "-" "Mozilla/5.0 (Linux; Android 6.0.1; Nexus 5X Build/MMB29P) AppleWebKit/537.36 (KHTML, like Gecko) Chrome/135.0.7049.95 Mobile Safari/537.36 (compatible; Googlebot/2.1; +http://www.google.com/bot.html)"
66.249.70.174 - - [23/Apr/2025:09:20:41 -0300] "POST /get-message-notify HTTP/1.1" 200 125360 "https://cursos-inmobiliarios-virtuales.bienesraicess.com/pcmypage?callback=product/review/39335370" "Mozilla/5.0 (Linux; Android 6.0.1; Nexus 5X Build/MMB29P) AppleWebKit/537.36 (KHTML, like Gecko) Chrome/134.0.6998.165 Mobile Safari/537.36 (compatible; Googlebot/2.1; +http://www.google.com/bot.html)"
66.249.70.161 - - [23/Apr/2025:09:20:43 -0300] "GET /pcmypage?callback=product%2Fdetail%2F34430338 HTTP/1.1" 200 126260 "-" "Mozilla/5.0 (Linux; Android 6.0.1; Nexus 5X Build/MMB29P) AppleWebKit/537.36 (KHTML, like Gecko) Chrome/135.0.7049.95 Mobile Safari/537.36 (compatible; Googlebot/2.1; +http://www.google.com/bot.html)"
66.249.70.174 - - [23/Apr/2025:09:20:43 -0300] "GET /pcmypage?callback=product/review/48230125 HTTP/1.1" 200 131923 "-" "Mozilla/5.0 (Linux; Android 6.0.1; Nexus 5X Build/MMB29P) AppleWebKit/537.36 (KHTML, like Gecko) Chrome/135.0.7049.95 Mobile Safari/537.36 (compatible; Googlebot/2.1; +http://www.google.com/bot.html)"
66.249.70.163 - - [23/Apr/2025:09:20:43 -0300] "GET /shop.php/feature/idol/gradol.html/shopdetail/8783854/shopdetail/171234154/events/affiliate/shopdetail/89127854/cargo/detail/shopdetail/197002354/shopdetail/140101454/pcmypage/shopdetail/207277854/shopdetail/247424354/recruit/product_archives/shopdetail/240065554/shopdetail/34489154/man/customer_guide/shopdetail/252313154 HTTP/1.1" 200 190993 "-" "Mozilla/5.0 (Linux; Android 6.0.1; Nexus 5X Build/MMB29P) AppleWebKit/537.36 (KHTML, like Gecko) Chrome/135.0.7049.95 Mobile Safari/537.36 (compatible; GoogleOther)"
66.249.70.161 - - [23/Apr/2025:09:20:46 -0300] "GET /pcmypage?callback=product%2Fdetail%2F80731549 HTTP/1.1" 200 161014 "-" "Mozilla/5.0 (Linux; Android 6.0.1; Nexus 5X Build/MMB29P) AppleWebKit/537.36 (KHTML, like Gecko) Chrome/135.0.7049.95 Mobile Safari/537.36 (compatible; Googlebot/2.1; +http://www.google.com/bot.html)"
66.249.70.162 - - [23/Apr/2025:09:20:46 -0300] "POST /get-message-notify HTTP/1.1" 200 125360 "https://cursos-inmobiliarios-virtuales.bienesraicess.com/pcmypage?callback=product/review/61030292" "Mozilla/5.0 (Linux; Android 6.0.1; Nexus 5X Build/MMB29P) AppleWebKit/537.36 (KHTML, like Gecko) Chrome/134.0.6998.165 Mobile Safari/537.36 (compatible; Googlebot/2.1; +http://www.google.com/bot.html)"
66.249.70.164 - - [23/Apr/2025:09:20:45 -0300] "GET /shop.php/feature/idol/gradol.html/shopdetail/8783854/shopdetail/171234154/events/affiliate/shopdetail/89127854/shopdetail/11456654/product_archives/shopdetail/8800654/shopdetail/88025554/man/customer_guide/recruit/shopdetail/54377254/shopdetail/45662654/product_archives/shopdetail/34987854 HTTP/1.1" 200 184247 "-" "Mozilla/5.0 (Linux; Android 6.0.1; Nexus 5X Build/MMB29P) AppleWebKit/537.36 (KHTML, like Gecko) Chrome/135.0.7049.95 Mobile Safari/537.36 (compatible; GoogleOther)"
66.249.70.174 - - [23/Apr/2025:09:20:48 -0300] "GET /pcmypage?callback=product/review/79005222 HTTP/1.1" 200 130529 "-" "Mozilla/5.0 (Linux; Android 6.0.1; Nexus 5X Build/MMB29P) AppleWebKit/537.36 (KHTML, like Gecko) Chrome/135.0.7049.95 Mobile Safari/537.36 (compatible; Googlebot/2.1; +http://www.google.com/bot.html)"
66.249.70.161 - - [23/Apr/2025:09:20:49 -0300] "GET /pcmypage?callback=/product%2Fdetail%2F96574821 HTTP/1.1" 200 119934 "-" "Mozilla/5.0 (Linux; Android 6.0.1; Nexus 5X Build/MMB29P) AppleWebKit/537.36 (KHTML, like Gecko) Chrome/135.0.7049.95 Mobile Safari/537.36 (compatible; Googlebot/2.1; +http://www.google.com/bot.html)"
66.249.70.174 - - [23/Apr/2025:09:20:49 -0300] "GET /pcmypage?callback=product/review/06522298 HTTP/1.1" 200 155574 "-" "Mozilla/5.0 (Linux; Android 6.0.1; Nexus 5X Build/MMB29P) AppleWebKit/537.36 (KHTML, like Gecko) Chrome/135.0.7049.95 Mobile Safari/537.36 (compatible; Googlebot/2.1; +http://www.google.com/bot.html)"
66.249.70.161 - - [23/Apr/2025:09:20:51 -0300] "GET /pcmypage?callback=product/review/55054650 HTTP/1.1" 200 135898 "-" "Mozilla/5.0 (Linux; Android 6.0.1; Nexus 5X Build/MMB29P) AppleWebKit/537.36 (KHTML, like Gecko) Chrome/135.0.7049.95 Mobile Safari/537.36 (compatible; Googlebot/2.1; +http://www.google.com/bot.html)"
66.249.70.164 - - [23/Apr/2025:09:20:51 -0300] "POST /get-message-notify HTTP/1.1" 200 125360 "https://cursos-inmobiliarios-virtuales.bienesraicess.com/pcmypage?callback=product%2Fdetail%2F94132693" "Mozilla/5.0 (Linux; Android 6.0.1; Nexus 5X Build/MMB29P) AppleWebKit/537.36 (KHTML, like Gecko) Chrome/134.0.6998.165 Mobile Safari/537.36 (compatible; Googlebot/2.1; +http://www.google.com/bot.html)"
66.249.70.160 - - [23/Apr/2025:09:20:51 -0300] "GET /shop.php/feature/idol/gradol.html/shopdetail/8783854/shopdetail/171234154/events/affiliate/shopdetail/89127854/cargo/detail/shopdetail/197002354/shopdetail/140101454/pcmypage/shopdetail/207277854/shopdetail/247424354/recruit/shopdetail/204793854/shopdetail/235111854/product_archives/shopdetail/198029054/pcmypage/shopdetail/180257854/shopdetail/110064454 HTTP/1.1" 200 186861 "-" "Mozilla/5.0 (Linux; Android 6.0.1; Nexus 5X Build/MMB29P) AppleWebKit/537.36 (KHTML, like Gecko) Chrome/135.0.7049.95 Mobile Safari/537.36 (compatible; GoogleOther)"
66.249.70.164 - - [23/Apr/2025:09:20:54 -0300] "GET /shopdetail/271657054 HTTP/1.1" 200 140816 "-" "Mozilla/5.0 (Linux; Android 6.0.1; Nexus 5X Build/MMB29P) AppleWebKit/537.36 (KHTML, like Gecko) Chrome/135.0.7049.95 Mobile Safari/537.36 (compatible; GoogleOther)"
66.249.70.162 - - [23/Apr/2025:09:20:54 -0300] "GET /pcmypage?callback=/product%2Fdetail%2F34583148 HTTP/1.1" 200 130572 "-" "Mozilla/5.0 (Linux; Android 6.0.1; Nexus 5X Build/MMB29P) AppleWebKit/537.36 (KHTML, like Gecko) Chrome/135.0.7049.95 Mobile Safari/537.36 (compatible; Googlebot/2.1; +http://www.google.com/bot.html)"
66.249.70.165 - - [23/Apr/2025:09:20:56 -0300] "GET /pcmypage?callback=product/review/47948200 HTTP/1.1" 200 117907 "-" "Mozilla/5.0 (Linux; Android 6.0.1; Nexus 5X Build/MMB29P) AppleWebKit/537.36 (KHTML, like Gecko) Chrome/135.0.7049.95 Mobile Safari/537.36 (compatible; Googlebot/2.1; +http://www.google.com/bot.html)"
66.249.70.161 - - [23/Apr/2025:09:20:56 -0300] "GET /shopdetail/395930554 HTTP/1.1" 200 131684 "-" "Mozilla/5.0 (Linux; Android 6.0.1; Nexus 5X Build/MMB29P) AppleWebKit/537.36 (KHTML, like Gecko) Chrome/135.0.7049.95 Mobile Safari/537.36 (compatible; Googlebot/2.1; +http://www.google.com/bot.html)"
66.249.70.164 - - [23/Apr/2025:09:20:58 -0300] "GET /pcmypage?callback=product%2Fdetail%2F78556222 HTTP/1.1" 200 120571 "-" "Mozilla/5.0 (Linux; Android 6.0.1; Nexus 5X Build/MMB29P) AppleWebKit/537.36 (KHTML, like Gecko) Chrome/135.0.7049.95 Mobile Safari/537.36 (compatible; Googlebot/2.1; +http://www.google.com/bot.html)"
66.249.70.165 - - [23/Apr/2025:09:20:58 -0300] "POST /get-message-notify HTTP/1.1" 200 125360 "https://cursos-inmobiliarios-virtuales.bienesraicess.com/pcmypage?callback=product/review/06522298" "Mozilla/5.0 (Linux; Android 6.0.1; Nexus 5X Build/MMB29P) AppleWebKit/537.36 (KHTML, like Gecko) Chrome/134.0.6998.165 Mobile Safari/537.36 (compatible; Googlebot/2.1; +http://www.google.com/bot.html)"
66.249.70.164 - - [23/Apr/2025:09:20:58 -0300] "GET /shop.php/feature/idol/gradol.html/shopdetail/122696054/shopdetail/95407254/cargo/detail/shopdetail/204335954/shopdetail/17524854/events/shopdetail/137863554/text/terms/shopdetail/61505354/pcmypage/shopdetail/227978254/shopdetail/130361854/product_archives/shopdetail/44830954/shopdetail/190089754/zhHant/product/surugaya/79221859/shopdetail/116216254/events/shopdetail/107404854/pcmypage/shopdetail/193491254/shopdetail/194345154/man/customer_guide/shopdetail/145489354/shopdetail/213825254 HTTP/1.1" 200 221491 "-" "Mozilla/5.0 (Linux; Android 6.0.1; Nexus 5X Build/MMB29P) AppleWebKit/537.36 (KHTML, like Gecko) Chrome/135.0.7049.95 Mobile Safari/537.36 (compatible; GoogleOther)"
66.249.70.160 - - [23/Apr/2025:09:21:00 -0300] "GET /pcmypage?callback=product/review/80310241 HTTP/1.1" 200 127135 "-" "Mozilla/5.0 (Linux; Android 6.0.1; Nexus 5X Build/MMB29P) AppleWebKit/537.36 (KHTML, like Gecko) Chrome/135.0.7049.95 Mobile Safari/537.36 (compatible; Googlebot/2.1; +http://www.google.com/bot.html)"
66.249.70.164 - - [23/Apr/2025:09:21:01 -0300] "GET /pcmypage?callback=product%2Fdetail%2F62212119 HTTP/1.1" 200 160883 "-" "Mozilla/5.0 (Linux; Android 6.0.1; Nexus 5X Build/MMB29P) AppleWebKit/537.36 (KHTML, like Gecko) Chrome/135.0.7049.95 Mobile Safari/537.36 (compatible; Googlebot/2.1; +http://www.google.com/bot.html)"
66.249.70.166 - - [23/Apr/2025:09:21:01 -0300] "GET /shop.php/feature/idol/gradol.html/shopdetail/122696054/shopdetail/95407254/cargo/detail/shopdetail/204335954/shopdetail/17524854/events/shopdetail/137863554/text/terms/shopdetail/61505354/pcmypage/shopdetail/227978254/shopdetail/130361854/product_archives/shopdetail/44830954/shopdetail/190089754/zhHant/product/surugaya/79221859/shopdetail/116216254/events/shopdetail/171190654/shopdetail/135419454/affiliate/shopdetail/219334254/product/edit/53728710/shopdetail/149955854/shopdetail/137135854 HTTP/1.1" 200 222614 "-" "Mozilla/5.0 (Linux; Android 6.0.1; Nexus 5X Build/MMB29P) AppleWebKit/537.36 (KHTML, like Gecko) Chrome/135.0.7049.95 Mobile Safari/537.36 (compatible; GoogleOther)"
66.249.70.164 - - [23/Apr/2025:09:21:03 -0300] "GET /pcmypage?callback=product%2Fdetail%2F77253717 HTTP/1.1" 200 122053 "-" "Mozilla/5.0 (Linux; Android 6.0.1; Nexus 5X Build/MMB29P) AppleWebKit/537.36 (KHTML, like Gecko) Chrome/135.0.7049.95 Mobile Safari/537.36 (compatible; Googlebot/2.1; +http://www.google.com/bot.html)"
66.249.70.174 - - [23/Apr/2025:09:21:04 -0300] "POST /get-message-notify HTTP/1.1" 200 125360 "https://cursos-inmobiliarios-virtuales.bienesraicess.com/pcmypage?callback=/product%2Fdetail%2F34583148" "Mozilla/5.0 (Linux; Android 6.0.1; Nexus 5X Build/MMB29P) AppleWebKit/537.36 (KHTML, like Gecko) Chrome/134.0.6998.165 Mobile Safari/537.36 (compatible; Googlebot/2.1; +http://www.google.com/bot.html)"
66.249.70.163 - - [23/Apr/2025:09:21:04 -0300] "GET /pcmypage?callback=product%2Fdetail%2F84240670 HTTP/1.1" 200 143616 "-" "Mozilla/5.0 (Linux; Android 6.0.1; Nexus 5X Build/MMB29P) AppleWebKit/537.36 (KHTML, like Gecko) Chrome/135.0.7049.95 Mobile Safari/537.36 (compatible; Googlebot/2.1; +http://www.google.com/bot.html)"
66.249.70.160 - - [23/Apr/2025:09:21:05 -0300] "GET /pcmypage?callback=product%2Fdetail%2F14464884 HTTP/1.1" 200 142364 "-" "Mozilla/5.0 (Linux; Android 6.0.1; Nexus 5X Build/MMB29P) AppleWebKit/537.36 (KHTML, like Gecko) Chrome/135.0.7049.95 Mobile Safari/537.36 (compatible; Googlebot/2.1; +http://www.google.com/bot.html)"
66.249.70.160 - - [23/Apr/2025:09:21:07 -0300] "GET /pcmypage?callback=/product%2Fdetail%2F02703976 HTTP/1.1" 200 126934 "-" "Mozilla/5.0 (Linux; Android 6.0.1; Nexus 5X Build/MMB29P) AppleWebKit/537.36 (KHTML, like Gecko) Chrome/135.0.7049.95 Mobile Safari/537.36 (compatible; Googlebot/2.1; +http://www.google.com/bot.html)"
66.249.70.161 - - [23/Apr/2025:09:21:08 -0300] "GET /shop.php/feature/idol/gradol.html/shopdetail/8783854/shopdetail/171234154/events/affiliate/shopdetail/89127854/shopdetail/11456654/product_archives/shopdetail/8800654/shopdetail/88025554/man/customer_guide/recruit/shopdetail/54377254/shopdetail/120984854/text/terms/pcmypage/shopdetail/244129254/feature/campaign/index.html HTTP/1.1" 200 195669 "-" "Mozilla/5.0 (Linux; Android 6.0.1; Nexus 5X Build/MMB29P) AppleWebKit/537.36 (KHTML, like Gecko) Chrome/135.0.7049.95 Mobile Safari/537.36 (compatible; GoogleOther)"
66.249.70.160 - - [23/Apr/2025:09:21:09 -0300] "GET /pcmypage?callback=product/review/30437490 HTTP/1.1" 200 118536 "-" "Mozilla/5.0 (Linux; Android 6.0.1; Nexus 5X Build/MMB29P) AppleWebKit/537.36 (KHTML, like Gecko) Chrome/135.0.7049.95 Mobile Safari/537.36 (compatible; Googlebot/2.1; +http://www.google.com/bot.html)"
66.249.70.161 - - [23/Apr/2025:09:21:09 -0300] "GET /pcmypage?callback=/product%2Fdetail%2F50415713 HTTP/1.1" 200 131755 "-" "Mozilla/5.0 (Linux; Android 6.0.1; Nexus 5X Build/MMB29P) AppleWebKit/537.36 (KHTML, like Gecko) Chrome/135.0.7049.95 Mobile Safari/537.36 (compatible; Googlebot/2.1; +http://www.google.com/bot.html)"
66.249.70.161 - - [23/Apr/2025:09:21:10 -0300] "GET /pcmypage?callback=product%2Fdetail%2F74401280 HTTP/1.1" 200 138122 "-" "Mozilla/5.0 (Linux; Android 6.0.1; Nexus 5X Build/MMB29P) AppleWebKit/537.36 (KHTML, like Gecko) Chrome/135.0.7049.95 Mobile Safari/537.36 (compatible; Googlebot/2.1; +http://www.google.com/bot.html)"
66.249.70.163 - - [23/Apr/2025:09:21:12 -0300] "GET /pcmypage?callback=product/review/26900873 HTTP/1.1" 200 131361 "-" "Mozilla/5.0 (Linux; Android 6.0.1; Nexus 5X Build/MMB29P) AppleWebKit/537.36 (KHTML, like Gecko) Chrome/135.0.7049.95 Mobile Safari/537.36 (compatible; Googlebot/2.1; +http://www.google.com/bot.html)"
66.249.70.162 - - [23/Apr/2025:09:21:14 -0300] "GET /pcmypage?callback=product/review/72319617 HTTP/1.1" 200 159628 "-" "Mozilla/5.0 (Linux; Android 6.0.1; Nexus 5X Build/MMB29P) AppleWebKit/537.36 (KHTML, like Gecko) Chrome/135.0.7049.95 Mobile Safari/537.36 (compatible; Googlebot/2.1; +http://www.google.com/bot.html)"
66.249.70.162 - - [23/Apr/2025:09:21:16 -0300] "GET /shopdetail/212177654 HTTP/1.1" 200 145448 "-" "Mozilla/5.0 (Linux; Android 6.0.1; Nexus 5X Build/MMB29P) AppleWebKit/537.36 (KHTML, like Gecko) Chrome/135.0.7049.95 Mobile Safari/537.36 (compatible; Googlebot/2.1; +http://www.google.com/bot.html)"
66.249.70.161 - - [23/Apr/2025:09:21:15 -0300] "GET /shop.php/feature/idol/gradol.html/shopdetail/8783854/shopdetail/171234154/events/affiliate/shopdetail/89127854/cargo/detail/shopdetail/197002354/shopdetail/140101454/pcmypage/shopdetail/207277854/shopdetail/247424354/recruit/shopdetail/204793854/shopdetail/235111854/text/terms/shopdetail/256821254/shopdetail/258290654/man/kaitori/ansin.html HTTP/1.1" 200 211988 "-" "Mozilla/5.0 (Linux; Android 6.0.1; Nexus 5X Build/MMB29P) AppleWebKit/537.36 (KHTML, like Gecko) Chrome/135.0.7049.95 Mobile Safari/537.36 (compatible; GoogleOther)"
66.249.70.160 - - [23/Apr/2025:09:21:16 -0300] "GET /pcmypage?callback=/product%2Fdetail%2F23385365 HTTP/1.1" 200 127706 "-" "Mozilla/5.0 (Linux; Android 6.0.1; Nexus 5X Build/MMB29P) AppleWebKit/537.36 (KHTML, like Gecko) Chrome/135.0.7049.95 Mobile Safari/537.36 (compatible; Googlebot/2.1; +http://www.google.com/bot.html)"
66.249.70.174 - - [23/Apr/2025:09:21:17 -0300] "GET /pcmypage?callback=product%2Fdetail%2F35677939 HTTP/1.1" 200 126086 "-" "Mozilla/5.0 (Linux; Android 6.0.1; Nexus 5X Build/MMB29P) AppleWebKit/537.36 (KHTML, like Gecko) Chrome/135.0.7049.95 Mobile Safari/537.36 (compatible; Googlebot/2.1; +http://www.google.com/bot.html)"
66.249.70.160 - - [23/Apr/2025:09:21:18 -0300] "GET /pcmypage?callback=product/review/62212119 HTTP/1.1" 200 123393 "-" "Mozilla/5.0 (Linux; Android 6.0.1; Nexus 5X Build/MMB29P) AppleWebKit/537.36 (KHTML, like Gecko) Chrome/135.0.7049.95 Mobile Safari/537.36 (compatible; Googlebot/2.1; +http://www.google.com/bot.html)"
66.249.70.161 - - [23/Apr/2025:09:21:19 -0300] "GET /pcmypage?callback=/product%2Fdetail%2F90635751 HTTP/1.1" 200 117790 "-" "Mozilla/5.0 (Linux; Android 6.0.1; Nexus 5X Build/MMB29P) AppleWebKit/537.36 (KHTML, like Gecko) Chrome/135.0.7049.95 Mobile Safari/537.36 (compatible; Googlebot/2.1; +http://www.google.com/bot.html)"
66.249.70.161 - - [23/Apr/2025:09:21:19 -0300] "POST /get-message-notify HTTP/1.1" 200 125360 "https://cursos-inmobiliarios-virtuales.bienesraicess.com/pcmypage?callback=/product%2Fdetail%2F02703976" "Mozilla/5.0 (Linux; Android 6.0.1; Nexus 5X Build/MMB29P) AppleWebKit/537.36 (KHTML, like Gecko) Chrome/134.0.6998.165 Mobile Safari/537.36 (compatible; Googlebot/2.1; +http://www.google.com/bot.html)"
66.249.70.160 - - [23/Apr/2025:09:21:21 -0300] "GET /pcmypage?callback=product/review/76523939 HTTP/1.1" 200 133605 "-" "Mozilla/5.0 (Linux; Android 6.0.1; Nexus 5X Build/MMB29P) AppleWebKit/537.36 (KHTML, like Gecko) Chrome/135.0.7049.95 Mobile Safari/537.36 (compatible; Googlebot/2.1; +http://www.google.com/bot.html)"
66.249.70.161 - - [23/Apr/2025:09:21:21 -0300] "GET /shop.php/feature/idol/gradol.html/shopdetail/122696054/shopdetail/95407254/cargo/detail/shopdetail/204335954/shopdetail/17524854/events/shopdetail/137863554/text/terms/shopdetail/61505354/pcmypage/shopdetail/227978254/shopdetail/130361854/product_archives/shopdetail/117473854/shopdetail/83566054/oreka/plamodel_menu.html HTTP/1.1" 200 178340 "-" "Mozilla/5.0 (Linux; Android 6.0.1; Nexus 5X Build/MMB29P) AppleWebKit/537.36 (KHTML, like Gecko) Chrome/135.0.7049.95 Mobile Safari/537.36 (compatible; GoogleOther)"
66.249.70.174 - - [23/Apr/2025:09:21:21 -0300] "GET /shop.php/feature/idol/gradol.html/shopdetail/122696054/shopdetail/95407254/cargo/detail/shopdetail/204335954/shopdetail/17524854/events/shopdetail/137863554/text/terms/shopdetail/61505354/pcmypage/shopdetail/227978254/shopdetail/130361854/product_archives/shopdetail/170320954/shopdetail/218222854/toreka/figure_menu.html HTTP/1.1" 200 216232 "-" "Mozilla/5.0 (Linux; Android 6.0.1; Nexus 5X Build/MMB29P) AppleWebKit/537.36 (KHTML, like Gecko) Chrome/135.0.7049.95 Mobile Safari/537.36 (compatible; GoogleOther)"
66.249.70.160 - - [23/Apr/2025:09:21:24 -0300] "GET /shopdetail/264218554 HTTP/1.1" 200 131504 "-" "Mozilla/5.0 (Linux; Android 6.0.1; Nexus 5X Build/MMB29P) AppleWebKit/537.36 (KHTML, like Gecko) Chrome/135.0.7049.95 Mobile Safari/537.36 (compatible; Googlebot/2.1; +http://www.google.com/bot.html)"
66.249.70.161 - - [23/Apr/2025:09:21:24 -0300] "GET /pcmypage?callback=/product%2Fdetail%2F89742493 HTTP/1.1" 200 130710 "-" "Mozilla/5.0 (Linux; Android 6.0.1; Nexus 5X Build/MMB29P) AppleWebKit/537.36 (KHTML, like Gecko) Chrome/135.0.7049.95 Mobile Safari/537.36 (compatible; Googlebot/2.1; +http://www.google.com/bot.html)"
66.249.70.161 - - [23/Apr/2025:09:21:26 -0300] "GET /shop.php?shopdetail/137566154 HTTP/1.1" 200 139518 "-" "Mozilla/5.0 (Linux; Android 6.0.1; Nexus 5X Build/MMB29P) AppleWebKit/537.36 (KHTML, like Gecko) Chrome/135.0.7049.95 Mobile Safari/537.36 (compatible; Googlebot/2.1; +http://www.google.com/bot.html)"
66.249.70.174 - - [23/Apr/2025:09:21:26 -0300] "GET /pcmypage?callback=product/review/59675568 HTTP/1.1" 200 122334 "-" "Mozilla/5.0 (Linux; Android 6.0.1; Nexus 5X Build/MMB29P) AppleWebKit/537.36 (KHTML, like Gecko) Chrome/135.0.7049.95 Mobile Safari/537.36 (compatible; Googlebot/2.1; +http://www.google.com/bot.html)"
66.249.70.174 - - [23/Apr/2025:09:21:27 -0300] "POST /get-message-notify HTTP/1.1" 200 125360 "https://cursos-inmobiliarios-virtuales.bienesraicess.com/pcmypage?callback=/product%2Fdetail%2F23385365" "Mozilla/5.0 (Linux; Android 6.0.1; Nexus 5X Build/MMB29P) AppleWebKit/537.36 (KHTML, like Gecko) Chrome/134.0.6998.165 Mobile Safari/537.36 (compatible; Googlebot/2.1; +http://www.google.com/bot.html)"
66.249.70.174 - - [23/Apr/2025:09:21:28 -0300] "GET /shopdetail/93568454 HTTP/1.1" 200 123196 "-" "Mozilla/5.0 (Linux; Android 6.0.1; Nexus 5X Build/MMB29P) AppleWebKit/537.36 (KHTML, like Gecko) Chrome/135.0.7049.95 Mobile Safari/537.36 (compatible; Googlebot/2.1; +http://www.google.com/bot.html)"
66.249.70.162 - - [23/Apr/2025:09:21:29 -0300] "POST /get-message-notify HTTP/1.1" 200 125360 "https://cursos-inmobiliarios-virtuales.bienesraicess.com/pcmypage?callback=product/review/62212119" "Mozilla/5.0 (Linux; Android 6.0.1; Nexus 5X Build/MMB29P) AppleWebKit/537.36 (KHTML, like Gecko) Chrome/134.0.6998.165 Mobile Safari/537.36 (compatible; Googlebot/2.1; +http://www.google.com/bot.html)"
66.249.70.161 - - [23/Apr/2025:09:21:29 -0300] "GET /shopdetail/192453954 HTTP/1.1" 200 131959 "-" "Mozilla/5.0 (Linux; Android 6.0.1; Nexus 5X Build/MMB29P) AppleWebKit/537.36 (KHTML, like Gecko) Chrome/135.0.7049.95 Mobile Safari/537.36 (compatible; GoogleOther)"
66.249.70.161 - - [23/Apr/2025:09:21:30 -0300] "GET /shopdetail/193822954 HTTP/1.1" 200 129586 "-" "Mozilla/5.0 (Linux; Android 6.0.1; Nexus 5X Build/MMB29P) AppleWebKit/537.36 (KHTML, like Gecko) Chrome/135.0.7049.95 Mobile Safari/537.36 (compatible; Googlebot/2.1; +http://www.google.com/bot.html)"
66.249.70.162 - - [23/Apr/2025:09:21:31 -0300] "GET /pcmypage?callback=product%2Fdetail%2F79190422 HTTP/1.1" 200 125032 "-" "Mozilla/5.0 (Linux; Android 6.0.1; Nexus 5X Build/MMB29P) AppleWebKit/537.36 (KHTML, like Gecko) Chrome/135.0.7049.95 Mobile Safari/537.36 (compatible; Googlebot/2.1; +http://www.google.com/bot.html)"
66.249.70.162 - - [23/Apr/2025:09:21:31 -0300] "GET /shop.php/feature/idol/gradol.html/shopdetail/8783854/shopdetail/171234154/events/affiliate/shopdetail/89127854/cargo/detail/shopdetail/197002354/shopdetail/140101454/pcmypage/shopdetail/207277854/shopdetail/247424354/recruit/cargo/detail/shopdetail/99913554/shopdetail/3496654 HTTP/1.1" 200 189422 "-" "Mozilla/5.0 (Linux; Android 6.0.1; Nexus 5X Build/MMB29P) AppleWebKit/537.36 (KHTML, like Gecko) Chrome/135.0.7049.95 Mobile Safari/537.36 (compatible; GoogleOther)"
66.249.70.163 - - [23/Apr/2025:09:21:34 -0300] "GET /robots.txt HTTP/1.1" 200 264 "-" "Mozilla/5.0 (compatible; Googlebot/2.1; +http://www.google.com/bot.html)"
66.249.70.160 - - [23/Apr/2025:09:21:32 -0300] "GET /pcmypage?callback=/product%2Fdetail%2F72319617 HTTP/1.1" 200 133493 "-" "Mozilla/5.0 (Linux; Android 6.0.1; Nexus 5X Build/MMB29P) AppleWebKit/537.36 (KHTML, like Gecko) Chrome/135.0.7049.95 Mobile Safari/537.36 (compatible; Googlebot/2.1; +http://www.google.com/bot.html)"
66.249.70.174 - - [23/Apr/2025:09:21:33 -0300] "GET /pcmypage?callback=/product%2Fdetail%2F22999175 HTTP/1.1" 200 143806 "-" "Mozilla/5.0 (Linux; Android 6.0.1; Nexus 5X Build/MMB29P) AppleWebKit/537.36 (KHTML, like Gecko) Chrome/135.0.7049.95 Mobile Safari/537.36 (compatible; Googlebot/2.1; +http://www.google.com/bot.html)"
66.249.70.174 - - [23/Apr/2025:09:21:34 -0300] "GET /pcmypage?callback=product%2Fdetail%2F69599540 HTTP/1.1" 200 146901 "-" "Mozilla/5.0 (Linux; Android 6.0.1; Nexus 5X Build/MMB29P) AppleWebKit/537.36 (KHTML, like Gecko) Chrome/135.0.7049.95 Mobile Safari/537.36 (compatible; Googlebot/2.1; +http://www.google.com/bot.html)"
66.249.70.160 - - [23/Apr/2025:09:21:34 -0300] "POST /get-message-notify HTTP/1.1" 200 125360 "https://cursos-inmobiliarios-virtuales.bienesraicess.com/pcmypage?callback=product/review/76523939" "Mozilla/5.0 (Linux; Android 6.0.1; Nexus 5X Build/MMB29P) AppleWebKit/537.36 (KHTML, like Gecko) Chrome/134.0.6998.165 Mobile Safari/537.36 (compatible; Googlebot/2.1; +http://www.google.com/bot.html)"
66.249.70.162 - - [23/Apr/2025:09:21:35 -0300] "GET /pcmypage?callback=product/review/42517121 HTTP/1.1" 200 141885 "-" "Mozilla/5.0 (Linux; Android 6.0.1; Nexus 5X Build/MMB29P) AppleWebKit/537.36 (KHTML, like Gecko) Chrome/135.0.7049.95 Mobile Safari/537.36 (compatible; Googlebot/2.1; +http://www.google.com/bot.html)"
66.249.70.174 - - [23/Apr/2025:09:21:35 -0300] "POST /get-message-notify HTTP/1.1" 200 125360 "https://cursos-inmobiliarios-virtuales.bienesraicess.com/shop.php?shopdetail/137566154" "Mozilla/5.0 (Linux; Android 6.0.1; Nexus 5X Build/MMB29P) AppleWebKit/537.36 (KHTML, like Gecko) Chrome/134.0.6998.165 Mobile Safari/537.36 (compatible; Googlebot/2.1; +http://www.google.com/bot.html)"
66.249.70.163 - - [23/Apr/2025:09:21:36 -0300] "GET /shop.php/feature/idol/gradol.html/shopdetail/122696054/shopdetail/95407254/cargo/detail/shopdetail/204335954/shopdetail/17524854/events/shopdetail/137863554/text/terms/shopdetail/61505354/pcmypage/shopdetail/227978254/shopdetail/130361854/product_archives/shopdetail/209834754/shopdetail/189669654/toreka/figure_menu.html HTTP/1.1" 200 180698 "-" "Mozilla/5.0 (Linux; Android 6.0.1; Nexus 5X Build/MMB29P) AppleWebKit/537.36 (KHTML, like Gecko) Chrome/135.0.7049.95 Mobile Safari/537.36 (compatible; GoogleOther)"
66.249.70.162 - - [23/Apr/2025:09:21:39 -0300] "GET /pcmypage?callback=product/review/66003557 HTTP/1.1" 200 154917 "-" "Mozilla/5.0 (Linux; Android 6.0.1; Nexus 5X Build/MMB29P) AppleWebKit/537.36 (KHTML, like Gecko) Chrome/135.0.7049.95 Mobile Safari/537.36 (compatible; Googlebot/2.1; +http://www.google.com/bot.html)"
66.249.70.161 - - [23/Apr/2025:09:21:39 -0300] "GET /pcmypage?callback=product/review/44835185 HTTP/1.1" 200 137425 "-" "Mozilla/5.0 (Linux; Android 6.0.1; Nexus 5X Build/MMB29P) AppleWebKit/537.36 (KHTML, like Gecko) Chrome/135.0.7049.95 Mobile Safari/537.36 (compatible; Googlebot/2.1; +http://www.google.com/bot.html)"
