66.249.70.162 - - [23/Apr/2025:09:17:36 -0300] "GET /safe_search/config?return_url=%2Fproduct%2Fdetail%2F43864201 HTTP/1.1" 200 142788 "-" "Mozilla/5.0 (Linux; Android 6.0.1; Nexus 5X Build/MMB29P) AppleWebKit/537.36 (KHTML, like Gecko) Chrome/135.0.7049.95 Mobile Safari/537.36 (compatible; Googlebot/2.1; +http://www.google.com/bot.html)"
66.249.70.163 - - [23/Apr/2025:09:17:37 -0300] "GET /shopdetail/389049654 HTTP/1.1" 200 120593 "-" "Mozilla/5.0 (Linux; Android 6.0.1; Nexus 5X Build/MMB29P) AppleWebKit/537.36 (KHTML, like Gecko) Chrome/135.0.7049.95 Mobile Safari/537.36 (compatible; Googlebot/2.1; +http://www.google.com/bot.html)"
66.249.70.162 - - [23/Apr/2025:09:17:39 -0300] "POST /get-message-notify HTTP/1.1" 200 125360 "https://cursos-inmobiliarios-virtuales.bienesraicess.com/pcmypage?callback=/product%2Fdetail%2F27229125" "Mozilla/5.0 (Linux; Android 6.0.1; Nexus 5X Build/MMB29P) AppleWebKit/537.36 (KHTML, like Gecko) Chrome/134.0.6998.165 Mobile Safari/537.36 (compatible; Googlebot/2.1; +http://www.google.com/bot.html)"
66.249.70.161 - - [23/Apr/2025:09:17:39 -0300] "GET /pcmypage?callback=product/review/97907278 HTTP/1.1" 200 146767 "-" "Mozilla/5.0 (Linux; Android 6.0.1; Nexus 5X Build/MMB29P) AppleWebKit/537.36 (KHTML, like Gecko) Chrome/135.0.7049.95 Mobile Safari/537.36 (compatible; Googlebot/2.1; +http://www.google.com/bot.html)"
66.249.70.161 - - [23/Apr/2025:09:17:40 -0300] "GET /pcmypage?callback=product%2Fdetail%2F00627033 HTTP/1.1" 200 126948 "-" "Mozilla/5.0 (Linux; Android 6.0.1; Nexus 5X Build/MMB29P) AppleWebKit/537.36 (KHTML, like Gecko) Chrome/135.0.7049.95 Mobile Safari/537.36 (compatible; Googlebot/2.1; +http://www.google.com/bot.html)"
66.249.70.174 - - [23/Apr/2025:09:17:41 -0300] "GET /shop.php/feature/idol/gradol.html/shopdetail/122696054/shopdetail/95407254/cargo/detail/shopdetail/204335954/shopdetail/17524854/events/shopdetail/137863554/text/terms/shopdetail/61505354/pcmypage/shopdetail/227978254/shopdetail/130361854/product_archives/shopdetail/217951254/shopdetail/21856554/pcmypage/recruit/shopdetail/13203154/shopdetail/252667754/man/customer_guide/shopdetail/85796454/shopdetail/46425454/pcmypage/shopdetail/95187954/shopdetail/141093754/feature/idol/gradol.html HTTP/1.1" 200 215182 "-" "Mozilla/5.0 (Linux; Android 6.0.1; Nexus 5X Build/MMB29P) AppleWebKit/537.36 (KHTML, like Gecko) Chrome/135.0.7049.95 Mobile Safari/537.36 (compatible; GoogleOther)"
66.249.70.160 - - [23/Apr/2025:09:17:44 -0300] "GET /pcmypage?callback=product/review/06595481 HTTP/1.1" 200 134492 "-" "Mozilla/5.0 (Linux; Android 6.0.1; Nexus 5X Build/MMB29P) AppleWebKit/537.36 (KHTML, like Gecko) Chrome/135.0.7049.95 Mobile Safari/537.36 (compatible; Googlebot/2.1; +http://www.google.com/bot.html)"
66.249.70.174 - - [23/Apr/2025:09:17:45 -0300] "GET /pcmypage?callback=product%2Fdetail%2F91817766 HTTP/1.1" 200 129342 "-" "Mozilla/5.0 (Linux; Android 6.0.1; Nexus 5X Build/MMB29P) AppleWebKit/537.36 (KHTML, like Gecko) Chrome/135.0.7049.95 Mobile Safari/537.36 (compatible; Googlebot/2.1; +http://www.google.com/bot.html)"
66.249.70.174 - - [23/Apr/2025:09:17:47 -0300] "GET /pcmypage?callback=product%2Fdetail%2F31915281 HTTP/1.1" 200 133329 "-" "Mozilla/5.0 (Linux; Android 6.0.1; Nexus 5X Build/MMB29P) AppleWebKit/537.36 (KHTML, like Gecko) Chrome/135.0.7049.95 Mobile Safari/537.36 (compatible; Googlebot/2.1; +http://www.google.com/bot.html)"
66.249.70.163 - - [23/Apr/2025:09:17:50 -0300] "GET /pcmypage?callback=product%2Fdetail%2F32938060 HTTP/1.1" 200 160703 "-" "Mozilla/5.0 (Linux; Android 6.0.1; Nexus 5X Build/MMB29P) AppleWebKit/537.36 (KHTML, like Gecko) Chrome/135.0.7049.95 Mobile Safari/537.36 (compatible; Googlebot/2.1; +http://www.google.com/bot.html)"
66.249.70.164 - - [23/Apr/2025:09:17:51 -0300] "GET /shop.php/feature/idol/gradol.html/shopdetail/122696054/shopdetail/95407254/cargo/detail/shopdetail/204335954/shopdetail/17524854/events/shopdetail/137863554/text/terms/shopdetail/61505354/pcmypage/shopdetail/227978254/shopdetail/130361854/product_archives/shopdetail/217951254/shopdetail/21856554/pcmypage/recruit/shopdetail/13203154/shopdetail/252667754/man/customer_guide/shopdetail/85796454/shopdetail/46425454/pcmypage/shopdetail/95187954/shopdetail/222836654/feature/idol/gradol.html HTTP/1.1" 200 220738 "-" "Mozilla/5.0 (Linux; Android 6.0.1; Nexus 5X Build/MMB29P) AppleWebKit/537.36 (KHTML, like Gecko) Chrome/135.0.7049.95 Mobile Safari/537.36 (compatible; GoogleOther)"
66.249.70.160 - - [23/Apr/2025:09:17:52 -0300] "GET /shopdetail/378562454 HTTP/1.1" 200 136666 "-" "Mozilla/5.0 (Linux; Android 6.0.1; Nexus 5X Build/MMB29P) AppleWebKit/537.36 (KHTML, like Gecko) Chrome/135.0.7049.95 Mobile Safari/537.36 (compatible; Googlebot/2.1; +http://www.google.com/bot.html)"
66.249.70.162 - - [23/Apr/2025:09:17:51 -0300] "GET /shop.php/feature/idol/gradol.html/shopdetail/122696054/shopdetail/95407254/cargo/detail/shopdetail/204335954/shopdetail/17524854/events/shopdetail/137863554/text/terms/shopdetail/61505354/pcmypage/shopdetail/227978254/shopdetail/130361854/product_archives/shopdetail/117473854/shopdetail/154287054/affiliate/shopdetail/15488654 HTTP/1.1" 200 207213 "-" "Mozilla/5.0 (Linux; Android 6.0.1; Nexus 5X Build/MMB29P) AppleWebKit/537.36 (KHTML, like Gecko) Chrome/135.0.7049.95 Mobile Safari/537.36 (compatible; GoogleOther)"
66.249.70.163 - - [23/Apr/2025:09:17:54 -0300] "GET /pcmypage?callback=product/review/42231441 HTTP/1.1" 200 135751 "-" "Mozilla/5.0 (Linux; Android 6.0.1; Nexus 5X Build/MMB29P) AppleWebKit/537.36 (KHTML, like Gecko) Chrome/135.0.7049.95 Mobile Safari/537.36 (compatible; Googlebot/2.1; +http://www.google.com/bot.html)"
66.249.70.161 - - [23/Apr/2025:09:17:54 -0300] "GET /pcmypage?callback=/product%2Fdetail%2F87503700 HTTP/1.1" 200 161773 "-" "Mozilla/5.0 (Linux; Android 6.0.1; Nexus 5X Build/MMB29P) AppleWebKit/537.36 (KHTML, like Gecko) Chrome/135.0.7049.95 Mobile Safari/537.36 (compatible; Googlebot/2.1; +http://www.google.com/bot.html)"
66.249.70.174 - - [23/Apr/2025:09:17:56 -0300] "GET /pcmypage?callback=product/review/84413404 HTTP/1.1" 200 136629 "-" "Mozilla/5.0 (Linux; Android 6.0.1; Nexus 5X Build/MMB29P) AppleWebKit/537.36 (KHTML, like Gecko) Chrome/135.0.7049.95 Mobile Safari/537.36 (compatible; Googlebot/2.1; +http://www.google.com/bot.html)"
66.249.70.162 - - [23/Apr/2025:09:17:56 -0300] "GET /pcmypage?callback=product%2Fdetail%2F01703682 HTTP/1.1" 200 141340 "-" "Mozilla/5.0 (Linux; Android 6.0.1; Nexus 5X Build/MMB29P) AppleWebKit/537.36 (KHTML, like Gecko) Chrome/135.0.7049.95 Mobile Safari/537.36 (compatible; Googlebot/2.1; +http://www.google.com/bot.html)"
66.249.70.165 - - [23/Apr/2025:09:17:57 -0300] "GET /pcmypage?callback=/product%2Fdetail%2F58040006 HTTP/1.1" 200 140721 "-" "Mozilla/5.0 (Linux; Android 6.0.1; Nexus 5X Build/MMB29P) AppleWebKit/537.36 (KHTML, like Gecko) Chrome/135.0.7049.95 Mobile Safari/537.36 (compatible; Googlebot/2.1; +http://www.google.com/bot.html)"
66.249.70.161 - - [23/Apr/2025:09:17:59 -0300] "POST /get-message-notify HTTP/1.1" 200 125360 "https://cursos-inmobiliarios-virtuales.bienesraicess.com/pcmypage?callback=product%2Fdetail%2F32938060" "Mozilla/5.0 (Linux; Android 6.0.1; Nexus 5X Build/MMB29P) AppleWebKit/537.36 (KHTML, like Gecko) Chrome/134.0.6998.165 Mobile Safari/537.36 (compatible; Googlebot/2.1; +http://www.google.com/bot.html)"
66.249.70.165 - - [23/Apr/2025:09:17:59 -0300] "GET /pcmypage?callback=product%2Fdetail%2F95126487 HTTP/1.1" 200 145531 "-" "Mozilla/5.0 (Linux; Android 6.0.1; Nexus 5X Build/MMB29P) AppleWebKit/537.36 (KHTML, like Gecko) Chrome/135.0.7049.95 Mobile Safari/537.36 (compatible; Googlebot/2.1; +http://www.google.com/bot.html)"
66.249.70.164 - - [23/Apr/2025:09:17:59 -0300] "GET /shop.php/feature/idol/gradol.html/shopdetail/122696054/shopdetail/95407254/cargo/detail/shopdetail/204335954/shopdetail/17524854/events/shopdetail/137863554/text/terms/shopdetail/61505354/pcmypage/shopdetail/227978254/shopdetail/130361854/product_archives/shopdetail/217951254/shopdetail/21856554/pcmypage/recruit/shopdetail/13203154/shopdetail/252667754/man/customer_guide/shopdetail/85796454/shopdetail/46425454/pcmypage/shopdetail/95187954/shopdetail/223580954/feature/idol/gradol.html HTTP/1.1" 200 210351 "-" "Mozilla/5.0 (Linux; Android 6.0.1; Nexus 5X Build/MMB29P) AppleWebKit/537.36 (KHTML, like Gecko) Chrome/135.0.7049.95 Mobile Safari/537.36 (compatible; GoogleOther)"
66.249.70.163 - - [23/Apr/2025:09:18:01 -0300] "GET /pcmypage?callback=product/review/54049276 HTTP/1.1" 200 142809 "-" "Mozilla/5.0 (Linux; Android 6.0.1; Nexus 5X Build/MMB29P) AppleWebKit/537.36 (KHTML, like Gecko) Chrome/135.0.7049.95 Mobile Safari/537.36 (compatible; Googlebot/2.1; +http://www.google.com/bot.html)"
66.249.70.164 - - [23/Apr/2025:09:18:01 -0300] "GET /pcmypage?callback=product/review/77780057 HTTP/1.1" 200 153248 "-" "Mozilla/5.0 (Linux; Android 6.0.1; Nexus 5X Build/MMB29P) AppleWebKit/537.36 (KHTML, like Gecko) Chrome/135.0.7049.95 Mobile Safari/537.36 (compatible; Googlebot/2.1; +http://www.google.com/bot.html)"
66.249.70.161 - - [23/Apr/2025:09:18:02 -0300] "GET /pcmypage?callback=product%2Fdetail%2F89108890 HTTP/1.1" 200 143818 "-" "Mozilla/5.0 (Linux; Android 6.0.1; Nexus 5X Build/MMB29P) AppleWebKit/537.36 (KHTML, like Gecko) Chrome/135.0.7049.95 Mobile Safari/537.36 (compatible; Googlebot/2.1; +http://www.google.com/bot.html)"
66.249.70.162 - - [23/Apr/2025:09:18:04 -0300] "GET /pcmypage?callback=product/review/74344572 HTTP/1.1" 200 142294 "-" "Mozilla/5.0 (Linux; Android 6.0.1; Nexus 5X Build/MMB29P) AppleWebKit/537.36 (KHTML, like Gecko) Chrome/135.0.7049.95 Mobile Safari/537.36 (compatible; Googlebot/2.1; +http://www.google.com/bot.html)"
66.249.70.164 - - [23/Apr/2025:09:18:04 -0300] "POST /get-message-notify HTTP/1.1" 200 125360 "https://cursos-inmobiliarios-virtuales.bienesraicess.com/shop.php/feature/idol/gradol.html/shopdetail/122696054/shopdetail/95407254/cargo/detail/shopdetail/204335954/shopdetail/17524854/events/shopdetail/137863554/text/terms/shopdetail/61505354/pcmypage/shopdetail/227978254/shopdetail/130361854/product_archives/shopdetail/117473854/shopdetail/154287054/affiliate/shopdetail/15488654" "Mozilla/5.0 (Linux; Android 6.0.1; Nexus 5X Build/MMB29P) AppleWebKit/537.36 (KHTML, like Gecko) Chrome/134.0.6998.165 Mobile Safari/537.36 (compatible; Googlebot/2.1; +http://www.google.com/bot.html)"
66.249.70.160 - - [23/Apr/2025:09:18:06 -0300] "GET /shop.php/feature/idol/gradol.html/shopdetail/122696054/shopdetail/95407254/cargo/detail/shopdetail/204335954/shopdetail/17524854/events/shopdetail/137863554/text/terms/shopdetail/61505354/pcmypage/shopdetail/227978254/shopdetail/130361854/product_archives/shopdetail/217951254/shopdetail/21856554/pcmypage/recruit/shopdetail/13203154/shopdetail/252667754/man/customer_guide/shopdetail/85796454/shopdetail/46425454/pcmypage/shopdetail/165082254/product/edit/12197856/shopdetail/254791854 HTTP/1.1" 200 210588 "-" "Mozilla/5.0 (Linux; Android 6.0.1; Nexus 5X Build/MMB29P) AppleWebKit/537.36 (KHTML, like Gecko) Chrome/135.0.7049.95 Mobile Safari/537.36 (compatible; GoogleOther)"
66.249.70.174 - - [23/Apr/2025:09:18:06 -0300] "GET /pcmypage?callback=/product%2Fdetail%2F23024217 HTTP/1.1" 200 156462 "-" "Mozilla/5.0 (Linux; Android 6.0.1; Nexus 5X Build/MMB29P) AppleWebKit/537.36 (KHTML, like Gecko) Chrome/135.0.7049.95 Mobile Safari/537.36 (compatible; Googlebot/2.1; +http://www.google.com/bot.html)"
66.249.70.163 - - [23/Apr/2025:09:18:08 -0300] "GET /pcmypage?callback=/product%2Fdetail%2F00037464 HTTP/1.1" 200 132850 "-" "Mozilla/5.0 (Linux; Android 6.0.1; Nexus 5X Build/MMB29P) AppleWebKit/537.36 (KHTML, like Gecko) Chrome/135.0.7049.95 Mobile Safari/537.36 (compatible; Googlebot/2.1; +http://www.google.com/bot.html)"
66.249.70.174 - - [23/Apr/2025:09:18:09 -0300] "GET /pcmypage?callback=product/review/45644384 HTTP/1.1" 200 122311 "-" "Mozilla/5.0 (Linux; Android 6.0.1; Nexus 5X Build/MMB29P) AppleWebKit/537.36 (KHTML, like Gecko) Chrome/135.0.7049.95 Mobile Safari/537.36 (compatible; Googlebot/2.1; +http://www.google.com/bot.html)"
66.249.70.160 - - [23/Apr/2025:09:18:09 -0300] "GET /shopdetail/173024154 HTTP/1.1" 200 138844 "-" "Mozilla/5.0 (Linux; Android 6.0.1; Nexus 5X Build/MMB29P) AppleWebKit/537.36 (KHTML, like Gecko) Chrome/135.0.7049.95 Mobile Safari/537.36 (compatible; Googlebot/2.1; +http://www.google.com/bot.html)"
66.249.70.174 - - [23/Apr/2025:09:18:11 -0300] "GET /pcmypage?callback=/product%2Fdetail%2F42231441 HTTP/1.1" 200 124503 "-" "Mozilla/5.0 (Linux; Android 6.0.1; Nexus 5X Build/MMB29P) AppleWebKit/537.36 (KHTML, like Gecko) Chrome/135.0.7049.95 Mobile Safari/537.36 (compatible; Googlebot/2.1; +http://www.google.com/bot.html)"
66.249.70.161 - - [23/Apr/2025:09:18:12 -0300] "POST /get-message-notify HTTP/1.1" 200 125360 "https://cursos-inmobiliarios-virtuales.bienesraicess.com/pcmypage?callback=product/review/77780057" "Mozilla/5.0 (Linux; Android 6.0.1; Nexus 5X Build/MMB29P) AppleWebKit/537.36 (KHTML, like Gecko) Chrome/134.0.6998.165 Mobile Safari/537.36 (compatible; Googlebot/2.1; +http://www.google.com/bot.html)"
66.249.70.160 - - [23/Apr/2025:09:18:12 -0300] "POST /get-message-notify HTTP/1.1" 200 125360 "https://cursos-inmobiliarios-virtuales.bienesraicess.com/pcmypage?callback=product%2Fdetail%2F89108890" "Mozilla/5.0 (Linux; Android 6.0.1; Nexus 5X Build/MMB29P) AppleWebKit/537.36 (KHTML, like Gecko) Chrome/134.0.6998.165 Mobile Safari/537.36 (compatible; Googlebot/2.1; +http://www.google.com/bot.html)"
66.249.70.161 - - [23/Apr/2025:09:18:13 -0300] "GET /pcmypage?callback=/product%2Fdetail%2F61627886 HTTP/1.1" 200 135342 "-" "Mozilla/5.0 (Linux; Android 6.0.1; Nexus 5X Build/MMB29P) AppleWebKit/537.36 (KHTML, like Gecko) Chrome/135.0.7049.95 Mobile Safari/537.36 (compatible; Googlebot/2.1; +http://www.google.com/bot.html)"
66.249.70.162 - - [23/Apr/2025:09:18:13 -0300] "GET /shopdetail/179220354 HTTP/1.1" 200 144171 "-" "Mozilla/5.0 (Linux; Android 6.0.1; Nexus 5X Build/MMB29P) AppleWebKit/537.36 (KHTML, like Gecko) Chrome/135.0.7049.95 Mobile Safari/537.36 (compatible; Googlebot/2.1; +http://www.google.com/bot.html)"
66.249.70.162 - - [23/Apr/2025:09:18:14 -0300] "GET /pcmypage?callback=product/review/46346352 HTTP/1.1" 200 159399 "-" "Mozilla/5.0 (Linux; Android 6.0.1; Nexus 5X Build/MMB29P) AppleWebKit/537.36 (KHTML, like Gecko) Chrome/135.0.7049.95 Mobile Safari/537.36 (compatible; Googlebot/2.1; +http://www.google.com/bot.html)"
66.249.70.161 - - [23/Apr/2025:09:18:14 -0300] "GET /shop.php/feature/idol/gradol.html/shopdetail/122696054/shopdetail/95407254/cargo/detail/shopdetail/204335954/shopdetail/17524854/events/shopdetail/137863554/text/terms/shopdetail/61505354/pcmypage/shopdetail/227978254/shopdetail/130361854/product_archives/shopdetail/115393954/shopdetail/188487054/feature/yokohama_maruicity/index.html HTTP/1.1" 200 213231 "-" "Mozilla/5.0 (Linux; Android 6.0.1; Nexus 5X Build/MMB29P) AppleWebKit/537.36 (KHTML, like Gecko) Chrome/135.0.7049.95 Mobile Safari/537.36 (compatible; GoogleOther)"
66.249.70.174 - - [23/Apr/2025:09:18:16 -0300] "GET /shop.php/feature/idol/gradol.html/shopdetail/122696054/shopdetail/95407254/cargo/detail/shopdetail/204335954/shopdetail/17524854/events/shopdetail/137863554/text/terms/shopdetail/61505354/pcmypage/shopdetail/227978254/shopdetail/130361854/product_archives/shopdetail/217951254/shopdetail/21856554/pcmypage/recruit/shopdetail/13203154/cargo/detail/events/shopdetail/78012154/shopdetail/147695154/affiliate/shopdetail/73175554 HTTP/1.1" 200 211617 "-" "Mozilla/5.0 (Linux; Android 6.0.1; Nexus 5X Build/MMB29P) AppleWebKit/537.36 (KHTML, like Gecko) Chrome/135.0.7049.95 Mobile Safari/537.36 (compatible; GoogleOther)"
66.249.70.160 - - [23/Apr/2025:09:18:16 -0300] "GET /pcmypage?callback=product%2Fdetail%2F18417308 HTTP/1.1" 200 143512 "-" "Mozilla/5.0 (Linux; Android 6.0.1; Nexus 5X Build/MMB29P) AppleWebKit/537.36 (KHTML, like Gecko) Chrome/135.0.7049.95 Mobile Safari/537.36 (compatible; Googlebot/2.1; +http://www.google.com/bot.html)"
66.249.70.160 - - [23/Apr/2025:09:18:18 -0300] "POST /get-message-notify HTTP/1.1" 200 125360 "https://cursos-inmobiliarios-virtuales.bienesraicess.com/pcmypage?callback=product%2Fdetail%2F95126487" "Mozilla/5.0 (Linux; Android 6.0.1; Nexus 5X Build/MMB29P) AppleWebKit/537.36 (KHTML, like Gecko) Chrome/134.0.6998.165 Mobile Safari/537.36 (compatible; Googlebot/2.1; +http://www.google.com/bot.html)"
66.249.70.160 - - [23/Apr/2025:09:18:20 -0300] "GET /pcmypage?callback=/product%2Fdetail%2F02561199 HTTP/1.1" 200 143874 "-" "Mozilla/5.0 (Linux; Android 6.0.1; Nexus 5X Build/MMB29P) AppleWebKit/537.36 (KHTML, like Gecko) Chrome/135.0.7049.95 Mobile Safari/537.36 (compatible; Googlebot/2.1; +http://www.google.com/bot.html)"
66.249.70.174 - - [23/Apr/2025:09:18:19 -0300] "GET /pcmypage?callback=/product%2Fdetail%2F23278917 HTTP/1.1" 200 125186 "-" "Mozilla/5.0 (Linux; Android 6.0.1; Nexus 5X Build/MMB29P) AppleWebKit/537.36 (KHTML, like Gecko) Chrome/135.0.7049.95 Mobile Safari/537.36 (compatible; Googlebot/2.1; +http://www.google.com/bot.html)"
66.249.70.160 - - [23/Apr/2025:09:18:23 -0300] "POST /get-message-notify HTTP/1.1" 200 125360 "https://cursos-inmobiliarios-virtuales.bienesraicess.com/pcmypage?callback=/product%2Fdetail%2F00037464" "Mozilla/5.0 (Linux; Android 6.0.1; Nexus 5X Build/MMB29P) AppleWebKit/537.36 (KHTML, like Gecko) Chrome/134.0.6998.165 Mobile Safari/537.36 (compatible; Googlebot/2.1; +http://www.google.com/bot.html)"
66.249.70.161 - - [23/Apr/2025:09:18:23 -0300] "POST /get-message-notify HTTP/1.1" 200 125360 "https://cursos-inmobiliarios-virtuales.bienesraicess.com/pcmypage?callback=/product%2Fdetail%2F61627886" "Mozilla/5.0 (Linux; Android 6.0.1; Nexus 5X Build/MMB29P) AppleWebKit/537.36 (KHTML, like Gecko) Chrome/134.0.6998.165 Mobile Safari/537.36 (compatible; Googlebot/2.1; +http://www.google.com/bot.html)"
66.249.70.161 - - [23/Apr/2025:09:18:24 -0300] "GET /pcmypage?callback=product%2Fdetail%2F77621923 HTTP/1.1" 200 207176 "-" "Mozilla/5.0 (Linux; Android 6.0.1; Nexus 5X Build/MMB29P) AppleWebKit/537.36 (KHTML, like Gecko) Chrome/135.0.7049.95 Mobile Safari/537.36 (compatible; Googlebot/2.1; +http://www.google.com/bot.html)"
66.249.70.174 - - [23/Apr/2025:09:18:27 -0300] "GET /shop.php/feature/idol/gradol.html/shopdetail/122696054/shopdetail/95407254/cargo/detail/shopdetail/204335954/shopdetail/17524854/events/shopdetail/137863554/text/terms/shopdetail/61505354/pcmypage/shopdetail/227978254/shopdetail/130361854/product_archives/shopdetail/217951254/shopdetail/200163354/toreka/figure_menu.html HTTP/1.1" 200 203333 "-" "Mozilla/5.0 (Linux; Android 6.0.1; Nexus 5X Build/MMB29P) AppleWebKit/537.36 (KHTML, like Gecko) Chrome/135.0.7049.95 Mobile Safari/537.36 (compatible; GoogleOther)"
66.249.70.161 - - [23/Apr/2025:09:18:27 -0300] "GET /shop.php/feature/idol/gradol.html/shopdetail/122696054/shopdetail/95407254/cargo/detail/shopdetail/204335954/shopdetail/17524854/events/shopdetail/137863554/text/terms/shopdetail/61505354/pcmypage/shopdetail/227978254/shopdetail/130361854/product_archives/shopdetail/217951254/shopdetail/130010754/events/shopdetail/10588954/pcmypage/shopdetail/117517054/shopdetail/162067854 HTTP/1.1" 200 183305 "-" "Mozilla/5.0 (Linux; Android 6.0.1; Nexus 5X Build/MMB29P) AppleWebKit/537.36 (KHTML, like Gecko) Chrome/135.0.7049.95 Mobile Safari/537.36 (compatible; GoogleOther)"
66.249.70.174 - - [23/Apr/2025:09:18:30 -0300] "GET /robots.txt HTTP/1.1" 200 264 "-" "Mozilla/5.0 (compatible; Googlebot/2.1; +http://www.google.com/bot.html)"
66.249.70.160 - - [23/Apr/2025:09:18:29 -0300] "GET /pcmypage?callback=product%2Fdetail%2F74644460 HTTP/1.1" 200 142939 "-" "Mozilla/5.0 (Linux; Android 6.0.1; Nexus 5X Build/MMB29P) AppleWebKit/537.36 (KHTML, like Gecko) Chrome/135.0.7049.95 Mobile Safari/537.36 (compatible; Googlebot/2.1; +http://www.google.com/bot.html)"
66.249.70.161 - - [23/Apr/2025:09:18:30 -0300] "GET /pcmypage?callback=product/review/19054366 HTTP/1.1" 200 125168 "-" "Mozilla/5.0 (Linux; Android 6.0.1; Nexus 5X Build/MMB29P) AppleWebKit/537.36 (KHTML, like Gecko) Chrome/135.0.7049.95 Mobile Safari/537.36 (compatible; Googlebot/2.1; +http://www.google.com/bot.html)"
66.249.70.160 - - [23/Apr/2025:09:18:31 -0300] "POST /get-message-notify HTTP/1.1" 200 125360 "https://cursos-inmobiliarios-virtuales.bienesraicess.com/pcmypage?callback=product%2Fdetail%2F18417308" "Mozilla/5.0 (Linux; Android 6.0.1; Nexus 5X Build/MMB29P) AppleWebKit/537.36 (KHTML, like Gecko) Chrome/134.0.6998.165 Mobile Safari/537.36 (compatible; Googlebot/2.1; +http://www.google.com/bot.html)"
66.249.70.161 - - [23/Apr/2025:09:18:31 -0300] "GET /pcmypage?callback=product/review/02561199 HTTP/1.1" 200 144505 "-" "Mozilla/5.0 (Linux; Android 6.0.1; Nexus 5X Build/MMB29P) AppleWebKit/537.36 (KHTML, like Gecko) Chrome/135.0.7049.95 Mobile Safari/537.36 (compatible; Googlebot/2.1; +http://www.google.com/bot.html)"
66.249.70.162 - - [23/Apr/2025:09:18:34 -0300] "GET /pcmypage?callback=/product%2Fdetail%2F29177094 HTTP/1.1" 200 143433 "-" "Mozilla/5.0 (Linux; Android 6.0.1; Nexus 5X Build/MMB29P) AppleWebKit/537.36 (KHTML, like Gecko) Chrome/135.0.7049.95 Mobile Safari/537.36 (compatible; Googlebot/2.1; +http://www.google.com/bot.html)"
66.249.70.174 - - [23/Apr/2025:09:18:35 -0300] "GET /pcmypage?callback=product%2Fdetail%2F01644190 HTTP/1.1" 200 133943 "-" "Mozilla/5.0 (Linux; Android 6.0.1; Nexus 5X Build/MMB29P) AppleWebKit/537.36 (KHTML, like Gecko) Chrome/135.0.7049.95 Mobile Safari/537.36 (compatible; Googlebot/2.1; +http://www.google.com/bot.html)"
66.249.70.163 - - [23/Apr/2025:09:18:36 -0300] "POST /get-message-notify HTTP/1.1" 200 125360 "https://cursos-inmobiliarios-virtuales.bienesraicess.com/shopdetail/306081554" "Mozilla/5.0 (Linux; Android 6.0.1; Nexus 5X Build/MMB29P) AppleWebKit/537.36 (KHTML, like Gecko) Chrome/134.0.6998.165 Mobile Safari/537.36 (compatible; Googlebot/2.1; +http://www.google.com/bot.html)"
66.249.70.161 - - [23/Apr/2025:09:18:36 -0300] "GET /shop.php/feature/idol/gradol.html/shopdetail/122696054/shopdetail/95407254/cargo/detail/shopdetail/204335954/shopdetail/17524854/events/shopdetail/137863554/text/terms/shopdetail/61505354/pcmypage/shopdetail/227978254/shopdetail/130361854/product_archives/shopdetail/90096454/shopdetail/230818454/pcmypage/shopdetail/132017954/shopdetail/75939754/feature/yokohama_maruicity/index.html HTTP/1.1" 200 193947 "-" "Mozilla/5.0 (Linux; Android 6.0.1; Nexus 5X Build/MMB29P) AppleWebKit/537.36 (KHTML, like Gecko) Chrome/135.0.7049.95 Mobile Safari/537.36 (compatible; GoogleOther)"
66.249.70.174 - - [23/Apr/2025:09:18:37 -0300] "POST /get-message-notify HTTP/1.1" 200 125360 "https://cursos-inmobiliarios-virtuales.bienesraicess.com/shop.php/feature/idol/gradol.html/shopdetail/122696054/shopdetail/95407254/cargo/detail/shopdetail/204335954/shopdetail/17524854/events/shopdetail/137863554/text/terms/shopdetail/61505354/pcmypage/shopdetail/227978254/shopdetail/130361854/product_archives/shopdetail/217951254/shopdetail/130010754/events/shopdetail/10588954/pcmypage/shopdetail/117517054/shopdetail/162067854" "Mozilla/5.0 (Linux; Android 6.0.1; Nexus 5X Build/MMB29P) AppleWebKit/537.36 (KHTML, like Gecko) Chrome/134.0.6998.165 Mobile Safari/537.36 (compatible; Googlebot/2.1; +http://www.google.com/bot.html)"
66.249.70.163 - - [23/Apr/2025:09:18:37 -0300] "GET /pcmypage?callback=product%2Fdetail%2F98646636 HTTP/1.1" 200 141023 "-" "Mozilla/5.0 (Linux; Android 6.0.1; Nexus 5X Build/MMB29P) AppleWebKit/537.36 (KHTML, like Gecko) Chrome/135.0.7049.95 Mobile Safari/537.36 (compatible; Googlebot/2.1; +http://www.google.com/bot.html)"
66.249.70.163 - - [23/Apr/2025:09:18:39 -0300] "GET /shop.php/feature/idol/gradol.html/shopdetail/122696054/shopdetail/95407254/cargo/detail/shopdetail/204335954/shopdetail/17524854/events/shopdetail/137863554/text/terms/shopdetail/61505354/pcmypage/shopdetail/227978254/shopdetail/130361854/product_archives/shopdetail/44830954/shopdetail/190089754/safe_search/config/shopdetail/212389954 HTTP/1.1" 200 182379 "-" "Mozilla/5.0 (Linux; Android 6.0.1; Nexus 5X Build/MMB29P) AppleWebKit/537.36 (KHTML, like Gecko) Chrome/135.0.7049.95 Mobile Safari/537.36 (compatible; GoogleOther)"
66.249.70.162 - - [23/Apr/2025:09:18:40 -0300] "GET /shopdetail/343263554 HTTP/1.1" 200 127674 "-" "Mozilla/5.0 (Linux; Android 6.0.1; Nexus 5X Build/MMB29P) AppleWebKit/537.36 (KHTML, like Gecko) Chrome/135.0.7049.95 Mobile Safari/537.36 (compatible; Googlebot/2.1; +http://www.google.com/bot.html)"
66.249.70.161 - - [23/Apr/2025:09:18:41 -0300] "GET /shop.php?shopdetail/82018454 HTTP/1.1" 200 125087 "-" "Mozilla/5.0 (Linux; Android 6.0.1; Nexus 5X Build/MMB29P) AppleWebKit/537.36 (KHTML, like Gecko) Chrome/135.0.7049.95 Mobile Safari/537.36 (compatible; Googlebot/2.1; +http://www.google.com/bot.html)"
66.249.70.174 - - [23/Apr/2025:09:18:42 -0300] "POST /get-message-notify HTTP/1.1" 200 125360 "https://cursos-inmobiliarios-virtuales.bienesraicess.com/pcmypage?callback=/product%2Fdetail%2F29177094" "Mozilla/5.0 (Linux; Android 6.0.1; Nexus 5X Build/MMB29P) AppleWebKit/537.36 (KHTML, like Gecko) Chrome/134.0.6998.165 Mobile Safari/537.36 (compatible; Googlebot/2.1; +http://www.google.com/bot.html)"
66.249.70.160 - - [23/Apr/2025:09:18:42 -0300] "GET /pcmypage?callback=/product%2Fdetail%2F89178618 HTTP/1.1" 200 122322 "-" "Mozilla/5.0 (Linux; Android 6.0.1; Nexus 5X Build/MMB29P) AppleWebKit/537.36 (KHTML, like Gecko) Chrome/135.0.7049.95 Mobile Safari/537.36 (compatible; Googlebot/2.1; +http://www.google.com/bot.html)"
66.249.70.164 - - [23/Apr/2025:09:18:43 -0300] "GET /safe_search/config?return_url=%2Fproduct%2Fdetail%2F31658772 HTTP/1.1" 200 138378 "-" "Mozilla/5.0 (Linux; Android 6.0.1; Nexus 5X Build/MMB29P) AppleWebKit/537.36 (KHTML, like Gecko) Chrome/135.0.7049.95 Mobile Safari/537.36 (compatible; Googlebot/2.1; +http://www.google.com/bot.html)"
66.249.70.161 - - [23/Apr/2025:09:18:44 -0300] "GET /pcmypage?callback=product%2Fdetail%2F55897678 HTTP/1.1" 200 134433 "-" "Mozilla/5.0 (Linux; Android 6.0.1; Nexus 5X Build/MMB29P) AppleWebKit/537.36 (KHTML, like Gecko) Chrome/135.0.7049.95 Mobile Safari/537.36 (compatible; Googlebot/2.1; +http://www.google.com/bot.html)"
66.249.70.164 - - [23/Apr/2025:09:18:44 -0300] "GET /pcmypage?callback=product/review/39001194 HTTP/1.1" 200 122395 "-" "Mozilla/5.0 (Linux; Android 6.0.1; Nexus 5X Build/MMB29P) AppleWebKit/537.36 (KHTML, like Gecko) Chrome/135.0.7049.95 Mobile Safari/537.36 (compatible; Googlebot/2.1; +http://www.google.com/bot.html)"
66.249.70.164 - - [23/Apr/2025:09:18:44 -0300] "GET /shop.php/feature/idol/gradol.html/shopdetail/8783854/shopdetail/171234154/events/affiliate/shopdetail/89127854/cargo/detail/shopdetail/197002354/shopdetail/140101454/pcmypage/shopdetail/207277854/shopdetail/247424354/recruit/shopdetail/204793854/shopdetail/235111854/product_archives/shopdetail/198029054/pcmypage/zhHant/product/surugaya/60075739/shopdetail/104566354/toreka/figure_menu.html HTTP/1.1" 200 192739 "-" "Mozilla/5.0 (Linux; Android 6.0.1; Nexus 5X Build/MMB29P) AppleWebKit/537.36 (KHTML, like Gecko) Chrome/135.0.7049.95 Mobile Safari/537.36 (compatible; GoogleOther)"
66.249.70.163 - - [23/Apr/2025:09:18:46 -0300] "GET /pcmypage?callback=product/review/55897678 HTTP/1.1" 200 159200 "-" "Mozilla/5.0 (Linux; Android 6.0.1; Nexus 5X Build/MMB29P) AppleWebKit/537.36 (KHTML, like Gecko) Chrome/135.0.7049.95 Mobile Safari/537.36 (compatible; Googlebot/2.1; +http://www.google.com/bot.html)"
66.249.70.174 - - [23/Apr/2025:09:18:46 -0300] "GET /shop.php/feature/idol/gradol.html/shopdetail/8783854/shopdetail/171234154/events/affiliate/shopdetail/89127854/cargo/detail/shopdetail/197002354/shopdetail/140101454/pcmypage/shopdetail/207277854/shopdetail/247424354/recruit/cargo/detail/shopdetail/116973054/shopdetail/153255154/zhHant/product/surugaya/43551420/oreka/plamodel_menu.html HTTP/1.1" 200 197540 "-" "Mozilla/5.0 (Linux; Android 6.0.1; Nexus 5X Build/MMB29P) AppleWebKit/537.36 (KHTML, like Gecko) Chrome/135.0.7049.95 Mobile Safari/537.36 (compatible; GoogleOther)"
66.249.70.164 - - [23/Apr/2025:09:18:47 -0300] "GET /pcmypage?callback=product/review/92917932 HTTP/1.1" 200 149069 "-" "Mozilla/5.0 (Linux; Android 6.0.1; Nexus 5X Build/MMB29P) AppleWebKit/537.36 (KHTML, like Gecko) Chrome/135.0.7049.95 Mobile Safari/537.36 (compatible; Googlebot/2.1; +http://www.google.com/bot.html)"
66.249.70.162 - - [23/Apr/2025:09:18:49 -0300] "POST /get-message-notify HTTP/1.1" 200 125360 "https://cursos-inmobiliarios-virtuales.bienesraicess.com/pcmypage?callback=/product%2Fdetail%2F89178618" "Mozilla/5.0 (Linux; Android 6.0.1; Nexus 5X Build/MMB29P) AppleWebKit/537.36 (KHTML, like Gecko) Chrome/134.0.6998.165 Mobile Safari/537.36 (compatible; Googlebot/2.1; +http://www.google.com/bot.html)"
66.249.70.162 - - [23/Apr/2025:09:18:49 -0300] "GET /pcmypage?callback=/product%2Fdetail%2F98646636 HTTP/1.1" 200 133522 "-" "Mozilla/5.0 (Linux; Android 6.0.1; Nexus 5X Build/MMB29P) AppleWebKit/537.36 (KHTML, like Gecko) Chrome/135.0.7049.95 Mobile Safari/537.36 (compatible; Googlebot/2.1; +http://www.google.com/bot.html)"
66.249.70.163 - - [23/Apr/2025:09:18:49 -0300] "POST /get-message-notify HTTP/1.1" 200 125360 "https://cursos-inmobiliarios-virtuales.bienesraicess.com/shop.php?shopdetail/82018454" "Mozilla/5.0 (Linux; Android 6.0.1; Nexus 5X Build/MMB29P) AppleWebKit/537.36 (KHTML, like Gecko) Chrome/134.0.6998.165 Mobile Safari/537.36 (compatible; Googlebot/2.1; +http://www.google.com/bot.html)"
66.249.70.164 - - [23/Apr/2025:09:18:51 -0300] "GET /pcmypage?callback=product%2Fdetail%2F37897575 HTTP/1.1" 200 137074 "-" "Mozilla/5.0 (Linux; Android 6.0.1; Nexus 5X Build/MMB29P) AppleWebKit/537.36 (KHTML, like Gecko) Chrome/135.0.7049.95 Mobile Safari/537.36 (compatible; Googlebot/2.1; +http://www.google.com/bot.html)"
66.249.70.174 - - [23/Apr/2025:09:18:52 -0300] "GET /pcmypage?callback=/product%2Fdetail%2F05225522 HTTP/1.1" 200 134394 "-" "Mozilla/5.0 (Linux; Android 6.0.1; Nexus 5X Build/MMB29P) AppleWebKit/537.36 (KHTML, like Gecko) Chrome/135.0.7049.95 Mobile Safari/537.36 (compatible; Googlebot/2.1; +http://www.google.com/bot.html)"
66.249.70.162 - - [23/Apr/2025:09:18:52 -0300] "GET /shop.php/feature/idol/gradol.html/shopdetail/122696054/shopdetail/95407254/cargo/detail/shopdetail/204335954/shopdetail/17524854/events/shopdetail/137863554/text/terms/shopdetail/61505354/pcmypage/shopdetail/235360754/cargo/detail/shopdetail/156251354/shopdetail/229348554/affiliate/shopdetail/80087254/events//shopdetail/53302454 HTTP/1.1" 200 187109 "-" "Mozilla/5.0 (Linux; Android 6.0.1; Nexus 5X Build/MMB29P) AppleWebKit/537.36 (KHTML, like Gecko) Chrome/135.0.7049.95 Mobile Safari/537.36 (compatible; GoogleOther)"
66.249.70.160 - - [23/Apr/2025:09:18:54 -0300] "GET /shop.php/feature/idol/gradol.html/shopdetail/8783854/shopdetail/171234154/events/affiliate/shopdetail/89127854/cargo/detail/shopdetail/197002354/shopdetail/140101454/pcmypage/shopdetail/207277854/shopdetail/247424354/recruit/shopdetail/204793854/shopdetail/235111854/text/terms/shopdetail/181725254/shopdetail/249546754 HTTP/1.1" 200 182068 "-" "Mozilla/5.0 (Linux; Android 6.0.1; Nexus 5X Build/MMB29P) AppleWebKit/537.36 (KHTML, like Gecko) Chrome/135.0.7049.95 Mobile Safari/537.36 (compatible; GoogleOther)"
66.249.70.163 - - [23/Apr/2025:09:18:55 -0300] "GET /pcmypage?callback=product%2Fdetail%2F75146936 HTTP/1.1" 200 123835 "-" "Mozilla/5.0 (Linux; Android 6.0.1; Nexus 5X Build/MMB29P) AppleWebKit/537.36 (KHTML, like Gecko) Chrome/135.0.7049.95 Mobile Safari/537.36 (compatible; Googlebot/2.1; +http://www.google.com/bot.html)"
66.249.70.160 - - [23/Apr/2025:09:18:56 -0300] "POST /get-message-notify HTTP/1.1" 200 125360 "https://cursos-inmobiliarios-virtuales.bienesraicess.com/shopdetail/306081554" "Mozilla/5.0 (Linux; Android 6.0.1; Nexus 5X Build/MMB29P) AppleWebKit/537.36 (KHTML, like Gecko) Chrome/134.0.6998.165 Mobile Safari/537.36 (compatible; Googlebot/2.1; +http://www.google.com/bot.html)"
66.249.70.160 - - [23/Apr/2025:09:18:57 -0300] "POST /get-message-notify HTTP/1.1" 200 125360 "https://cursos-inmobiliarios-virtuales.bienesraicess.com/pcmypage?callback=/product%2Fdetail%2F98646636" "Mozilla/5.0 (Linux; Android 6.0.1; Nexus 5X Build/MMB29P) AppleWebKit/537.36 (KHTML, like Gecko) Chrome/134.0.6998.165 Mobile Safari/537.36 (compatible; Googlebot/2.1; +http://www.google.com/bot.html)"
66.249.70.166 - - [23/Apr/2025:09:18:57 -0300] "POST /get-message-notify HTTP/1.1" 200 125360 "https://cursos-inmobiliarios-virtuales.bienesraicess.com/pcmypage?callback=product%2Fdetail%2F37897575" "Mozilla/5.0 (Linux; Android 6.0.1; Nexus 5X Build/MMB29P) AppleWebKit/537.36 (KHTML, like Gecko) Chrome/134.0.6998.165 Mobile Safari/537.36 (compatible; Googlebot/2.1; +http://www.google.com/bot.html)"
66.249.70.163 - - [23/Apr/2025:09:18:57 -0300] "GET /pcmypage?callback=/product%2Fdetail%2F30182248 HTTP/1.1" 200 144102 "-" "Mozilla/5.0 (Linux; Android 6.0.1; Nexus 5X Build/MMB29P) AppleWebKit/537.36 (KHTML, like Gecko) Chrome/135.0.7049.95 Mobile Safari/537.36 (compatible; Googlebot/2.1; +http://www.google.com/bot.html)"
66.249.70.164 - - [23/Apr/2025:09:18:59 -0300] "GET /pcmypage?callback=/product%2Fdetail%2F18417308 HTTP/1.1" 200 160098 "-" "Mozilla/5.0 (Linux; Android 6.0.1; Nexus 5X Build/MMB29P) AppleWebKit/537.36 (KHTML, like Gecko) Chrome/135.0.7049.95 Mobile Safari/537.36 (compatible; Googlebot/2.1; +http://www.google.com/bot.html)"
66.249.70.164 - - [23/Apr/2025:09:18:59 -0300] "GET /pcmypage?callback=/product%2Fdetail%2F70540462 HTTP/1.1" 200 128452 "-" "Mozilla/5.0 (Linux; Android 6.0.1; Nexus 5X Build/MMB29P) AppleWebKit/537.36 (KHTML, like Gecko) Chrome/135.0.7049.95 Mobile Safari/537.36 (compatible; Googlebot/2.1; +http://www.google.com/bot.html)"
66.249.70.164 - - [23/Apr/2025:09:19:00 -0300] "GET /pcmypage?callback=product/review/35072922 HTTP/1.1" 200 142772 "-" "Mozilla/5.0 (Linux; Android 6.0.1; Nexus 5X Build/MMB29P) AppleWebKit/537.36 (KHTML, like Gecko) Chrome/135.0.7049.95 Mobile Safari/537.36 (compatible; Googlebot/2.1; +http://www.google.com/bot.html)"
66.249.70.162 - - [23/Apr/2025:09:19:02 -0300] "GET /pcmypage?callback=product%2Fdetail%2F35094902 HTTP/1.1" 200 123168 "-" "Mozilla/5.0 (Linux; Android 6.0.1; Nexus 5X Build/MMB29P) AppleWebKit/537.36 (KHTML, like Gecko) Chrome/135.0.7049.95 Mobile Safari/537.36 (compatible; Googlebot/2.1; +http://www.google.com/bot.html)"
66.249.70.162 - - [23/Apr/2025:09:19:01 -0300] "GET /shop.php/feature/idol/gradol.html/shopdetail/122696054/shopdetail/95407254/cargo/detail/shopdetail/204335954/shopdetail/17524854/events/shopdetail/137863554/text/terms/shopdetail/61505354/pcmypage/shopdetail/227978254/shopdetail/130361854/product_archives/shopdetail/217951254/shopdetail/198026754/pcmypage/recruit/shopdetail/216471154/shopdetail/199320654/events/shopdetail/47651554/affiliate/shopdetail/39483554/text/terms HTTP/1.1" 200 209305 "-" "Mozilla/5.0 (Linux; Android 6.0.1; Nexus 5X Build/MMB29P) AppleWebKit/537.36 (KHTML, like Gecko) Chrome/135.0.7049.95 Mobile Safari/537.36 (compatible; GoogleOther)"
66.249.70.160 - - [23/Apr/2025:09:19:02 -0300] "GET /shop.php/feature/idol/gradol.html/shopdetail/122696054/shopdetail/95407254/cargo/detail/shopdetail/204335954/shopdetail/17524854/events/shopdetail/137863554/text/terms/shopdetail/61505354/pcmypage/shopdetail/227978254/shopdetail/130361854/product_archives/shopdetail/217951254/shopdetail/21856554/pcmypage/recruit/shopdetail/13203154/cargo/detail/events/shopdetail/78012154/pcsp.html HTTP/1.1" 200 200241 "-" "Mozilla/5.0 (Linux; Android 6.0.1; Nexus 5X Build/MMB29P) AppleWebKit/537.36 (KHTML, like Gecko) Chrome/135.0.7049.95 Mobile Safari/537.36 (compatible; GoogleOther)"
66.249.70.164 - - [23/Apr/2025:09:19:05 -0300] "GET /pcmypage?callback=product%2Fdetail%2F83939778 HTTP/1.1" 200 137519 "-" "Mozilla/5.0 (Linux; Android 6.0.1; Nexus 5X Build/MMB29P) AppleWebKit/537.36 (KHTML, like Gecko) Chrome/135.0.7049.95 Mobile Safari/537.36 (compatible; Googlebot/2.1; +http://www.google.com/bot.html)"
66.249.70.163 - - [23/Apr/2025:09:19:05 -0300] "POST /get-message-notify HTTP/1.1" 200 125360 "https://cursos-inmobiliarios-virtuales.bienesraicess.com/pcmypage?callback=product/review/35072922" "Mozilla/5.0 (Linux; Android 6.0.1; Nexus 5X Build/MMB29P) AppleWebKit/537.36 (KHTML, like Gecko) Chrome/134.0.6998.165 Mobile Safari/537.36 (compatible; Googlebot/2.1; +http://www.google.com/bot.html)"
66.249.70.163 - - [23/Apr/2025:09:19:06 -0300] "GET /pcmypage?callback=product/review/01644190 HTTP/1.1" 200 137718 "-" "Mozilla/5.0 (Linux; Android 6.0.1; Nexus 5X Build/MMB29P) AppleWebKit/537.36 (KHTML, like Gecko) Chrome/135.0.7049.95 Mobile Safari/537.36 (compatible; Googlebot/2.1; +http://www.google.com/bot.html)"
66.249.70.163 - - [23/Apr/2025:09:19:07 -0300] "GET /pcmypage?callback=product/review/77992703 HTTP/1.1" 200 119935 "-" "Mozilla/5.0 (Linux; Android 6.0.1; Nexus 5X Build/MMB29P) AppleWebKit/537.36 (KHTML, like Gecko) Chrome/135.0.7049.95 Mobile Safari/537.36 (compatible; Googlebot/2.1; +http://www.google.com/bot.html)"
66.249.70.163 - - [23/Apr/2025:09:19:08 -0300] "GET /pcmypage?callback=product/review/05459275 HTTP/1.1" 200 142051 "-" "Mozilla/5.0 (Linux; Android 6.0.1; Nexus 5X Build/MMB29P) AppleWebKit/537.36 (KHTML, like Gecko) Chrome/135.0.7049.95 Mobile Safari/537.36 (compatible; Googlebot/2.1; +http://www.google.com/bot.html)"
66.249.70.162 - - [23/Apr/2025:09:19:09 -0300] "GET /pcmypage?callback=/product%2Fdetail%2F39128956 HTTP/1.1" 200 129844 "-" "Mozilla/5.0 (Linux; Android 6.0.1; Nexus 5X Build/MMB29P) AppleWebKit/537.36 (KHTML, like Gecko) Chrome/135.0.7049.95 Mobile Safari/537.36 (compatible; Googlebot/2.1; +http://www.google.com/bot.html)"
66.249.70.162 - - [23/Apr/2025:09:19:10 -0300] "GET /shop.php/feature/idol/gradol.html/shopdetail/122696054/shopdetail/95407254/cargo/detail/shopdetail/204335954/shopdetail/17524854/events/shopdetail/137863554/text/terms/shopdetail/61505354/pcmypage/shopdetail/227978254/shopdetail/130361854/product_archives/shopdetail/217951254/shopdetail/130010754/events/shopdetail/10588954/cargo/detail/shopdetail/133458154 HTTP/1.1" 200 201874 "-" "Mozilla/5.0 (Linux; Android 6.0.1; Nexus 5X Build/MMB29P) AppleWebKit/537.36 (KHTML, like Gecko) Chrome/135.0.7049.95 Mobile Safari/537.36 (compatible; GoogleOther)"
66.249.70.160 - - [23/Apr/2025:09:19:12 -0300] "POST /get-message-notify HTTP/1.1" 200 125360 "https://cursos-inmobiliarios-virtuales.bienesraicess.com/shop.php/feature/idol/gradol.html/shopdetail/122696054/shopdetail/95407254/cargo/detail/shopdetail/204335954/shopdetail/75001554/pcmypage/shopdetail/17117954/text/terms/shopdetail/220446854/shopdetail/83526454/dozin.html" "Mozilla/5.0 (Linux; Android 6.0.1; Nexus 5X Build/MMB29P) AppleWebKit/537.36 (KHTML, like Gecko) Chrome/134.0.6998.165 Mobile Safari/537.36 (compatible; Googlebot/2.1; +http://www.google.com/bot.html)"
66.249.70.162 - - [23/Apr/2025:09:19:12 -0300] "GET /shop.php/feature/idol/gradol.html/shopdetail/122696054/shopdetail/95407254/cargo/detail/shopdetail/204335954/shopdetail/17524854/events/shopdetail/137863554/text/terms/shopdetail/61505354/pcmypage/shopdetail/235360754/cargo/detail/shopdetail/156251354/shopdetail/229348554/affiliate/shopdetail/80087254/shopdetail/155258154/pcmypage/shopdetail/59275854 HTTP/1.1" 200 177062 "-" "Mozilla/5.0 (Linux; Android 6.0.1; Nexus 5X Build/MMB29P) AppleWebKit/537.36 (KHTML, like Gecko) Chrome/135.0.7049.95 Mobile Safari/537.36 (compatible; GoogleOther)"
66.249.70.161 - - [23/Apr/2025:09:19:14 -0300] "GET /pcmypage?callback=/product%2Fdetail%2F83939778 HTTP/1.1" 200 121049 "-" "Mozilla/5.0 (Linux; Android 6.0.1; Nexus 5X Build/MMB29P) AppleWebKit/537.36 (KHTML, like Gecko) Chrome/135.0.7049.95 Mobile Safari/537.36 (compatible; Googlebot/2.1; +http://www.google.com/bot.html)"
66.249.70.161 - - [23/Apr/2025:09:19:14 -0300] "GET /pcmypage?callback=product%2Fdetail%2F23278917 HTTP/1.1" 200 135818 "-" "Mozilla/5.0 (Linux; Android 6.0.1; Nexus 5X Build/MMB29P) AppleWebKit/537.36 (KHTML, like Gecko) Chrome/135.0.7049.95 Mobile Safari/537.36 (compatible; Googlebot/2.1; +http://www.google.com/bot.html)"
66.249.70.174 - - [23/Apr/2025:09:19:16 -0300] "GET /pcmypage?callback=product%2Fdetail%2F15890851 HTTP/1.1" 200 158603 "-" "Mozilla/5.0 (Linux; Android 6.0.1; Nexus 5X Build/MMB29P) AppleWebKit/537.36 (KHTML, like Gecko) Chrome/135.0.7049.95 Mobile Safari/537.36 (compatible; Googlebot/2.1; +http://www.google.com/bot.html)"
66.249.70.174 - - [23/Apr/2025:09:19:16 -0300] "GET /safe_search/config?return_url=%2Fproduct%2Fdetail%2F41420431 HTTP/1.1" 200 152246 "-" "Mozilla/5.0 (Linux; Android 6.0.1; Nexus 5X Build/MMB29P) AppleWebKit/537.36 (KHTML, like Gecko) Chrome/135.0.7049.95 Mobile Safari/537.36 (compatible; Googlebot/2.1; +http://www.google.com/bot.html)"
66.249.70.174 - - [23/Apr/2025:09:19:17 -0300] "GET /pcmypage?callback=/product%2Fdetail%2F85402142 HTTP/1.1" 200 160064 "-" "Mozilla/5.0 (Linux; Android 6.0.1; Nexus 5X Build/MMB29P) AppleWebKit/537.36 (KHTML, like Gecko) Chrome/135.0.7049.95 Mobile Safari/537.36 (compatible; Googlebot/2.1; +http://www.google.com/bot.html)"
66.249.70.161 - - [23/Apr/2025:09:19:18 -0300] "POST /get-message-notify HTTP/1.1" 200 125360 "https://cursos-inmobiliarios-virtuales.bienesraicess.com/pcmypage?callback=product/review/01644190" "Mozilla/5.0 (Linux; Android 6.0.1; Nexus 5X Build/MMB29P) AppleWebKit/537.36 (KHTML, like Gecko) Chrome/134.0.6998.165 Mobile Safari/537.36 (compatible; Googlebot/2.1; +http://www.google.com/bot.html)"
66.249.70.161 - - [23/Apr/2025:09:19:19 -0300] "GET /pcmypage?callback=product/review/23278917 HTTP/1.1" 200 129093 "-" "Mozilla/5.0 (Linux; Android 6.0.1; Nexus 5X Build/MMB29P) AppleWebKit/537.36 (KHTML, like Gecko) Chrome/135.0.7049.95 Mobile Safari/537.36 (compatible; Googlebot/2.1; +http://www.google.com/bot.html)"
66.249.70.174 - - [23/Apr/2025:09:19:19 -0300] "GET /shop.php/feature/idol/gradol.html/shopdetail/8783854/shopdetail/171234154/events/affiliate/shopdetail/89127854/cargo/detail/shopdetail/197002354/shopdetail/140101454/pcmypage/shopdetail/207277854/shopdetail/247424354/recruit/shopdetail/204793854/shopdetail/235111854/text/terms/shopdetail/256821254/shopdetail/105602554/hobby/nuigurumi/nuigurumi.html HTTP/1.1" 200 188550 "-" "Mozilla/5.0 (Linux; Android 6.0.1; Nexus 5X Build/MMB29P) AppleWebKit/537.36 (KHTML, like Gecko) Chrome/135.0.7049.95 Mobile Safari/537.36 (compatible; GoogleOther)"
66.249.70.160 - - [23/Apr/2025:09:19:20 -0300] "GET /shop.php/feature/idol/gradol.html/shopdetail/122696054/shopdetail/95407254/cargo/detail/shopdetail/204335954/shopdetail/17524854/events/shopdetail/137863554/text/terms/shopdetail/61505354/pcmypage/shopdetail/227978254/shopdetail/130361854/product_archives/shopdetail/217951254/shopdetail/198026754/pcmypage/events/shopdetail/27849254/shopdetail/163215954/affiliate HTTP/1.1" 200 184130 "-" "Mozilla/5.0 (Linux; Android 6.0.1; Nexus 5X Build/MMB29P) AppleWebKit/537.36 (KHTML, like Gecko) Chrome/135.0.7049.95 Mobile Safari/537.36 (compatible; GoogleOther)"
66.249.70.174 - - [23/Apr/2025:09:19:21 -0300] "GET /pcmypage?callback=/product%2Fdetail%2F40020039 HTTP/1.1" 200 146674 "-" "Mozilla/5.0 (Linux; Android 6.0.1; Nexus 5X Build/MMB29P) AppleWebKit/537.36 (KHTML, like Gecko) Chrome/135.0.7049.95 Mobile Safari/537.36 (compatible; Googlebot/2.1; +http://www.google.com/bot.html)"
66.249.70.161 - - [23/Apr/2025:09:19:21 -0300] "GET /shop.php/pcmypage?callback=/product%2Fdetail%2F71588303 HTTP/1.1" 200 129947 "-" "Mozilla/5.0 (Linux; Android 6.0.1; Nexus 5X Build/MMB29P) AppleWebKit/537.36 (KHTML, like Gecko) Chrome/135.0.7049.95 Mobile Safari/537.36 (compatible; Googlebot/2.1; +http://www.google.com/bot.html)"
66.249.70.160 - - [23/Apr/2025:09:19:23 -0300] "GET /pcmypage?callback=/product%2Fdetail%2F75023656 HTTP/1.1" 200 135640 "-" "Mozilla/5.0 (Linux; Android 6.0.1; Nexus 5X Build/MMB29P) AppleWebKit/537.36 (KHTML, like Gecko) Chrome/135.0.7049.95 Mobile Safari/537.36 (compatible; Googlebot/2.1; +http://www.google.com/bot.html)"
66.249.70.174 - - [23/Apr/2025:09:19:24 -0300] "GET /pcmypage?callback=product/review/83939778 HTTP/1.1" 200 127235 "-" "Mozilla/5.0 (Linux; Android 6.0.1; Nexus 5X Build/MMB29P) AppleWebKit/537.36 (KHTML, like Gecko) Chrome/135.0.7049.95 Mobile Safari/537.36 (compatible; Googlebot/2.1; +http://www.google.com/bot.html)"
66.249.70.161 - - [23/Apr/2025:09:19:25 -0300] "GET /pcmypage?callback=product/review/95494293 HTTP/1.1" 200 130832 "-" "Mozilla/5.0 (Linux; Android 6.0.1; Nexus 5X Build/MMB29P) AppleWebKit/537.36 (KHTML, like Gecko) Chrome/135.0.7049.95 Mobile Safari/537.36 (compatible; Googlebot/2.1; +http://www.google.com/bot.html)"
66.249.70.162 - - [23/Apr/2025:09:19:28 -0300] "GET /pcmypage?callback=product/review/87214450 HTTP/1.1" 200 159263 "-" "Mozilla/5.0 (Linux; Android 6.0.1; Nexus 5X Build/MMB29P) AppleWebKit/537.36 (KHTML, like Gecko) Chrome/135.0.7049.95 Mobile Safari/537.36 (compatible; Googlebot/2.1; +http://www.google.com/bot.html)"
66.249.70.160 - - [23/Apr/2025:09:19:31 -0300] "GET /robots.txt HTTP/1.1" 200 264 "-" "Mozilla/5.0 (compatible; Googlebot/2.1; +http://www.google.com/bot.html)"
66.249.70.162 - - [23/Apr/2025:09:19:29 -0300] "GET /pcmypage?callback=/product%2Fdetail%2F47634100 HTTP/1.1" 200 128238 "-" "Mozilla/5.0 (Linux; Android 6.0.1; Nexus 5X Build/MMB29P) AppleWebKit/537.36 (KHTML, like Gecko) Chrome/135.0.7049.95 Mobile Safari/537.36 (compatible; Googlebot/2.1; +http://www.google.com/bot.html)"
66.249.70.160 - - [23/Apr/2025:09:19:28 -0300] "GET /shop.php/feature/idol/gradol.html/shopdetail/122696054/shopdetail/95407254/cargo/detail/shopdetail/204335954/shopdetail/17524854/events/shopdetail/137863554/text/terms/shopdetail/61505354/pcmypage/shopdetail/227978254/shopdetail/130361854/product_archives/shopdetail/217951254/shopdetail/198026754/pcmypage/recruit/shopdetail/216471154/shopdetail/199320654/events/shopdetail/151110954/product/edit/40327123 HTTP/1.1" 200 204163 "-" "Mozilla/5.0 (Linux; Android 6.0.1; Nexus 5X Build/MMB29P) AppleWebKit/537.36 (KHTML, like Gecko) Chrome/135.0.7049.95 Mobile Safari/537.36 (compatible; GoogleOther)"
66.249.70.174 - - [23/Apr/2025:09:19:33 -0300] "POST /get-message-notify HTTP/1.1" 200 125360 "https://cursos-inmobiliarios-virtuales.bienesraicess.com/safe_search/config?return_url=%2Fproduct%2Fdetail%2F41420431" "Mozilla/5.0 (Linux; Android 6.0.1; Nexus 5X Build/MMB29P) AppleWebKit/537.36 (KHTML, like Gecko) Chrome/134.0.6998.165 Mobile Safari/537.36 (compatible; Googlebot/2.1; +http://www.google.com/bot.html)"
66.249.70.160 - - [23/Apr/2025:09:19:31 -0300] "GET /pcmypage?callback=product%2Fdetail%2F39335370 HTTP/1.1" 200 136811 "-" "Mozilla/5.0 (Linux; Android 6.0.1; Nexus 5X Build/MMB29P) AppleWebKit/537.36 (KHTML, like Gecko) Chrome/135.0.7049.95 Mobile Safari/537.36 (compatible; Googlebot/2.1; +http://www.google.com/bot.html)"
66.249.74.39 - - [23/Apr/2025:09:19:35 -0300] "POST /get-message-notify HTTP/1.1" 200 125360 "https://cursos-inmobiliarios-virtuales.bienesraicess.com/pcmypage?callback=/product%2Fdetail%2F85402142" "Mozilla/5.0 (Linux; Android 6.0.1; Nexus 5X Build/MMB29P) AppleWebKit/537.36 (KHTML, like Gecko) Chrome/134.0.6998.165 Mobile Safari/537.36 (compatible; Googlebot/2.1; +http://www.google.com/bot.html)"
66.249.70.161 - - [23/Apr/2025:09:19:37 -0300] "GET /shopdetail/341766954 HTTP/1.1" 200 144962 "-" "Mozilla/5.0 (Linux; Android 6.0.1; Nexus 5X Build/MMB29P) AppleWebKit/537.36 (KHTML, like Gecko) Chrome/135.0.7049.95 Mobile Safari/537.36 (compatible; Googlebot/2.1; +http://www.google.com/bot.html)"
66.249.70.162 - - [23/Apr/2025:09:19:35 -0300] "GET /pcmypage?callback=/product%2Fdetail%2F65208544 HTTP/1.1" 200 145943 "-" "Mozilla/5.0 (Linux; Android 6.0.1; Nexus 5X Build/MMB29P) AppleWebKit/537.36 (KHTML, like Gecko) Chrome/135.0.7049.95 Mobile Safari/537.36 (compatible; Googlebot/2.1; +http://www.google.com/bot.html)"
66.249.70.174 - - [23/Apr/2025:09:19:38 -0300] "GET /pcmypage?callback=product/review/87793655 HTTP/1.1" 200 123626 "-" "Mozilla/5.0 (Linux; Android 6.0.1; Nexus 5X Build/MMB29P) AppleWebKit/537.36 (KHTML, like Gecko) Chrome/135.0.7049.95 Mobile Safari/537.36 (compatible; Googlebot/2.1; +http://www.google.com/bot.html)"
66.249.70.161 - - [23/Apr/2025:09:19:38 -0300] "GET /pcmypage?callback=/product%2Fdetail%2F87206900 HTTP/1.1" 200 125681 "-" "Mozilla/5.0 (Linux; Android 6.0.1; Nexus 5X Build/MMB29P) AppleWebKit/537.36 (KHTML, like Gecko) Chrome/135.0.7049.95 Mobile Safari/537.36 (compatible; Googlebot/2.1; +http://www.google.com/bot.html)"
66.249.70.161 - - [23/Apr/2025:09:19:40 -0300] "POST /get-message-notify HTTP/1.1" 200 125360 "https://cursos-inmobiliarios-virtuales.bienesraicess.com/shop.php/feature/idol/gradol.html/shopdetail/122696054/shopdetail/95407254/cargo/detail/shopdetail/204335954/shopdetail/17524854/events/shopdetail/137863554/text/terms/shopdetail/61505354/pcmypage/shopdetail/227978254/shopdetail/130361854/product_archives/shopdetail/217951254/shopdetail/198026754/pcmypage/events/shopdetail/27849254/shopdetail/226560854/feature/campaign/index.html" "Mozilla/5.0 (Linux; Android 6.0.1; Nexus 5X Build/MMB29P) AppleWebKit/537.36 (KHTML, like Gecko) Chrome/134.0.6998.165 Mobile Safari/537.36 (compatible; Googlebot/2.1; +http://www.google.com/bot.html)"
66.249.70.163 - - [23/Apr/2025:09:19:40 -0300] "POST /get-message-notify HTTP/1.1" 200 125360 "https://cursos-inmobiliarios-virtuales.bienesraicess.com/pcmypage?callback=/product%2Fdetail%2F47634100" "Mozilla/5.0 (Linux; Android 6.0.1; Nexus 5X Build/MMB29P) AppleWebKit/537.36 (KHTML, like Gecko) Chrome/134.0.6998.165 Mobile Safari/537.36 (compatible; Googlebot/2.1; +http://www.google.com/bot.html)"
