66.249.70.174 - - [23/Apr/2025:10:40:46 -0300] "GET /pcmypage?callback=product/review/24691171 HTTP/1.1" 200 136078 "-" "Mozilla/5.0 (Linux; Android 6.0.1; Nexus 5X Build/MMB29P) AppleWebKit/537.36 (KHTML, like Gecko) Chrome/135.0.7049.95 Mobile Safari/537.36 (compatible; Googlebot/2.1; +http://www.google.com/bot.html)"
66.249.70.160 - - [23/Apr/2025:10:40:46 -0300] "GET /shopdetail/34130154 HTTP/1.1" 200 127053 "-" "Mozilla/5.0 (Linux; Android 6.0.1; Nexus 5X Build/MMB29P) AppleWebKit/537.36 (KHTML, like Gecko) Chrome/135.0.7049.95 Mobile Safari/537.36 (compatible; GoogleOther)"
66.249.70.163 - - [23/Apr/2025:10:40:45 -0300] "GET /shop.php/feature/idol/gradol.html/shopdetail/122696054/shopdetail/95407254/cargo/detail/shopdetail/204335954/shopdetail/17524854/events/shopdetail/137863554/text/terms/shopdetail/61505354/pcmypage/shopdetail/227978254/shopdetail/130361854/product_archives/shopdetail/217951254/shopdetail/198026754/pcmypage/recruit/shopdetail/216471154/shopdetail/199320654/events/shopdetail/60935054/shopdetail/87303754/safe_search/config/shopdetail/261279054/toreka/toreka_menu.html HTTP/1.1" 200 212032 "-" "Mozilla/5.0 (Linux; Android 6.0.1; Nexus 5X Build/MMB29P) AppleWebKit/537.36 (KHTML, like Gecko) Chrome/135.0.7049.95 Mobile Safari/537.36 (compatible; GoogleOther)"
66.249.70.163 - - [23/Apr/2025:10:40:48 -0300] "GET /shop.php?shopdetail/69934954 HTTP/1.1" 200 126743 "-" "Mozilla/5.0 (Linux; Android 6.0.1; Nexus 5X Build/MMB29P) AppleWebKit/537.36 (KHTML, like Gecko) Chrome/135.0.7049.95 Mobile Safari/537.36 (compatible; Googlebot/2.1; +http://www.google.com/bot.html)"
66.249.70.162 - - [23/Apr/2025:10:40:49 -0300] "GET /pcmypage?callback=product%2Fdetail%2F74671086 HTTP/1.1" 200 127373 "-" "Mozilla/5.0 (Linux; Android 6.0.1; Nexus 5X Build/MMB29P) AppleWebKit/537.36 (KHTML, like Gecko) Chrome/135.0.7049.95 Mobile Safari/537.36 (compatible; Googlebot/2.1; +http://www.google.com/bot.html)"
66.249.70.161 - - [23/Apr/2025:10:40:50 -0300] "GET /pcmypage?callback=product%2Fdetail%2F84544205 HTTP/1.1" 200 122567 "-" "Mozilla/5.0 (Linux; Android 6.0.1; Nexus 5X Build/MMB29P) AppleWebKit/537.36 (KHTML, like Gecko) Chrome/135.0.7049.95 Mobile Safari/537.36 (compatible; Googlebot/2.1; +http://www.google.com/bot.html)"
66.249.70.163 - - [23/Apr/2025:10:40:50 -0300] "POST /get-message-notify HTTP/1.1" 200 125360 "https://cursos-inmobiliarios-virtuales.bienesraicess.com/pcmypage?callback=/product%2Fdetail%2F86684383" "Mozilla/5.0 (Linux; Android 6.0.1; Nexus 5X Build/MMB29P) AppleWebKit/537.36 (KHTML, like Gecko) Chrome/134.0.6998.165 Mobile Safari/537.36 (compatible; Googlebot/2.1; +http://www.google.com/bot.html)"
66.249.70.174 - - [23/Apr/2025:10:40:51 -0300] "POST /get-message-notify HTTP/1.1" 200 125360 "https://cursos-inmobiliarios-virtuales.bienesraicess.com/pcmypage?callback=/product%2Fdetail%2F51549613" "Mozilla/5.0 (Linux; Android 6.0.1; Nexus 5X Build/MMB29P) AppleWebKit/537.36 (KHTML, like Gecko) Chrome/134.0.6998.165 Mobile Safari/537.36 (compatible; Googlebot/2.1; +http://www.google.com/bot.html)"
66.249.70.174 - - [23/Apr/2025:10:40:51 -0300] "GET /shop.php?shopdetail/28880954 HTTP/1.1" 200 137643 "-" "Mozilla/5.0 (Linux; Android 6.0.1; Nexus 5X Build/MMB29P) AppleWebKit/537.36 (KHTML, like Gecko) Chrome/135.0.7049.95 Mobile Safari/537.36 (compatible; Googlebot/2.1; +http://www.google.com/bot.html)"
66.249.70.164 - - [23/Apr/2025:10:40:53 -0300] "GET /shop.php?shopdetail/164217154 HTTP/1.1" 200 123763 "-" "Mozilla/5.0 (Linux; Android 6.0.1; Nexus 5X Build/MMB29P) AppleWebKit/537.36 (KHTML, like Gecko) Chrome/135.0.7049.95 Mobile Safari/537.36 (compatible; Googlebot/2.1; +http://www.google.com/bot.html)"
66.249.70.174 - - [23/Apr/2025:10:40:54 -0300] "GET /shop.php/feature/idol/gradol.html/shopdetail/122696054/shopdetail/95407254/cargo/detail/shopdetail/204335954/shopdetail/17524854/events/shopdetail/137863554/text/terms/shopdetail/61505354/pcmypage/shopdetail/227978254/shopdetail/130361854/product_archives/shopdetail/217951254/shopdetail/198026754/pcmypage/recruit/shopdetail/216471154/shopdetail/199320654/events/shopdetail/261506354/man/customer_guide/shopdetail/122760754/shopdetail/89483654/pcmypage//shopdetail/222403654 HTTP/1.1" 200 213657 "-" "Mozilla/5.0 (Linux; Android 6.0.1; Nexus 5X Build/MMB29P) AppleWebKit/537.36 (KHTML, like Gecko) Chrome/135.0.7049.95 Mobile Safari/537.36 (compatible; GoogleOther)"
66.249.70.164 - - [23/Apr/2025:10:40:55 -0300] "GET /shop.php?shopdetail/168648754 HTTP/1.1" 200 131933 "-" "Mozilla/5.0 (Linux; Android 6.0.1; Nexus 5X Build/MMB29P) AppleWebKit/537.36 (KHTML, like Gecko) Chrome/135.0.7049.95 Mobile Safari/537.36 (compatible; Googlebot/2.1; +http://www.google.com/bot.html)"
66.249.70.163 - - [23/Apr/2025:10:40:56 -0300] "GET /shopdetail/169368354 HTTP/1.1" 200 135325 "-" "Mozilla/5.0 (Linux; Android 6.0.1; Nexus 5X Build/MMB29P) AppleWebKit/537.36 (KHTML, like Gecko) Chrome/135.0.7049.95 Mobile Safari/537.36 (compatible; Googlebot/2.1; +http://www.google.com/bot.html)"
66.249.70.161 - - [23/Apr/2025:10:40:56 -0300] "GET /shopdetail/177066254 HTTP/1.1" 200 133505 "-" "Mozilla/5.0 (Linux; Android 6.0.1; Nexus 5X Build/MMB29P) AppleWebKit/537.36 (KHTML, like Gecko) Chrome/135.0.7049.95 Mobile Safari/537.36 (compatible; GoogleOther)"
66.249.70.163 - - [23/Apr/2025:10:40:57 -0300] "GET /shop.php?shopdetail/196156854 HTTP/1.1" 200 132216 "-" "Mozilla/5.0 (Linux; Android 6.0.1; Nexus 5X Build/MMB29P) AppleWebKit/537.36 (KHTML, like Gecko) Chrome/135.0.7049.95 Mobile Safari/537.36 (compatible; Googlebot/2.1; +http://www.google.com/bot.html)"
66.249.70.160 - - [23/Apr/2025:10:40:58 -0300] "POST /get-message-notify HTTP/1.1" 200 125360 "https://cursos-inmobiliarios-virtuales.bienesraicess.com/pcmypage?callback=product/review/24691171" "Mozilla/5.0 (Linux; Android 6.0.1; Nexus 5X Build/MMB29P) AppleWebKit/537.36 (KHTML, like Gecko) Chrome/134.0.6998.165 Mobile Safari/537.36 (compatible; Googlebot/2.1; +http://www.google.com/bot.html)"
66.249.70.162 - - [23/Apr/2025:10:40:59 -0300] "GET /shop.php?shopdetail/229556954 HTTP/1.1" 200 162037 "-" "Mozilla/5.0 (Linux; Android 6.0.1; Nexus 5X Build/MMB29P) AppleWebKit/537.36 (KHTML, like Gecko) Chrome/135.0.7049.95 Mobile Safari/537.36 (compatible; Googlebot/2.1; +http://www.google.com/bot.html)"
66.249.70.160 - - [23/Apr/2025:10:41:00 -0300] "GET /shop.php?shopdetail/170543354 HTTP/1.1" 200 144351 "-" "Mozilla/5.0 (Linux; Android 6.0.1; Nexus 5X Build/MMB29P) AppleWebKit/537.36 (KHTML, like Gecko) Chrome/135.0.7049.95 Mobile Safari/537.36 (compatible; Googlebot/2.1; +http://www.google.com/bot.html)"
66.249.70.164 - - [23/Apr/2025:10:41:01 -0300] "GET /pcmypage?callback=product/review/99032466 HTTP/1.1" 200 133594 "-" "Mozilla/5.0 (Linux; Android 6.0.1; Nexus 5X Build/MMB29P) AppleWebKit/537.36 (KHTML, like Gecko) Chrome/135.0.7049.95 Mobile Safari/537.36 (compatible; Googlebot/2.1; +http://www.google.com/bot.html)"
66.249.70.161 - - [23/Apr/2025:10:41:02 -0300] "GET /shopdetail/249570154 HTTP/1.1" 200 141863 "-" "Mozilla/5.0 (Linux; Android 6.0.1; Nexus 5X Build/MMB29P) AppleWebKit/537.36 (KHTML, like Gecko) Chrome/135.0.7049.95 Mobile Safari/537.36 (compatible; GoogleOther)"
66.249.70.162 - - [23/Apr/2025:10:41:03 -0300] "POST /get-message-notify HTTP/1.1" 200 125360 "https://cursos-inmobiliarios-virtuales.bienesraicess.com/shop.php?shopdetail/69934954" "Mozilla/5.0 (Linux; Android 6.0.1; Nexus 5X Build/MMB29P) AppleWebKit/537.36 (KHTML, like Gecko) Chrome/134.0.6998.165 Mobile Safari/537.36 (compatible; Googlebot/2.1; +http://www.google.com/bot.html)"
66.249.70.163 - - [23/Apr/2025:10:41:03 -0300] "GET /pcmypage?callback=product/review/20658164 HTTP/1.1" 200 162105 "-" "Mozilla/5.0 (Linux; Android 6.0.1; Nexus 5X Build/MMB29P) AppleWebKit/537.36 (KHTML, like Gecko) Chrome/135.0.7049.95 Mobile Safari/537.36 (compatible; GoogleOther)"
66.249.70.161 - - [23/Apr/2025:10:41:05 -0300] "GET /shop.php?shopdetail/133941454 HTTP/1.1" 200 160222 "-" "Mozilla/5.0 (Linux; Android 6.0.1; Nexus 5X Build/MMB29P) AppleWebKit/537.36 (KHTML, like Gecko) Chrome/135.0.7049.95 Mobile Safari/537.36 (compatible; Googlebot/2.1; +http://www.google.com/bot.html)"
66.249.70.161 - - [23/Apr/2025:10:41:05 -0300] "GET /shop.php?shopdetail/42793254 HTTP/1.1" 200 120383 "-" "Mozilla/5.0 (Linux; Android 6.0.1; Nexus 5X Build/MMB29P) AppleWebKit/537.36 (KHTML, like Gecko) Chrome/135.0.7049.95 Mobile Safari/537.36 (compatible; Googlebot/2.1; +http://www.google.com/bot.html)"
66.249.70.161 - - [23/Apr/2025:10:41:06 -0300] "GET /shop.php?shopdetail/244275154 HTTP/1.1" 200 131049 "-" "Mozilla/5.0 (Linux; Android 6.0.1; Nexus 5X Build/MMB29P) AppleWebKit/537.36 (KHTML, like Gecko) Chrome/135.0.7049.95 Mobile Safari/537.36 (compatible; Googlebot/2.1; +http://www.google.com/bot.html)"
66.249.70.161 - - [23/Apr/2025:10:41:07 -0300] "POST /get-message-notify HTTP/1.1" 200 125360 "https://cursos-inmobiliarios-virtuales.bienesraicess.com/shop.php?shopdetail/164217154" "Mozilla/5.0 (Linux; Android 6.0.1; Nexus 5X Build/MMB29P) AppleWebKit/537.36 (KHTML, like Gecko) Chrome/134.0.6998.165 Mobile Safari/537.36 (compatible; Googlebot/2.1; +http://www.google.com/bot.html)"
66.249.70.161 - - [23/Apr/2025:10:41:07 -0300] "POST /get-message-notify HTTP/1.1" 200 125360 "https://cursos-inmobiliarios-virtuales.bienesraicess.com/shopdetail/169368354" "Mozilla/5.0 (Linux; Android 6.0.1; Nexus 5X Build/MMB29P) AppleWebKit/537.36 (KHTML, like Gecko) Chrome/134.0.6998.165 Mobile Safari/537.36 (compatible; Googlebot/2.1; +http://www.google.com/bot.html)"
66.249.70.161 - - [23/Apr/2025:10:41:08 -0300] "GET /pcmypage?callback=product/review/86581224 HTTP/1.1" 200 137416 "-" "Mozilla/5.0 (Linux; Android 6.0.1; Nexus 5X Build/MMB29P) AppleWebKit/537.36 (KHTML, like Gecko) Chrome/135.0.7049.95 Mobile Safari/537.36 (compatible; Googlebot/2.1; +http://www.google.com/bot.html)"
66.249.70.162 - - [23/Apr/2025:10:41:09 -0300] "POST /get-message-notify HTTP/1.1" 200 125360 "https://cursos-inmobiliarios-virtuales.bienesraicess.com/shop.php?shopdetail/168648754" "Mozilla/5.0 (Linux; Android 6.0.1; Nexus 5X Build/MMB29P) AppleWebKit/537.36 (KHTML, like Gecko) Chrome/134.0.6998.165 Mobile Safari/537.36 (compatible; Googlebot/2.1; +http://www.google.com/bot.html)"
66.249.70.160 - - [23/Apr/2025:10:41:10 -0300] "GET /safe_search/config?return_url=%2Fproduct%2Fdetail%2F30080851 HTTP/1.1" 200 138299 "-" "Mozilla/5.0 (Linux; Android 6.0.1; Nexus 5X Build/MMB29P) AppleWebKit/537.36 (KHTML, like Gecko) Chrome/135.0.7049.95 Mobile Safari/537.36 (compatible; GoogleOther)"
66.249.70.161 - - [23/Apr/2025:10:41:09 -0300] "GET /shop.php?shopdetail/89349654 HTTP/1.1" 200 139088 "-" "Mozilla/5.0 (Linux; Android 6.0.1; Nexus 5X Build/MMB29P) AppleWebKit/537.36 (KHTML, like Gecko) Chrome/135.0.7049.95 Mobile Safari/537.36 (compatible; Googlebot/2.1; +http://www.google.com/bot.html)"
72.14.201.248 - - [23/Apr/2025:10:41:15 -0300] "GET /cursos/marketing-digital-inmobiliario-con-resultados.php HTTP/1.1" 200 27746 "https://www.google.com/" "Mozilla/5.0 (Windows NT 10.0; Win64; x64) AppleWebKit/537.36 (KHTML, like Gecko) Chrome/135.0.0.0 Safari/537.36"
66.249.70.161 - - [23/Apr/2025:10:41:12 -0300] "GET /shop.php?shopdetail/104474454 HTTP/1.1" 200 139292 "-" "Mozilla/5.0 (Linux; Android 6.0.1; Nexus 5X Build/MMB29P) AppleWebKit/537.36 (KHTML, like Gecko) Chrome/135.0.7049.95 Mobile Safari/537.36 (compatible; Googlebot/2.1; +http://www.google.com/bot.html)"
66.249.70.160 - - [23/Apr/2025:10:41:14 -0300] "POST /get-message-notify HTTP/1.1" 200 125360 "https://cursos-inmobiliarios-virtuales.bienesraicess.com/pcmypage?callback=/product%2Fdetail%2F06790361" "Mozilla/5.0 (Linux; Android 6.0.1; Nexus 5X Build/MMB29P) AppleWebKit/537.36 (KHTML, like Gecko) Chrome/134.0.6998.165 Mobile Safari/537.36 (compatible; Googlebot/2.1; +http://www.google.com/bot.html)"
66.249.70.174 - - [23/Apr/2025:10:41:13 -0300] "GET /shopdetail/96158154 HTTP/1.1" 200 129303 "-" "Mozilla/5.0 (Linux; Android 6.0.1; Nexus 5X Build/MMB29P) AppleWebKit/537.36 (KHTML, like Gecko) Chrome/135.0.7049.95 Mobile Safari/537.36 (compatible; GoogleOther)"
66.249.70.160 - - [23/Apr/2025:10:41:15 -0300] "GET /shopdetail/278565954 HTTP/1.1" 200 146392 "-" "Mozilla/5.0 (Linux; Android 6.0.1; Nexus 5X Build/MMB29P) AppleWebKit/537.36 (KHTML, like Gecko) Chrome/135.0.7049.95 Mobile Safari/537.36 (compatible; GoogleOther)"
66.249.70.174 - - [23/Apr/2025:10:41:16 -0300] "POST /get-message-notify HTTP/1.1" 200 125360 "https://cursos-inmobiliarios-virtuales.bienesraicess.com/pcmypage?callback=product/review/99032466" "Mozilla/5.0 (Linux; Android 6.0.1; Nexus 5X Build/MMB29P) AppleWebKit/537.36 (KHTML, like Gecko) Chrome/134.0.6998.165 Mobile Safari/537.36 (compatible; Googlebot/2.1; +http://www.google.com/bot.html)"
66.249.70.160 - - [23/Apr/2025:10:41:17 -0300] "GET /pcmypage?callback=product%2Fdetail%2F81187613 HTTP/1.1" 200 117725 "-" "Mozilla/5.0 (Linux; Android 6.0.1; Nexus 5X Build/MMB29P) AppleWebKit/537.36 (KHTML, like Gecko) Chrome/135.0.7049.95 Mobile Safari/537.36 (compatible; Googlebot/2.1; +http://www.google.com/bot.html)"
66.249.70.174 - - [23/Apr/2025:10:41:18 -0300] "GET /shop.php?shopdetail/73845054 HTTP/1.1" 200 123704 "-" "Mozilla/5.0 (Linux; Android 6.0.1; Nexus 5X Build/MMB29P) AppleWebKit/537.36 (KHTML, like Gecko) Chrome/135.0.7049.95 Mobile Safari/537.36 (compatible; Googlebot/2.1; +http://www.google.com/bot.html)"
66.249.70.174 - - [23/Apr/2025:10:41:17 -0300] "POST /get-message-notify HTTP/1.1" 200 125360 "https://cursos-inmobiliarios-virtuales.bienesraicess.com/pcmypage?callback=product/review/86581224" "Mozilla/5.0 (Linux; Android 6.0.1; Nexus 5X Build/MMB29P) AppleWebKit/537.36 (KHTML, like Gecko) Chrome/134.0.6998.165 Mobile Safari/537.36 (compatible; Googlebot/2.1; +http://www.google.com/bot.html)"
66.249.70.160 - - [23/Apr/2025:10:41:20 -0300] "GET /pcmypage?callback=/product%2Fdetail%2F77446832 HTTP/1.1" 200 143910 "-" "Mozilla/5.0 (Linux; Android 6.0.1; Nexus 5X Build/MMB29P) AppleWebKit/537.36 (KHTML, like Gecko) Chrome/135.0.7049.95 Mobile Safari/537.36 (compatible; Googlebot/2.1; +http://www.google.com/bot.html)"
66.249.70.160 - - [23/Apr/2025:10:41:22 -0300] "GET /shop.php?shopdetail/49497154 HTTP/1.1" 200 145870 "-" "Mozilla/5.0 (Linux; Android 6.0.1; Nexus 5X Build/MMB29P) AppleWebKit/537.36 (KHTML, like Gecko) Chrome/135.0.7049.95 Mobile Safari/537.36 (compatible; Googlebot/2.1; +http://www.google.com/bot.html)"
66.249.70.160 - - [23/Apr/2025:10:41:23 -0300] "GET /shop.php/feature/idol/gradol.html/shopdetail/8783854/shopdetail/171234154/events/affiliate/shopdetail/89127854/cargo/detail/shopdetail/197002354/shopdetail/140101454/pcmypage/shopdetail/207277854/shopdetail/247424354/recruit/shopdetail/204793854/shopdetail/235111854/product_archives/shopdetail/184183354/shopdetail/162530654 HTTP/1.1" 200 181246 "-" "Mozilla/5.0 (Linux; Android 6.0.1; Nexus 5X Build/MMB29P) AppleWebKit/537.36 (KHTML, like Gecko) Chrome/135.0.7049.95 Mobile Safari/537.36 (compatible; Googlebot/2.1; +http://www.google.com/bot.html)"
66.249.70.161 - - [23/Apr/2025:10:41:24 -0300] "GET /shopdetail/62872754 HTTP/1.1" 200 135377 "-" "Mozilla/5.0 (Linux; Android 6.0.1; Nexus 5X Build/MMB29P) AppleWebKit/537.36 (KHTML, like Gecko) Chrome/135.0.7049.95 Mobile Safari/537.36 (compatible; GoogleOther)"
66.249.70.174 - - [23/Apr/2025:10:41:25 -0300] "GET /shopdetail/270415854 HTTP/1.1" 200 132488 "-" "Mozilla/5.0 (Linux; Android 6.0.1; Nexus 5X Build/MMB29P) AppleWebKit/537.36 (KHTML, like Gecko) Chrome/135.0.7049.95 Mobile Safari/537.36 (compatible; GoogleOther)"
66.249.70.160 - - [23/Apr/2025:10:41:26 -0300] "GET /pcmypage?callback=/product%2Fdetail%2F92263595 HTTP/1.1" 200 136458 "-" "Mozilla/5.0 (Linux; Android 6.0.1; Nexus 5X Build/MMB29P) AppleWebKit/537.36 (KHTML, like Gecko) Chrome/135.0.7049.95 Mobile Safari/537.36 (compatible; Googlebot/2.1; +http://www.google.com/bot.html)"
66.249.70.160 - - [23/Apr/2025:10:41:29 -0300] "GET /shop.php?shopdetail/6154754 HTTP/1.1" 200 147226 "-" "Mozilla/5.0 (Linux; Android 6.0.1; Nexus 5X Build/MMB29P) AppleWebKit/537.36 (KHTML, like Gecko) Chrome/135.0.7049.95 Mobile Safari/537.36 (compatible; Googlebot/2.1; +http://www.google.com/bot.html)"
66.249.70.174 - - [23/Apr/2025:10:41:32 -0300] "GET /shop.php?shopdetail/174271454 HTTP/1.1" 200 124649 "-" "Mozilla/5.0 (Linux; Android 6.0.1; Nexus 5X Build/MMB29P) AppleWebKit/537.36 (KHTML, like Gecko) Chrome/135.0.7049.95 Mobile Safari/537.36 (compatible; Googlebot/2.1; +http://www.google.com/bot.html)"
66.249.70.160 - - [23/Apr/2025:10:41:32 -0300] "GET /shop.php?shopdetail/27935354 HTTP/1.1" 200 120656 "-" "Mozilla/5.0 (Linux; Android 6.0.1; Nexus 5X Build/MMB29P) AppleWebKit/537.36 (KHTML, like Gecko) Chrome/135.0.7049.95 Mobile Safari/537.36 (compatible; Googlebot/2.1; +http://www.google.com/bot.html)"
66.249.70.162 - - [23/Apr/2025:10:41:34 -0300] "GET /pcmypage?callback=product/review/54086646 HTTP/1.1" 200 147323 "-" "Mozilla/5.0 (Linux; Android 6.0.1; Nexus 5X Build/MMB29P) AppleWebKit/537.36 (KHTML, like Gecko) Chrome/135.0.7049.95 Mobile Safari/537.36 (compatible; Googlebot/2.1; +http://www.google.com/bot.html)"
66.249.70.162 - - [23/Apr/2025:10:41:34 -0300] "GET /shop.php/zhHant/product/surugaya/18082411?campaign_uid=f64d716db5e979ed2f947dbaf4296895b951ae7f HTTP/1.1" 200 150883 "-" "Mozilla/5.0 (Linux; Android 6.0.1; Nexus 5X Build/MMB29P) AppleWebKit/537.36 (KHTML, like Gecko) Chrome/135.0.7049.95 Mobile Safari/537.36 (compatible; GoogleOther)"
66.249.70.174 - - [23/Apr/2025:10:41:33 -0300] "GET /shopdetail/285909154 HTTP/1.1" 200 156846 "-" "Mozilla/5.0 (Linux; Android 6.0.1; Nexus 5X Build/MMB29P) AppleWebKit/537.36 (KHTML, like Gecko) Chrome/135.0.7049.95 Mobile Safari/537.36 (compatible; GoogleOther)"
66.249.70.161 - - [23/Apr/2025:10:41:35 -0300] "GET /pcmypage?callback=product%2Fdetail%2F12297053 HTTP/1.1" 200 134197 "-" "Mozilla/5.0 (Linux; Android 6.0.1; Nexus 5X Build/MMB29P) AppleWebKit/537.36 (KHTML, like Gecko) Chrome/135.0.7049.95 Mobile Safari/537.36 (compatible; Googlebot/2.1; +http://www.google.com/bot.html)"
66.249.70.174 - - [23/Apr/2025:10:41:37 -0300] "GET /shopdetail/55105654 HTTP/1.1" 200 127069 "-" "Mozilla/5.0 (Linux; Android 6.0.1; Nexus 5X Build/MMB29P) AppleWebKit/537.36 (KHTML, like Gecko) Chrome/135.0.7049.95 Mobile Safari/537.36 (compatible; Googlebot/2.1; +http://www.google.com/bot.html)"
66.249.70.162 - - [23/Apr/2025:10:41:37 -0300] "GET /shopdetail/198316454 HTTP/1.1" 200 124998 "-" "Mozilla/5.0 (Linux; Android 6.0.1; Nexus 5X Build/MMB29P) AppleWebKit/537.36 (KHTML, like Gecko) Chrome/135.0.7049.95 Mobile Safari/537.36 (compatible; Googlebot/2.1; +http://www.google.com/bot.html)"
66.249.70.162 - - [23/Apr/2025:10:41:38 -0300] "POST /get-message-notify HTTP/1.1" 200 125360 "https://cursos-inmobiliarios-virtuales.bienesraicess.com/shop.php/feature/idol/gradol.html/shopdetail/8783854/shopdetail/171234154/events/affiliate/shopdetail/89127854/cargo/detail/shopdetail/197002354/shopdetail/140101454/pcmypage/shopdetail/207277854/shopdetail/247424354/recruit/shopdetail/204793854/shopdetail/235111854/product_archives/shopdetail/184183354/shopdetail/162530654" "Mozilla/5.0 (Linux; Android 6.0.1; Nexus 5X Build/MMB29P) AppleWebKit/537.36 (KHTML, like Gecko) Chrome/134.0.6998.165 Mobile Safari/537.36 (compatible; Googlebot/2.1; +http://www.google.com/bot.html)"
66.249.70.161 - - [23/Apr/2025:10:41:39 -0300] "GET /shop.php?shopdetail/122816954 HTTP/1.1" 200 139977 "-" "Mozilla/5.0 (Linux; Android 6.0.1; Nexus 5X Build/MMB29P) AppleWebKit/537.36 (KHTML, like Gecko) Chrome/135.0.7049.95 Mobile Safari/537.36 (compatible; Googlebot/2.1; +http://www.google.com/bot.html)"
66.249.70.163 - - [23/Apr/2025:10:41:40 -0300] "GET /shop.php?shopdetail/138316854 HTTP/1.1" 200 163455 "-" "Mozilla/5.0 (Linux; Android 6.0.1; Nexus 5X Build/MMB29P) AppleWebKit/537.36 (KHTML, like Gecko) Chrome/135.0.7049.95 Mobile Safari/537.36 (compatible; Googlebot/2.1; +http://www.google.com/bot.html)"
66.249.70.174 - - [23/Apr/2025:10:41:41 -0300] "GET /pcmypage?callback=/product%2Fdetail%2F42247236 HTTP/1.1" 200 129076 "-" "Mozilla/5.0 (Linux; Android 6.0.1; Nexus 5X Build/MMB29P) AppleWebKit/537.36 (KHTML, like Gecko) Chrome/135.0.7049.95 Mobile Safari/537.36 (compatible; Googlebot/2.1; +http://www.google.com/bot.html)"
66.249.70.162 - - [23/Apr/2025:10:41:42 -0300] "GET /shop.php?shopdetail/48526854 HTTP/1.1" 200 132866 "-" "Mozilla/5.0 (Linux; Android 6.0.1; Nexus 5X Build/MMB29P) AppleWebKit/537.36 (KHTML, like Gecko) Chrome/135.0.7049.95 Mobile Safari/537.36 (compatible; Googlebot/2.1; +http://www.google.com/bot.html)"
66.249.70.174 - - [23/Apr/2025:10:41:44 -0300] "GET /shop.php?shopdetail/16702354 HTTP/1.1" 200 130970 "-" "Mozilla/5.0 (Linux; Android 6.0.1; Nexus 5X Build/MMB29P) AppleWebKit/537.36 (KHTML, like Gecko) Chrome/135.0.7049.95 Mobile Safari/537.36 (compatible; GoogleOther)"
66.249.70.174 - - [23/Apr/2025:10:41:44 -0300] "GET /shop.php?shopdetail/223918254 HTTP/1.1" 200 143796 "-" "Mozilla/5.0 (Linux; Android 6.0.1; Nexus 5X Build/MMB29P) AppleWebKit/537.36 (KHTML, like Gecko) Chrome/135.0.7049.95 Mobile Safari/537.36 (compatible; Googlebot/2.1; +http://www.google.com/bot.html)"
66.249.70.163 - - [23/Apr/2025:10:41:45 -0300] "GET /shopdetail/48436754 HTTP/1.1" 200 141064 "-" "Mozilla/5.0 (Linux; Android 6.0.1; Nexus 5X Build/MMB29P) AppleWebKit/537.36 (KHTML, like Gecko) Chrome/135.0.7049.95 Mobile Safari/537.36 (compatible; GoogleOther)"
66.249.70.161 - - [23/Apr/2025:10:41:46 -0300] "GET /shop.php?shopdetail/249179754 HTTP/1.1" 200 140355 "-" "Mozilla/5.0 (Linux; Android 6.0.1; Nexus 5X Build/MMB29P) AppleWebKit/537.36 (KHTML, like Gecko) Chrome/135.0.7049.95 Mobile Safari/537.36 (compatible; Googlebot/2.1; +http://www.google.com/bot.html)"
66.249.70.174 - - [23/Apr/2025:10:41:47 -0300] "GET /shopdetail/105309554 HTTP/1.1" 200 118626 "-" "Mozilla/5.0 (Linux; Android 6.0.1; Nexus 5X Build/MMB29P) AppleWebKit/537.36 (KHTML, like Gecko) Chrome/135.0.7049.95 Mobile Safari/537.36 (compatible; Googlebot/2.1; +http://www.google.com/bot.html)"
66.249.70.162 - - [23/Apr/2025:10:41:48 -0300] "GET /shop.php?shopdetail/67870954 HTTP/1.1" 200 146378 "-" "Mozilla/5.0 (Linux; Android 6.0.1; Nexus 5X Build/MMB29P) AppleWebKit/537.36 (KHTML, like Gecko) Chrome/135.0.7049.95 Mobile Safari/537.36 (compatible; Googlebot/2.1; +http://www.google.com/bot.html)"
66.249.70.163 - - [23/Apr/2025:10:41:48 -0300] "POST /get-message-notify HTTP/1.1" 200 125360 "https://cursos-inmobiliarios-virtuales.bienesraicess.com/shopdetail/55105654" "Mozilla/5.0 (Linux; Android 6.0.1; Nexus 5X Build/MMB29P) AppleWebKit/537.36 (KHTML, like Gecko) Chrome/134.0.6998.165 Mobile Safari/537.36 (compatible; Googlebot/2.1; +http://www.google.com/bot.html)"
66.249.70.162 - - [23/Apr/2025:10:41:49 -0300] "POST /get-message-notify HTTP/1.1" 200 125360 "https://cursos-inmobiliarios-virtuales.bienesraicess.com/shop.php?shopdetail/122816954" "Mozilla/5.0 (Linux; Android 6.0.1; Nexus 5X Build/MMB29P) AppleWebKit/537.36 (KHTML, like Gecko) Chrome/134.0.6998.165 Mobile Safari/537.36 (compatible; Googlebot/2.1; +http://www.google.com/bot.html)"
66.249.70.161 - - [23/Apr/2025:10:41:49 -0300] "GET /pcmypage?callback=/product%2Fdetail%2F88131110 HTTP/1.1" 200 145310 "-" "Mozilla/5.0 (Linux; Android 6.0.1; Nexus 5X Build/MMB29P) AppleWebKit/537.36 (KHTML, like Gecko) Chrome/135.0.7049.95 Mobile Safari/537.36 (compatible; Googlebot/2.1; +http://www.google.com/bot.html)"
66.249.70.160 - - [23/Apr/2025:10:41:50 -0300] "POST /get-message-notify HTTP/1.1" 200 125360 "https://cursos-inmobiliarios-virtuales.bienesraicess.com/shop.php?shopdetail/138316854" "Mozilla/5.0 (Linux; Android 6.0.1; Nexus 5X Build/MMB29P) AppleWebKit/537.36 (KHTML, like Gecko) Chrome/134.0.6998.165 Mobile Safari/537.36 (compatible; Googlebot/2.1; +http://www.google.com/bot.html)"
66.249.70.174 - - [23/Apr/2025:10:41:51 -0300] "GET /shopdetail/82082654 HTTP/1.1" 200 124723 "-" "Mozilla/5.0 (Linux; Android 6.0.1; Nexus 5X Build/MMB29P) AppleWebKit/537.36 (KHTML, like Gecko) Chrome/135.0.7049.95 Mobile Safari/537.36 (compatible; GoogleOther)"
66.249.70.174 - - [23/Apr/2025:10:41:51 -0300] "GET /shop.php?shopdetail/43807154 HTTP/1.1" 200 134124 "-" "Mozilla/5.0 (Linux; Android 6.0.1; Nexus 5X Build/MMB29P) AppleWebKit/537.36 (KHTML, like Gecko) Chrome/135.0.7049.95 Mobile Safari/537.36 (compatible; Googlebot/2.1; +http://www.google.com/bot.html)"
66.249.70.160 - - [23/Apr/2025:10:41:53 -0300] "GET /pcmypage?callback=product/review/04492457 HTTP/1.1" 200 148631 "-" "Mozilla/5.0 (Linux; Android 6.0.1; Nexus 5X Build/MMB29P) AppleWebKit/537.36 (KHTML, like Gecko) Chrome/135.0.7049.95 Mobile Safari/537.36 (compatible; Googlebot/2.1; +http://www.google.com/bot.html)"
66.249.70.174 - - [23/Apr/2025:10:41:55 -0300] "GET /shop.php?shopdetail/25450254 HTTP/1.1" 200 124692 "-" "Mozilla/5.0 (Linux; Android 6.0.1; Nexus 5X Build/MMB29P) AppleWebKit/537.36 (KHTML, like Gecko) Chrome/135.0.7049.95 Mobile Safari/537.36 (compatible; Googlebot/2.1; +http://www.google.com/bot.html)"
66.249.70.162 - - [23/Apr/2025:10:41:56 -0300] "POST /get-message-notify HTTP/1.1" 200 125360 "https://cursos-inmobiliarios-virtuales.bienesraicess.com/shop.php?shopdetail/42793254" "Mozilla/5.0 (Linux; Android 6.0.1; Nexus 5X Build/MMB29P) AppleWebKit/537.36 (KHTML, like Gecko) Chrome/134.0.6998.165 Mobile Safari/537.36 (compatible; Googlebot/2.1; +http://www.google.com/bot.html)"
66.249.70.174 - - [23/Apr/2025:10:41:56 -0300] "POST /get-message-notify HTTP/1.1" 200 125360 "https://cursos-inmobiliarios-virtuales.bienesraicess.com/pcmypage?callback=/product%2Fdetail%2F88131110" "Mozilla/5.0 (Linux; Android 6.0.1; Nexus 5X Build/MMB29P) AppleWebKit/537.36 (KHTML, like Gecko) Chrome/134.0.6998.165 Mobile Safari/537.36 (compatible; Googlebot/2.1; +http://www.google.com/bot.html)"
66.249.70.164 - - [23/Apr/2025:10:41:56 -0300] "GET /shop.php?shopdetail/158549354 HTTP/1.1" 200 135848 "-" "Mozilla/5.0 (Linux; Android 6.0.1; Nexus 5X Build/MMB29P) AppleWebKit/537.36 (KHTML, like Gecko) Chrome/135.0.7049.95 Mobile Safari/537.36 (compatible; Googlebot/2.1; +http://www.google.com/bot.html)"
66.249.70.165 - - [23/Apr/2025:10:41:58 -0300] "GET /pcmypage?callback=/product%2Fdetail%2F04492457 HTTP/1.1" 200 140864 "-" "Mozilla/5.0 (Linux; Android 6.0.1; Nexus 5X Build/MMB29P) AppleWebKit/537.36 (KHTML, like Gecko) Chrome/135.0.7049.95 Mobile Safari/537.36 (compatible; Googlebot/2.1; +http://www.google.com/bot.html)"
66.249.70.163 - - [23/Apr/2025:10:41:59 -0300] "GET /shop.php?shopdetail/132007854 HTTP/1.1" 200 140799 "-" "Mozilla/5.0 (Linux; Android 6.0.1; Nexus 5X Build/MMB29P) AppleWebKit/537.36 (KHTML, like Gecko) Chrome/135.0.7049.95 Mobile Safari/537.36 (compatible; Googlebot/2.1; +http://www.google.com/bot.html)"
66.249.70.162 - - [23/Apr/2025:10:41:59 -0300] "GET /shopdetail/186491854 HTTP/1.1" 200 145398 "-" "Mozilla/5.0 (Linux; Android 6.0.1; Nexus 5X Build/MMB29P) AppleWebKit/537.36 (KHTML, like Gecko) Chrome/135.0.7049.95 Mobile Safari/537.36 (compatible; GoogleOther)"
66.249.70.163 - - [23/Apr/2025:10:41:59 -0300] "GET /shop.php?shopdetail/127183054 HTTP/1.1" 200 143449 "-" "Mozilla/5.0 (Linux; Android 6.0.1; Nexus 5X Build/MMB29P) AppleWebKit/537.36 (KHTML, like Gecko) Chrome/135.0.7049.95 Mobile Safari/537.36 (compatible; Googlebot/2.1; +http://www.google.com/bot.html)"
66.249.70.160 - - [23/Apr/2025:10:42:01 -0300] "GET /shopdetail/352003454 HTTP/1.1" 200 130919 "-" "Mozilla/5.0 (Linux; Android 6.0.1; Nexus 5X Build/MMB29P) AppleWebKit/537.36 (KHTML, like Gecko) Chrome/135.0.7049.95 Mobile Safari/537.36 (compatible; GoogleOther)"
66.249.70.160 - - [23/Apr/2025:10:42:01 -0300] "POST /get-message-notify HTTP/1.1" 200 125360 "https://cursos-inmobiliarios-virtuales.bienesraicess.com/shop.php?shopdetail/43807154" "Mozilla/5.0 (Linux; Android 6.0.1; Nexus 5X Build/MMB29P) AppleWebKit/537.36 (KHTML, like Gecko) Chrome/134.0.6998.165 Mobile Safari/537.36 (compatible; Googlebot/2.1; +http://www.google.com/bot.html)"
66.249.70.162 - - [23/Apr/2025:10:42:01 -0300] "GET /shop.php?shopdetail/229881654 HTTP/1.1" 200 139230 "-" "Mozilla/5.0 (Linux; Android 6.0.1; Nexus 5X Build/MMB29P) AppleWebKit/537.36 (KHTML, like Gecko) Chrome/135.0.7049.95 Mobile Safari/537.36 (compatible; Googlebot/2.1; +http://www.google.com/bot.html)"
66.249.70.160 - - [23/Apr/2025:10:42:02 -0300] "POST /get-message-notify HTTP/1.1" 200 125360 "https://cursos-inmobiliarios-virtuales.bienesraicess.com/pcmypage?callback=/product%2Fdetail%2F81187613" "Mozilla/5.0 (Linux; Android 6.0.1; Nexus 5X Build/MMB29P) AppleWebKit/537.36 (KHTML, like Gecko) Chrome/134.0.6998.165 Mobile Safari/537.36 (compatible; Googlebot/2.1; +http://www.google.com/bot.html)"
66.249.70.161 - - [23/Apr/2025:10:42:03 -0300] "GET /shop.php?shopdetail/171232854 HTTP/1.1" 200 127059 "-" "Mozilla/5.0 (Linux; Android 6.0.1; Nexus 5X Build/MMB29P) AppleWebKit/537.36 (KHTML, like Gecko) Chrome/135.0.7049.95 Mobile Safari/537.36 (compatible; Googlebot/2.1; +http://www.google.com/bot.html)"
66.249.70.174 - - [23/Apr/2025:10:42:04 -0300] "GET /pcmypage?callback=/product%2Fdetail%2F91761318 HTTP/1.1" 200 149069 "-" "Mozilla/5.0 (Linux; Android 6.0.1; Nexus 5X Build/MMB29P) AppleWebKit/537.36 (KHTML, like Gecko) Chrome/135.0.7049.95 Mobile Safari/537.36 (compatible; Googlebot/2.1; +http://www.google.com/bot.html)"
66.249.70.162 - - [23/Apr/2025:10:42:06 -0300] "GET /shop.php?shopdetail/250717454 HTTP/1.1" 200 146769 "-" "Mozilla/5.0 (Linux; Android 6.0.1; Nexus 5X Build/MMB29P) AppleWebKit/537.36 (KHTML, like Gecko) Chrome/135.0.7049.95 Mobile Safari/537.36 (compatible; Googlebot/2.1; +http://www.google.com/bot.html)"
66.249.70.163 - - [23/Apr/2025:10:42:06 -0300] "GET /pcmypage?callback=product%2Fdetail%2F57171360 HTTP/1.1" 200 123635 "-" "Mozilla/5.0 (Linux; Android 6.0.1; Nexus 5X Build/MMB29P) AppleWebKit/537.36 (KHTML, like Gecko) Chrome/135.0.7049.95 Mobile Safari/537.36 (compatible; GoogleOther)"
66.249.70.160 - - [23/Apr/2025:10:42:07 -0300] "GET /shop.php?shopdetail/135870254 HTTP/1.1" 200 126969 "-" "Mozilla/5.0 (Linux; Android 6.0.1; Nexus 5X Build/MMB29P) AppleWebKit/537.36 (KHTML, like Gecko) Chrome/135.0.7049.95 Mobile Safari/537.36 (compatible; Googlebot/2.1; +http://www.google.com/bot.html)"
66.249.70.160 - - [23/Apr/2025:10:42:09 -0300] "POST /get-message-notify HTTP/1.1" 200 125360 "https://cursos-inmobiliarios-virtuales.bienesraicess.com/pcmypage?callback=product%2Fdetail%2F84544205" "Mozilla/5.0 (Linux; Android 6.0.1; Nexus 5X Build/MMB29P) AppleWebKit/537.36 (KHTML, like Gecko) Chrome/134.0.6998.165 Mobile Safari/537.36 (compatible; Googlebot/2.1; +http://www.google.com/bot.html)"
66.249.70.161 - - [23/Apr/2025:10:42:09 -0300] "GET /pcmypage?callback=product%2Fdetail%2F57693903 HTTP/1.1" 200 151884 "-" "Mozilla/5.0 (Linux; Android 6.0.1; Nexus 5X Build/MMB29P) AppleWebKit/537.36 (KHTML, like Gecko) Chrome/135.0.7049.95 Mobile Safari/537.36 (compatible; Googlebot/2.1; +http://www.google.com/bot.html)"
66.249.70.162 - - [23/Apr/2025:10:42:09 -0300] "GET /shop.php?shopdetail/9843554 HTTP/1.1" 200 121680 "-" "Mozilla/5.0 (Linux; Android 6.0.1; Nexus 5X Build/MMB29P) AppleWebKit/537.36 (KHTML, like Gecko) Chrome/135.0.7049.95 Mobile Safari/537.36 (compatible; GoogleOther)"
66.249.70.160 - - [23/Apr/2025:10:42:10 -0300] "GET /shop.php?shopdetail/95893154 HTTP/1.1" 200 145554 "-" "Mozilla/5.0 (Linux; Android 6.0.1; Nexus 5X Build/MMB29P) AppleWebKit/537.36 (KHTML, like Gecko) Chrome/135.0.7049.95 Mobile Safari/537.36 (compatible; Googlebot/2.1; +http://www.google.com/bot.html)"
66.249.70.160 - - [23/Apr/2025:10:42:11 -0300] "GET /shop.php/feature/idol/gradol.html/shopdetail/8783854/shopdetail/171234154/events/affiliate/shopdetail/89127854/cargo/detail/shopdetail/197002354/shopdetail/140101454/pcmypage/shopdetail/207277854/shopdetail/247424354/recruit/shopdetail/204793854/shopdetail/235111854/product_archives/shopdetail/16089454/shopdetail/84669354/hobby/boardgame/index.html HTTP/1.1" 200 184111 "-" "Mozilla/5.0 (Linux; Android 6.0.1; Nexus 5X Build/MMB29P) AppleWebKit/537.36 (KHTML, like Gecko) Chrome/135.0.7049.95 Mobile Safari/537.36 (compatible; GoogleOther)"
66.249.70.162 - - [23/Apr/2025:10:42:11 -0300] "GET /shop.php?shopdetail/223196654 HTTP/1.1" 200 131179 "-" "Mozilla/5.0 (Linux; Android 6.0.1; Nexus 5X Build/MMB29P) AppleWebKit/537.36 (KHTML, like Gecko) Chrome/135.0.7049.95 Mobile Safari/537.36 (compatible; Googlebot/2.1; +http://www.google.com/bot.html)"
66.249.70.160 - - [23/Apr/2025:10:42:13 -0300] "GET /shop.php?shopdetail/5756254 HTTP/1.1" 200 141419 "-" "Mozilla/5.0 (Linux; Android 6.0.1; Nexus 5X Build/MMB29P) AppleWebKit/537.36 (KHTML, like Gecko) Chrome/135.0.7049.95 Mobile Safari/537.36 (compatible; Googlebot/2.1; +http://www.google.com/bot.html)"
66.249.70.174 - - [23/Apr/2025:10:42:14 -0300] "GET /shop.php?shopdetail/162852854 HTTP/1.1" 200 125666 "-" "Mozilla/5.0 (Linux; Android 6.0.1; Nexus 5X Build/MMB29P) AppleWebKit/537.36 (KHTML, like Gecko) Chrome/135.0.7049.95 Mobile Safari/537.36 (compatible; Googlebot/2.1; +http://www.google.com/bot.html)"
66.249.70.161 - - [23/Apr/2025:10:42:15 -0300] "POST /get-message-notify HTTP/1.1" 200 125360 "https://cursos-inmobiliarios-virtuales.bienesraicess.com/shop.php?shopdetail/132007854" "Mozilla/5.0 (Linux; Android 6.0.1; Nexus 5X Build/MMB29P) AppleWebKit/537.36 (KHTML, like Gecko) Chrome/134.0.6998.165 Mobile Safari/537.36 (compatible; Googlebot/2.1; +http://www.google.com/bot.html)"
66.249.70.160 - - [23/Apr/2025:10:42:15 -0300] "POST /get-message-notify HTTP/1.1" 200 125360 "https://cursos-inmobiliarios-virtuales.bienesraicess.com/shop.php?shopdetail/229881654" "Mozilla/5.0 (Linux; Android 6.0.1; Nexus 5X Build/MMB29P) AppleWebKit/537.36 (KHTML, like Gecko) Chrome/134.0.6998.165 Mobile Safari/537.36 (compatible; Googlebot/2.1; +http://www.google.com/bot.html)"
66.249.70.174 - - [23/Apr/2025:10:42:14 -0300] "GET /shopdetail/275228254 HTTP/1.1" 200 317784 "-" "Mozilla/5.0 (Linux; Android 6.0.1; Nexus 5X Build/MMB29P) AppleWebKit/537.36 (KHTML, like Gecko) Chrome/135.0.7049.95 Mobile Safari/537.36 (compatible; GoogleOther)"
66.249.70.160 - - [23/Apr/2025:10:42:16 -0300] "GET /pcmypage?callback=/product%2Fdetail%2F42737006 HTTP/1.1" 200 135565 "-" "Mozilla/5.0 (Linux; Android 6.0.1; Nexus 5X Build/MMB29P) AppleWebKit/537.36 (KHTML, like Gecko) Chrome/135.0.7049.95 Mobile Safari/537.36 (compatible; Googlebot/2.1; +http://www.google.com/bot.html)"
66.249.70.174 - - [23/Apr/2025:10:42:18 -0300] "GET /shop.php?shopdetail/161720054 HTTP/1.1" 200 121893 "-" "Mozilla/5.0 (Linux; Android 6.0.1; Nexus 5X Build/MMB29P) AppleWebKit/537.36 (KHTML, like Gecko) Chrome/135.0.7049.95 Mobile Safari/537.36 (compatible; Googlebot/2.1; +http://www.google.com/bot.html)"
66.249.70.174 - - [23/Apr/2025:10:42:19 -0300] "GET /shop.php?shopdetail/73703754 HTTP/1.1" 200 131789 "-" "Mozilla/5.0 (Linux; Android 6.0.1; Nexus 5X Build/MMB29P) AppleWebKit/537.36 (KHTML, like Gecko) Chrome/135.0.7049.95 Mobile Safari/537.36 (compatible; Googlebot/2.1; +http://www.google.com/bot.html)"
66.249.70.160 - - [23/Apr/2025:10:42:19 -0300] "GET /pcmypage?callback=product%2Fdetail%2F43438264 HTTP/1.1" 200 127083 "-" "Mozilla/5.0 (Linux; Android 6.0.1; Nexus 5X Build/MMB29P) AppleWebKit/537.36 (KHTML, like Gecko) Chrome/135.0.7049.95 Mobile Safari/537.36 (compatible; Googlebot/2.1; +http://www.google.com/bot.html)"
66.249.70.161 - - [23/Apr/2025:10:42:20 -0300] "GET /pcmypage?callback=product%2Fdetail%2F32522395 HTTP/1.1" 200 134255 "-" "Mozilla/5.0 (Linux; Android 6.0.1; Nexus 5X Build/MMB29P) AppleWebKit/537.36 (KHTML, like Gecko) Chrome/135.0.7049.95 Mobile Safari/537.36 (compatible; Googlebot/2.1; +http://www.google.com/bot.html)"
66.249.70.174 - - [23/Apr/2025:10:42:21 -0300] "POST /get-message-notify HTTP/1.1" 200 125360 "https://cursos-inmobiliarios-virtuales.bienesraicess.com/shop.php?shopdetail/250717454" "Mozilla/5.0 (Linux; Android 6.0.1; Nexus 5X Build/MMB29P) AppleWebKit/537.36 (KHTML, like Gecko) Chrome/134.0.6998.165 Mobile Safari/537.36 (compatible; Googlebot/2.1; +http://www.google.com/bot.html)"
66.249.70.160 - - [23/Apr/2025:10:42:22 -0300] "GET /shop.php?shopdetail/138695754 HTTP/1.1" 200 122298 "-" "Mozilla/5.0 (Linux; Android 6.0.1; Nexus 5X Build/MMB29P) AppleWebKit/537.36 (KHTML, like Gecko) Chrome/135.0.7049.95 Mobile Safari/537.36 (compatible; Googlebot/2.1; +http://www.google.com/bot.html)"
66.249.70.161 - - [23/Apr/2025:10:42:21 -0300] "GET /shop.php/feature/idol/gradol.html/shopdetail/8783854/shopdetail/171234154/events/affiliate/shopdetail/89127854/cargo/detail/shopdetail/197002354/shopdetail/140101454/pcmypage/shopdetail/207277854/shopdetail/247424354/recruit/shopdetail/204793854/shopdetail/235111854/product_archives/shopdetail/198029054/pcmypage/zhHant/product/surugaya/60075739/shopdetail/231759954/shopdetail/105189854/feature/yokohama_maruicity/index.html HTTP/1.1" 200 208887 "-" "Mozilla/5.0 (Linux; Android 6.0.1; Nexus 5X Build/MMB29P) AppleWebKit/537.36 (KHTML, like Gecko) Chrome/135.0.7049.95 Mobile Safari/537.36 (compatible; GoogleOther)"
66.249.70.162 - - [23/Apr/2025:10:42:22 -0300] "GET /shopdetail/338769854 HTTP/1.1" 200 165001 "-" "Mozilla/5.0 (Linux; Android 6.0.1; Nexus 5X Build/MMB29P) AppleWebKit/537.36 (KHTML, like Gecko) Chrome/135.0.7049.95 Mobile Safari/537.36 (compatible; GoogleOther)"
66.249.70.160 - - [23/Apr/2025:10:42:24 -0300] "GET /pcmypage?callback=product%2Fdetail%2F42737006 HTTP/1.1" 200 119771 "-" "Mozilla/5.0 (Linux; Android 6.0.1; Nexus 5X Build/MMB29P) AppleWebKit/537.36 (KHTML, like Gecko) Chrome/135.0.7049.95 Mobile Safari/537.36 (compatible; Googlebot/2.1; +http://www.google.com/bot.html)"
66.249.70.160 - - [23/Apr/2025:10:42:24 -0300] "POST /get-message-notify HTTP/1.1" 200 125360 "https://cursos-inmobiliarios-virtuales.bienesraicess.com/pcmypage?callback=product%2Fdetail%2F57693903" "Mozilla/5.0 (Linux; Android 6.0.1; Nexus 5X Build/MMB29P) AppleWebKit/537.36 (KHTML, like Gecko) Chrome/134.0.6998.165 Mobile Safari/537.36 (compatible; Googlebot/2.1; +http://www.google.com/bot.html)"
66.249.70.174 - - [23/Apr/2025:10:42:24 -0300] "GET /shop.php?shopdetail/208565654 HTTP/1.1" 200 134280 "-" "Mozilla/5.0 (Linux; Android 6.0.1; Nexus 5X Build/MMB29P) AppleWebKit/537.36 (KHTML, like Gecko) Chrome/135.0.7049.95 Mobile Safari/537.36 (compatible; Googlebot/2.1; +http://www.google.com/bot.html)"
66.249.70.161 - - [23/Apr/2025:10:42:26 -0300] "GET /shop.php?shopdetail/81507154 HTTP/1.1" 200 125447 "-" "Mozilla/5.0 (Linux; Android 6.0.1; Nexus 5X Build/MMB29P) AppleWebKit/537.36 (KHTML, like Gecko) Chrome/135.0.7049.95 Mobile Safari/537.36 (compatible; Googlebot/2.1; +http://www.google.com/bot.html)"
66.249.70.174 - - [23/Apr/2025:10:42:26 -0300] "POST /get-message-notify HTTP/1.1" 200 125360 "https://cursos-inmobiliarios-virtuales.bienesraicess.com/pcmypage?callback=product/review/54086646" "Mozilla/5.0 (Linux; Android 6.0.1; Nexus 5X Build/MMB29P) AppleWebKit/537.36 (KHTML, like Gecko) Chrome/134.0.6998.165 Mobile Safari/537.36 (compatible; Googlebot/2.1; +http://www.google.com/bot.html)"
66.249.70.174 - - [23/Apr/2025:10:42:27 -0300] "GET /shop.php?shopdetail/191309154 HTTP/1.1" 200 119884 "-" "Mozilla/5.0 (Linux; Android 6.0.1; Nexus 5X Build/MMB29P) AppleWebKit/537.36 (KHTML, like Gecko) Chrome/135.0.7049.95 Mobile Safari/537.36 (compatible; Googlebot/2.1; +http://www.google.com/bot.html)"
66.249.70.160 - - [23/Apr/2025:10:42:28 -0300] "POST /get-message-notify HTTP/1.1" 200 125360 "https://cursos-inmobiliarios-virtuales.bienesraicess.com/shop.php?shopdetail/73703754" "Mozilla/5.0 (Linux; Android 6.0.1; Nexus 5X Build/MMB29P) AppleWebKit/537.36 (KHTML, like Gecko) Chrome/134.0.6998.165 Mobile Safari/537.36 (compatible; Googlebot/2.1; +http://www.google.com/bot.html)"
66.249.70.161 - - [23/Apr/2025:10:42:29 -0300] "GET /shop.php?shopdetail/18181254 HTTP/1.1" 200 139038 "-" "Mozilla/5.0 (Linux; Android 6.0.1; Nexus 5X Build/MMB29P) AppleWebKit/537.36 (KHTML, like Gecko) Chrome/135.0.7049.95 Mobile Safari/537.36 (compatible; Googlebot/2.1; +http://www.google.com/bot.html)"
66.249.70.174 - - [23/Apr/2025:10:42:30 -0300] "GET /shop.php?shopdetail/8824954 HTTP/1.1" 200 131513 "-" "Mozilla/5.0 (Linux; Android 6.0.1; Nexus 5X Build/MMB29P) AppleWebKit/537.36 (KHTML, like Gecko) Chrome/135.0.7049.95 Mobile Safari/537.36 (compatible; Googlebot/2.1; +http://www.google.com/bot.html)"
66.249.70.160 - - [23/Apr/2025:10:42:31 -0300] "GET /shop.php?shopdetail/55213654 HTTP/1.1" 200 130780 "-" "Mozilla/5.0 (Linux; Android 6.0.1; Nexus 5X Build/MMB29P) AppleWebKit/537.36 (KHTML, like Gecko) Chrome/135.0.7049.95 Mobile Safari/537.36 (compatible; Googlebot/2.1; +http://www.google.com/bot.html)"
66.249.70.162 - - [23/Apr/2025:10:42:31 -0300] "GET /shopdetail/129663554 HTTP/1.1" 200 133119 "-" "Mozilla/5.0 (Linux; Android 6.0.1; Nexus 5X Build/MMB29P) AppleWebKit/537.36 (KHTML, like Gecko) Chrome/135.0.7049.95 Mobile Safari/537.36 (compatible; GoogleOther)"
66.249.70.174 - - [23/Apr/2025:10:42:33 -0300] "GET /shopdetail/207674754 HTTP/1.1" 200 133885 "-" "Mozilla/5.0 (Linux; Android 6.0.1; Nexus 5X Build/MMB29P) AppleWebKit/537.36 (KHTML, like Gecko) Chrome/135.0.7049.95 Mobile Safari/537.36 (compatible; GoogleOther)"
66.249.70.174 - - [23/Apr/2025:10:42:33 -0300] "GET /shop.php?shopdetail/236503354 HTTP/1.1" 200 126602 "-" "Mozilla/5.0 (Linux; Android 6.0.1; Nexus 5X Build/MMB29P) AppleWebKit/537.36 (KHTML, like Gecko) Chrome/135.0.7049.95 Mobile Safari/537.36 (compatible; Googlebot/2.1; +http://www.google.com/bot.html)"
66.249.70.160 - - [23/Apr/2025:10:42:35 -0300] "POST /get-message-notify HTTP/1.1" 200 125360 "https://cursos-inmobiliarios-virtuales.bienesraicess.com/shop.php?shopdetail/191309154" "Mozilla/5.0 (Linux; Android 6.0.1; Nexus 5X Build/MMB29P) AppleWebKit/537.36 (KHTML, like Gecko) Chrome/134.0.6998.165 Mobile Safari/537.36 (compatible; Googlebot/2.1; +http://www.google.com/bot.html)"
66.249.70.174 - - [23/Apr/2025:10:42:35 -0300] "GET /shop.php?shopdetail/257424754 HTTP/1.1" 200 132160 "-" "Mozilla/5.0 (Linux; Android 6.0.1; Nexus 5X Build/MMB29P) AppleWebKit/537.36 (KHTML, like Gecko) Chrome/135.0.7049.95 Mobile Safari/537.36 (compatible; Googlebot/2.1; +http://www.google.com/bot.html)"
66.249.70.160 - - [23/Apr/2025:10:42:35 -0300] "GET /shopdetail/316266354 HTTP/1.1" 200 127697 "-" "Mozilla/5.0 (Linux; Android 6.0.1; Nexus 5X Build/MMB29P) AppleWebKit/537.36 (KHTML, like Gecko) Chrome/135.0.7049.95 Mobile Safari/537.36 (compatible; Googlebot/2.1; +http://www.google.com/bot.html)"
66.249.70.163 - - [23/Apr/2025:10:42:38 -0300] "GET /shop.php?shopdetail/165149054 HTTP/1.1" 200 125891 "-" "Mozilla/5.0 (Linux; Android 6.0.1; Nexus 5X Build/MMB29P) AppleWebKit/537.36 (KHTML, like Gecko) Chrome/135.0.7049.95 Mobile Safari/537.36 (compatible; Googlebot/2.1; +http://www.google.com/bot.html)"
66.249.70.174 - - [23/Apr/2025:10:42:39 -0300] "GET /shopdetail/335400554 HTTP/1.1" 200 126140 "-" "Mozilla/5.0 (Linux; Android 6.0.1; Nexus 5X Build/MMB29P) AppleWebKit/537.36 (KHTML, like Gecko) Chrome/135.0.7049.95 Mobile Safari/537.36 (compatible; GoogleOther)"
66.249.70.164 - - [23/Apr/2025:10:42:40 -0300] "GET /shop.php?shopdetail/259587754 HTTP/1.1" 200 129761 "-" "Mozilla/5.0 (Linux; Android 6.0.1; Nexus 5X Build/MMB29P) AppleWebKit/537.36 (KHTML, like Gecko) Chrome/135.0.7049.95 Mobile Safari/537.36 (compatible; Googlebot/2.1; +http://www.google.com/bot.html)"
66.249.70.163 - - [23/Apr/2025:10:42:40 -0300] "GET /shopdetail/78508954 HTTP/1.1" 200 127601 "-" "Mozilla/5.0 (Linux; Android 6.0.1; Nexus 5X Build/MMB29P) AppleWebKit/537.36 (KHTML, like Gecko) Chrome/135.0.7049.95 Mobile Safari/537.36 (compatible; GoogleOther)"
66.249.70.162 - - [23/Apr/2025:10:42:42 -0300] "POST /get-message-notify HTTP/1.1" 200 125360 "https://cursos-inmobiliarios-virtuales.bienesraicess.com/shop.php?shopdetail/236503354" "Mozilla/5.0 (Linux; Android 6.0.1; Nexus 5X Build/MMB29P) AppleWebKit/537.36 (KHTML, like Gecko) Chrome/134.0.6998.165 Mobile Safari/537.36 (compatible; Googlebot/2.1; +http://www.google.com/bot.html)"
66.249.70.161 - - [23/Apr/2025:10:42:43 -0300] "GET /shop.php?shopdetail/105855654 HTTP/1.1" 200 139357 "-" "Mozilla/5.0 (Linux; Android 6.0.1; Nexus 5X Build/MMB29P) AppleWebKit/537.36 (KHTML, like Gecko) Chrome/135.0.7049.95 Mobile Safari/537.36 (compatible; Googlebot/2.1; +http://www.google.com/bot.html)"
66.249.70.162 - - [23/Apr/2025:10:42:45 -0300] "GET /shop.php?shopdetail/126279954 HTTP/1.1" 200 146038 "-" "Mozilla/5.0 (Linux; Android 6.0.1; Nexus 5X Build/MMB29P) AppleWebKit/537.36 (KHTML, like Gecko) Chrome/135.0.7049.95 Mobile Safari/537.36 (compatible; Googlebot/2.1; +http://www.google.com/bot.html)"
66.249.70.160 - - [23/Apr/2025:10:42:45 -0300] "GET /shopdetail/188444054 HTTP/1.1" 200 130772 "-" "Mozilla/5.0 (Linux; Android 6.0.1; Nexus 5X Build/MMB29P) AppleWebKit/537.36 (KHTML, like Gecko) Chrome/135.0.7049.95 Mobile Safari/537.36 (compatible; GoogleOther)"
66.249.70.160 - - [23/Apr/2025:10:42:46 -0300] "GET /shopdetail/175082454 HTTP/1.1" 200 126657 "-" "Mozilla/5.0 (Linux; Android 6.0.1; Nexus 5X Build/MMB29P) AppleWebKit/537.36 (KHTML, like Gecko) Chrome/135.0.7049.95 Mobile Safari/537.36 (compatible; GoogleOther)"
66.249.70.163 - - [23/Apr/2025:10:42:47 -0300] "GET /shop.php?shopdetail/186000154 HTTP/1.1" 200 128073 "-" "Mozilla/5.0 (Linux; Android 6.0.1; Nexus 5X Build/MMB29P) AppleWebKit/537.36 (KHTML, like Gecko) Chrome/135.0.7049.95 Mobile Safari/537.36 (compatible; Googlebot/2.1; +http://www.google.com/bot.html)"
66.249.70.164 - - [23/Apr/2025:10:42:47 -0300] "POST /get-message-notify HTTP/1.1" 200 125360 "https://cursos-inmobiliarios-virtuales.bienesraicess.com/shopdetail/316266354" "Mozilla/5.0 (Linux; Android 6.0.1; Nexus 5X Build/MMB29P) AppleWebKit/537.36 (KHTML, like Gecko) Chrome/134.0.6998.165 Mobile Safari/537.36 (compatible; Googlebot/2.1; +http://www.google.com/bot.html)"
66.249.70.161 - - [23/Apr/2025:10:42:48 -0300] "POST /get-message-notify HTTP/1.1" 200 125360 "https://cursos-inmobiliarios-virtuales.bienesraicess.com/shop.php?shopdetail/257424754" "Mozilla/5.0 (Linux; Android 6.0.1; Nexus 5X Build/MMB29P) AppleWebKit/537.36 (KHTML, like Gecko) Chrome/134.0.6998.165 Mobile Safari/537.36 (compatible; Googlebot/2.1; +http://www.google.com/bot.html)"
66.249.70.164 - - [23/Apr/2025:10:42:48 -0300] "GET /pcmypage?callback=/product%2Fdetail%2F34506759 HTTP/1.1" 200 133828 "-" "Mozilla/5.0 (Linux; Android 6.0.1; Nexus 5X Build/MMB29P) AppleWebKit/537.36 (KHTML, like Gecko) Chrome/135.0.7049.95 Mobile Safari/537.36 (compatible; Googlebot/2.1; +http://www.google.com/bot.html)"
66.249.70.174 - - [23/Apr/2025:10:42:51 -0300] "GET /pcmypage?callback=product%2Fdetail%2F34506759 HTTP/1.1" 200 123538 "-" "Mozilla/5.0 (Linux; Android 6.0.1; Nexus 5X Build/MMB29P) AppleWebKit/537.36 (KHTML, like Gecko) Chrome/135.0.7049.95 Mobile Safari/537.36 (compatible; Googlebot/2.1; +http://www.google.com/bot.html)"
66.249.70.165 - - [23/Apr/2025:10:42:50 -0300] "GET /shop.php?shopdetail/82794454 HTTP/1.1" 200 134216 "-" "Mozilla/5.0 (Linux; Android 6.0.1; Nexus 5X Build/MMB29P) AppleWebKit/537.36 (KHTML, like Gecko) Chrome/135.0.7049.95 Mobile Safari/537.36 (compatible; Googlebot/2.1; +http://www.google.com/bot.html)"
66.249.70.164 - - [23/Apr/2025:10:42:51 -0300] "GET /shop.php?shopdetail/50580154 HTTP/1.1" 200 128393 "-" "Mozilla/5.0 (Linux; Android 6.0.1; Nexus 5X Build/MMB29P) AppleWebKit/537.36 (KHTML, like Gecko) Chrome/135.0.7049.95 Mobile Safari/537.36 (compatible; Googlebot/2.1; +http://www.google.com/bot.html)"
66.249.70.161 - - [23/Apr/2025:10:42:52 -0300] "GET /shopdetail/335503854 HTTP/1.1" 200 125543 "-" "Mozilla/5.0 (Linux; Android 6.0.1; Nexus 5X Build/MMB29P) AppleWebKit/537.36 (KHTML, like Gecko) Chrome/135.0.7049.95 Mobile Safari/537.36 (compatible; GoogleOther)"
66.249.70.165 - - [23/Apr/2025:10:42:53 -0300] "GET /pcmypage?callback=/product%2Fdetail%2F35119591 HTTP/1.1" 200 139690 "-" "Mozilla/5.0 (Linux; Android 6.0.1; Nexus 5X Build/MMB29P) AppleWebKit/537.36 (KHTML, like Gecko) Chrome/135.0.7049.95 Mobile Safari/537.36 (compatible; Googlebot/2.1; +http://www.google.com/bot.html)"
66.249.70.165 - - [23/Apr/2025:10:42:53 -0300] "GET /shopdetail/207232654 HTTP/1.1" 200 146245 "-" "Mozilla/5.0 (Linux; Android 6.0.1; Nexus 5X Build/MMB29P) AppleWebKit/537.36 (KHTML, like Gecko) Chrome/135.0.7049.95 Mobile Safari/537.36 (compatible; GoogleOther)"
66.249.70.163 - - [23/Apr/2025:10:42:55 -0300] "POST /get-message-notify HTTP/1.1" 200 125360 "https://cursos-inmobiliarios-virtuales.bienesraicess.com/shop.php?shopdetail/105855654" "Mozilla/5.0 (Linux; Android 6.0.1; Nexus 5X Build/MMB29P) AppleWebKit/537.36 (KHTML, like Gecko) Chrome/134.0.6998.165 Mobile Safari/537.36 (compatible; Googlebot/2.1; +http://www.google.com/bot.html)"
66.249.70.165 - - [23/Apr/2025:10:42:55 -0300] "POST /get-message-notify HTTP/1.1" 200 125360 "https://cursos-inmobiliarios-virtuales.bienesraicess.com/shop.php?shopdetail/126279954" "Mozilla/5.0 (Linux; Android 6.0.1; Nexus 5X Build/MMB29P) AppleWebKit/537.36 (KHTML, like Gecko) Chrome/134.0.6998.165 Mobile Safari/537.36 (compatible; Googlebot/2.1; +http://www.google.com/bot.html)"
66.249.70.161 - - [23/Apr/2025:10:42:55 -0300] "GET /shop.php?shopdetail/253126754 HTTP/1.1" 200 128669 "-" "Mozilla/5.0 (Linux; Android 6.0.1; Nexus 5X Build/MMB29P) AppleWebKit/537.36 (KHTML, like Gecko) Chrome/135.0.7049.95 Mobile Safari/537.36 (compatible; Googlebot/2.1; +http://www.google.com/bot.html)"
66.249.70.160 - - [23/Apr/2025:10:42:57 -0300] "POST /get-message-notify HTTP/1.1" 200 125360 "https://cursos-inmobiliarios-virtuales.bienesraicess.com/shop.php?shopdetail/186000154" "Mozilla/5.0 (Linux; Android 6.0.1; Nexus 5X Build/MMB29P) AppleWebKit/537.36 (KHTML, like Gecko) Chrome/134.0.6998.165 Mobile Safari/537.36 (compatible; Googlebot/2.1; +http://www.google.com/bot.html)"
