66.249.70.164 - - [23/Apr/2025:09:56:58 -0300] "GET /shopdetail/215529454 HTTP/1.1" 200 143055 "-" "Mozilla/5.0 (Linux; Android 6.0.1; Nexus 5X Build/MMB29P) AppleWebKit/537.36 (KHTML, like Gecko) Chrome/135.0.7049.95 Mobile Safari/537.36 (compatible; Googlebot/2.1; +http://www.google.com/bot.html)"
66.249.70.163 - - [23/Apr/2025:09:57:01 -0300] "GET /shop.php?shopdetail/13624054 HTTP/1.1" 200 132922 "-" "Mozilla/5.0 (Linux; Android 6.0.1; Nexus 5X Build/MMB29P) AppleWebKit/537.36 (KHTML, like Gecko) Chrome/135.0.7049.95 Mobile Safari/537.36 (compatible; Googlebot/2.1; +http://www.google.com/bot.html)"
66.249.70.161 - - [23/Apr/2025:09:57:01 -0300] "GET /shop.php/feature/idol/gradol.html/shopdetail/122696054/shopdetail/95407254/cargo/detail/shopdetail/204335954/shopdetail/17524854/events/shopdetail/137863554/text/terms/shopdetail/61505354/pcmypage/shopdetail/227978254/shopdetail/130361854/product_archives/shopdetail/217951254/shopdetail/21856554/pcmypage/recruit/shopdetail/13203154/cargo/detail/events/shopdetail/78012154/shopdetail/85671954 HTTP/1.1" 200 208316 "-" "Mozilla/5.0 (Linux; Android 6.0.1; Nexus 5X Build/MMB29P) AppleWebKit/537.36 (KHTML, like Gecko) Chrome/135.0.7049.95 Mobile Safari/537.36 (compatible; GoogleOther)"
66.249.70.162 - - [23/Apr/2025:09:57:02 -0300] "GET /shop.php?shopdetail/64490154 HTTP/1.1" 200 122932 "-" "Mozilla/5.0 (Linux; Android 6.0.1; Nexus 5X Build/MMB29P) AppleWebKit/537.36 (KHTML, like Gecko) Chrome/135.0.7049.95 Mobile Safari/537.36 (compatible; Googlebot/2.1; +http://www.google.com/bot.html)"
66.249.70.162 - - [23/Apr/2025:09:57:04 -0300] "GET /shop.php?shopdetail/176439154 HTTP/1.1" 200 120289 "-" "Mozilla/5.0 (Linux; Android 6.0.1; Nexus 5X Build/MMB29P) AppleWebKit/537.36 (KHTML, like Gecko) Chrome/135.0.7049.95 Mobile Safari/537.36 (compatible; Googlebot/2.1; +http://www.google.com/bot.html)"
66.249.70.174 - - [23/Apr/2025:09:57:04 -0300] "GET /shopdetail/224423854 HTTP/1.1" 200 127819 "-" "Mozilla/5.0 (Linux; Android 6.0.1; Nexus 5X Build/MMB29P) AppleWebKit/537.36 (KHTML, like Gecko) Chrome/135.0.7049.95 Mobile Safari/537.36 (compatible; Googlebot/2.1; +http://www.google.com/bot.html)"
66.249.70.162 - - [23/Apr/2025:09:57:06 -0300] "GET /pcmypage?callback=/product%2Fdetail%2F22469074 HTTP/1.1" 200 144015 "-" "Mozilla/5.0 (Linux; Android 6.0.1; Nexus 5X Build/MMB29P) AppleWebKit/537.36 (KHTML, like Gecko) Chrome/135.0.7049.95 Mobile Safari/537.36 (compatible; Googlebot/2.1; +http://www.google.com/bot.html)"
66.249.70.161 - - [23/Apr/2025:09:57:08 -0300] "GET /pcmypage?callback=product/review/86263184 HTTP/1.1" 200 122303 "-" "Mozilla/5.0 (Linux; Android 6.0.1; Nexus 5X Build/MMB29P) AppleWebKit/537.36 (KHTML, like Gecko) Chrome/135.0.7049.95 Mobile Safari/537.36 (compatible; Googlebot/2.1; +http://www.google.com/bot.html)"
66.249.70.160 - - [23/Apr/2025:09:57:11 -0300] "GET /shop.php/feature/idol/gradol.html/shopdetail/8783854/shopdetail/171234154/events/affiliate/shopdetail/89127854/shopdetail/11456654/product_archives/shopdetail/8800654/shopdetail/88025554/man/customer_guide/recruit/shopdetail/54377254/shopdetail/138414054/product_archives/text/terms/product/edit/11446542/shopdetail/37944154/cargo/detail/shopdetail/92418854/shopdetail/12528054 HTTP/1.1" 200 203756 "-" "Mozilla/5.0 (Linux; Android 6.0.1; Nexus 5X Build/MMB29P) AppleWebKit/537.36 (KHTML, like Gecko) Chrome/135.0.7049.95 Mobile Safari/537.36 (compatible; GoogleOther)"
66.249.70.174 - - [23/Apr/2025:09:57:11 -0300] "GET /pcmypage?callback=product/review/97066358 HTTP/1.1" 200 138207 "-" "Mozilla/5.0 (Linux; Android 6.0.1; Nexus 5X Build/MMB29P) AppleWebKit/537.36 (KHTML, like Gecko) Chrome/135.0.7049.95 Mobile Safari/537.36 (compatible; Googlebot/2.1; +http://www.google.com/bot.html)"
66.249.70.174 - - [23/Apr/2025:09:57:13 -0300] "GET /pcmypage?callback=product%2Fdetail%2F72088696 HTTP/1.1" 200 124022 "-" "Mozilla/5.0 (Linux; Android 6.0.1; Nexus 5X Build/MMB29P) AppleWebKit/537.36 (KHTML, like Gecko) Chrome/135.0.7049.95 Mobile Safari/537.36 (compatible; Googlebot/2.1; +http://www.google.com/bot.html)"
66.249.70.174 - - [23/Apr/2025:09:57:14 -0300] "GET /pcmypage?callback=product/review/32144925 HTTP/1.1" 200 121980 "-" "Mozilla/5.0 (Linux; Android 6.0.1; Nexus 5X Build/MMB29P) AppleWebKit/537.36 (KHTML, like Gecko) Chrome/135.0.7049.95 Mobile Safari/537.36 (compatible; Googlebot/2.1; +http://www.google.com/bot.html)"
66.249.70.160 - - [23/Apr/2025:09:57:15 -0300] "GET /shop.php?shopdetail/184533054 HTTP/1.1" 200 143594 "-" "Mozilla/5.0 (Linux; Android 6.0.1; Nexus 5X Build/MMB29P) AppleWebKit/537.36 (KHTML, like Gecko) Chrome/135.0.7049.95 Mobile Safari/537.36 (compatible; Googlebot/2.1; +http://www.google.com/bot.html)"
66.249.70.174 - - [23/Apr/2025:09:57:15 -0300] "GET /pcmypage?callback=product%2Fdetail%2F82863174 HTTP/1.1" 200 129359 "-" "Mozilla/5.0 (Linux; Android 6.0.1; Nexus 5X Build/MMB29P) AppleWebKit/537.36 (KHTML, like Gecko) Chrome/135.0.7049.95 Mobile Safari/537.36 (compatible; Googlebot/2.1; +http://www.google.com/bot.html)"
66.249.70.160 - - [23/Apr/2025:09:57:16 -0300] "GET /shop.php?shopdetail/220992354 HTTP/1.1" 200 124160 "-" "Mozilla/5.0 (Linux; Android 6.0.1; Nexus 5X Build/MMB29P) AppleWebKit/537.36 (KHTML, like Gecko) Chrome/135.0.7049.95 Mobile Safari/537.36 (compatible; Googlebot/2.1; +http://www.google.com/bot.html)"
66.249.70.160 - - [23/Apr/2025:09:57:18 -0300] "POST /get-message-notify HTTP/1.1" 200 125360 "https://cursos-inmobiliarios-virtuales.bienesraicess.com/shop.php/feature/idol/gradol.html/shopdetail/8783854/shopdetail/171234154/events/affiliate/shopdetail/89127854/shopdetail/11456654/product_archives/shopdetail/8800654/shopdetail/88025554/man/customer_guide/recruit/shopdetail/8135554/shopdetail/38895754" "Mozilla/5.0 (Linux; Android 6.0.1; Nexus 5X Build/MMB29P) AppleWebKit/537.36 (KHTML, like Gecko) Chrome/134.0.6998.165 Mobile Safari/537.36 (compatible; Googlebot/2.1; +http://www.google.com/bot.html)"
66.249.70.174 - - [23/Apr/2025:09:57:18 -0300] "GET /shop.php?shopdetail/231539954 HTTP/1.1" 200 148502 "-" "Mozilla/5.0 (Linux; Android 6.0.1; Nexus 5X Build/MMB29P) AppleWebKit/537.36 (KHTML, like Gecko) Chrome/135.0.7049.95 Mobile Safari/537.36 (compatible; Googlebot/2.1; +http://www.google.com/bot.html)"
66.249.70.174 - - [23/Apr/2025:09:57:19 -0300] "GET /shop.php/feature/idol/gradol.html/shopdetail/8783854/shopdetail/171234154/events/affiliate/shopdetail/89127854/cargo/detail/shopdetail/197002354/shopdetail/140101454/pcmypage/shopdetail/207277854/shopdetail/247424354/recruit/shopdetail/204793854/shopdetail/235111854/product_archives/shopdetail/168697854/shopdetail/14454654/avsoft.html HTTP/1.1" 200 174349 "-" "Mozilla/5.0 (Linux; Android 6.0.1; Nexus 5X Build/MMB29P) AppleWebKit/537.36 (KHTML, like Gecko) Chrome/135.0.7049.95 Mobile Safari/537.36 (compatible; GoogleOther)"
66.249.70.160 - - [23/Apr/2025:09:57:20 -0300] "GET /pcmypage?callback=product/review/26626213 HTTP/1.1" 200 143802 "-" "Mozilla/5.0 (Linux; Android 6.0.1; Nexus 5X Build/MMB29P) AppleWebKit/537.36 (KHTML, like Gecko) Chrome/135.0.7049.95 Mobile Safari/537.36 (compatible; Googlebot/2.1; +http://www.google.com/bot.html)"
66.249.70.160 - - [23/Apr/2025:09:57:21 -0300] "GET /pcmypage?callback=product/review/88438736 HTTP/1.1" 200 134999 "-" "Mozilla/5.0 (Linux; Android 6.0.1; Nexus 5X Build/MMB29P) AppleWebKit/537.36 (KHTML, like Gecko) Chrome/135.0.7049.95 Mobile Safari/537.36 (compatible; Googlebot/2.1; +http://www.google.com/bot.html)"
66.249.70.174 - - [23/Apr/2025:09:57:22 -0300] "POST /get-message-notify HTTP/1.1" 200 125360 "https://cursos-inmobiliarios-virtuales.bienesraicess.com/pcmypage?callback=/product%2Fdetail%2F22469074" "Mozilla/5.0 (Linux; Android 6.0.1; Nexus 5X Build/MMB29P) AppleWebKit/537.36 (KHTML, like Gecko) Chrome/134.0.6998.165 Mobile Safari/537.36 (compatible; Googlebot/2.1; +http://www.google.com/bot.html)"
66.249.70.160 - - [23/Apr/2025:09:57:23 -0300] "POST /get-message-notify HTTP/1.1" 200 125360 "https://cursos-inmobiliarios-virtuales.bienesraicess.com/pcmypage?callback=product/review/86263184" "Mozilla/5.0 (Linux; Android 6.0.1; Nexus 5X Build/MMB29P) AppleWebKit/537.36 (KHTML, like Gecko) Chrome/134.0.6998.165 Mobile Safari/537.36 (compatible; Googlebot/2.1; +http://www.google.com/bot.html)"
66.249.70.174 - - [23/Apr/2025:09:57:23 -0300] "GET /shop.php?shopdetail/181119654 HTTP/1.1" 200 138280 "-" "Mozilla/5.0 (Linux; Android 6.0.1; Nexus 5X Build/MMB29P) AppleWebKit/537.36 (KHTML, like Gecko) Chrome/135.0.7049.95 Mobile Safari/537.36 (compatible; Googlebot/2.1; +http://www.google.com/bot.html)"
66.249.70.174 - - [23/Apr/2025:09:57:25 -0300] "GET /pcmypage?callback=product%2Fdetail%2F84011474 HTTP/1.1" 200 133049 "-" "Mozilla/5.0 (Linux; Android 6.0.1; Nexus 5X Build/MMB29P) AppleWebKit/537.36 (KHTML, like Gecko) Chrome/135.0.7049.95 Mobile Safari/537.36 (compatible; Googlebot/2.1; +http://www.google.com/bot.html)"
66.249.70.174 - - [23/Apr/2025:09:57:26 -0300] "GET /pcmypage?callback=product%2Fdetail%2F67615020 HTTP/1.1" 200 123752 "-" "Mozilla/5.0 (Linux; Android 6.0.1; Nexus 5X Build/MMB29P) AppleWebKit/537.36 (KHTML, like Gecko) Chrome/135.0.7049.95 Mobile Safari/537.36 (compatible; Googlebot/2.1; +http://www.google.com/bot.html)"
66.249.70.161 - - [23/Apr/2025:09:57:27 -0300] "GET /shop.php/feature/idol/gradol.html/shopdetail/8783854/shopdetail/171234154/events/affiliate/shopdetail/89127854/cargo/detail/shopdetail/197002354/shopdetail/140101454/pcmypage/shopdetail/207277854/shopdetail/247424354/recruit/shopdetail/100956554/toreka/goods_menu.html HTTP/1.1" 200 174105 "-" "Mozilla/5.0 (Linux; Android 6.0.1; Nexus 5X Build/MMB29P) AppleWebKit/537.36 (KHTML, like Gecko) Chrome/135.0.7049.95 Mobile Safari/537.36 (compatible; GoogleOther)"
66.249.70.160 - - [23/Apr/2025:09:57:29 -0300] "POST /get-message-notify HTTP/1.1" 200 125360 "https://cursos-inmobiliarios-virtuales.bienesraicess.com/pcmypage?callback=product/review/88438736" "Mozilla/5.0 (Linux; Android 6.0.1; Nexus 5X Build/MMB29P) AppleWebKit/537.36 (KHTML, like Gecko) Chrome/134.0.6998.165 Mobile Safari/537.36 (compatible; Googlebot/2.1; +http://www.google.com/bot.html)"
66.249.70.161 - - [23/Apr/2025:09:57:30 -0300] "GET /shop.php?shopdetail/5935754 HTTP/1.1" 200 120484 "-" "Mozilla/5.0 (Linux; Android 6.0.1; Nexus 5X Build/MMB29P) AppleWebKit/537.36 (KHTML, like Gecko) Chrome/135.0.7049.95 Mobile Safari/537.36 (compatible; Googlebot/2.1; +http://www.google.com/bot.html)"
66.249.70.174 - - [23/Apr/2025:09:57:31 -0300] "GET /pcmypage?callback=product/review/36383353 HTTP/1.1" 200 124157 "-" "Mozilla/5.0 (Linux; Android 6.0.1; Nexus 5X Build/MMB29P) AppleWebKit/537.36 (KHTML, like Gecko) Chrome/135.0.7049.95 Mobile Safari/537.36 (compatible; Googlebot/2.1; +http://www.google.com/bot.html)"
66.249.70.161 - - [23/Apr/2025:09:57:32 -0300] "GET /pcmypage?callback=/product%2Fdetail%2F92217172 HTTP/1.1" 200 136503 "-" "Mozilla/5.0 (Linux; Android 6.0.1; Nexus 5X Build/MMB29P) AppleWebKit/537.36 (KHTML, like Gecko) Chrome/135.0.7049.95 Mobile Safari/537.36 (compatible; Googlebot/2.1; +http://www.google.com/bot.html)"
66.249.70.160 - - [23/Apr/2025:09:57:34 -0300] "GET /pcmypage?callback=/product%2Fdetail%2F16994682 HTTP/1.1" 200 144177 "-" "Mozilla/5.0 (Linux; Android 6.0.1; Nexus 5X Build/MMB29P) AppleWebKit/537.36 (KHTML, like Gecko) Chrome/135.0.7049.95 Mobile Safari/537.36 (compatible; Googlebot/2.1; +http://www.google.com/bot.html)"
66.249.70.161 - - [23/Apr/2025:09:57:35 -0300] "POST /get-message-notify HTTP/1.1" 200 125360 "https://cursos-inmobiliarios-virtuales.bienesraicess.com/pcmypage?callback=product%2Fdetail%2F84011474" "Mozilla/5.0 (Linux; Android 6.0.1; Nexus 5X Build/MMB29P) AppleWebKit/537.36 (KHTML, like Gecko) Chrome/134.0.6998.165 Mobile Safari/537.36 (compatible; Googlebot/2.1; +http://www.google.com/bot.html)"
66.249.70.162 - - [23/Apr/2025:09:57:35 -0300] "GET /shop.php/feature/idol/gradol.html/shopdetail/122696054/shopdetail/95407254/cargo/detail/shopdetail/204335954/shopdetail/17524854/events/shopdetail/137863554/text/terms/shopdetail/61505354/pcmypage/shopdetail/227978254/shopdetail/130361854/product_archives/shopdetail/217951254/shopdetail/198026754/pcmypage/recruit/shopdetail/216471154/shopdetail/199320654/events/pcmypage/shopdetail/64215354 HTTP/1.1" 200 199482 "-" "Mozilla/5.0 (Linux; Android 6.0.1; Nexus 5X Build/MMB29P) AppleWebKit/537.36 (KHTML, like Gecko) Chrome/135.0.7049.95 Mobile Safari/537.36 (compatible; GoogleOther)"
66.249.70.161 - - [23/Apr/2025:09:57:39 -0300] "GET /pcmypage?callback=product/review/76866143 HTTP/1.1" 200 121929 "-" "Mozilla/5.0 (Linux; Android 6.0.1; Nexus 5X Build/MMB29P) AppleWebKit/537.36 (KHTML, like Gecko) Chrome/135.0.7049.95 Mobile Safari/537.36 (compatible; Googlebot/2.1; +http://www.google.com/bot.html)"
66.249.70.160 - - [23/Apr/2025:09:57:38 -0300] "GET /shopdetail/61963554 HTTP/1.1" 200 133967 "-" "Mozilla/5.0 (Linux; Android 6.0.1; Nexus 5X Build/MMB29P) AppleWebKit/537.36 (KHTML, like Gecko) Chrome/135.0.7049.95 Mobile Safari/537.36 (compatible; Googlebot/2.1; +http://www.google.com/bot.html)"
66.249.70.162 - - [23/Apr/2025:09:57:42 -0300] "GET /pcmypage?callback=product%2Fdetail%2F36383353 HTTP/1.1" 200 125817 "-" "Mozilla/5.0 (Linux; Android 6.0.1; Nexus 5X Build/MMB29P) AppleWebKit/537.36 (KHTML, like Gecko) Chrome/135.0.7049.95 Mobile Safari/537.36 (compatible; Googlebot/2.1; +http://www.google.com/bot.html)"
66.249.70.161 - - [23/Apr/2025:09:57:42 -0300] "GET /pcmypage?callback=/product%2Fdetail%2F66266090 HTTP/1.1" 200 171062 "-" "Mozilla/5.0 (Linux; Android 6.0.1; Nexus 5X Build/MMB29P) AppleWebKit/537.36 (KHTML, like Gecko) Chrome/135.0.7049.95 Mobile Safari/537.36 (compatible; Googlebot/2.1; +http://www.google.com/bot.html)"
66.249.70.174 - - [23/Apr/2025:09:57:42 -0300] "GET /shopdetail/297320854 HTTP/1.1" 200 145064 "-" "Mozilla/5.0 (Linux; Android 6.0.1; Nexus 5X Build/MMB29P) AppleWebKit/537.36 (KHTML, like Gecko) Chrome/135.0.7049.95 Mobile Safari/537.36 (compatible; Googlebot/2.1; +http://www.google.com/bot.html)"
66.249.70.162 - - [23/Apr/2025:09:57:44 -0300] "GET /shop.php/feature/idol/gradol.html/shopdetail/122696054/shopdetail/95407254/cargo/detail/shopdetail/204335954/shopdetail/17524854/events/shopdetail/137863554/text/terms/shopdetail/61505354/pcmypage/shopdetail/227978254/shopdetail/130361854/product_archives/shopdetail/217951254/shopdetail/21856554/pcmypage/recruit/shopdetail/13203154/shopdetail/252667754/man/customer_guide/shopdetail/85796454/shopdetail/46425454/pcmypage/shopdetail/95187954/affiliate/shopdetail/148226954/shopdetail/107228654/product_archives HTTP/1.1" 200 228389 "-" "Mozilla/5.0 (Linux; Android 6.0.1; Nexus 5X Build/MMB29P) AppleWebKit/537.36 (KHTML, like Gecko) Chrome/135.0.7049.95 Mobile Safari/537.36 (compatible; Googlebot/2.1; +http://www.google.com/bot.html)"
66.249.70.161 - - [23/Apr/2025:09:57:47 -0300] "GET /shopdetail/378898154 HTTP/1.1" 200 144327 "-" "Mozilla/5.0 (Linux; Android 6.0.1; Nexus 5X Build/MMB29P) AppleWebKit/537.36 (KHTML, like Gecko) Chrome/135.0.7049.95 Mobile Safari/537.36 (compatible; Googlebot/2.1; +http://www.google.com/bot.html)"
66.249.70.160 - - [23/Apr/2025:09:57:48 -0300] "GET /shop.php/feature/idol/gradol.html/shopdetail/8783854/shopdetail/171234154/events/affiliate/shopdetail/89127854/cargo/detail/shopdetail/197002354/shopdetail/140101454/pcmypage/shopdetail/207277854/shopdetail/247424354/recruit/product_archives/shopdetail/124145854/shopdetail/209189254/text/terms/pcmypage?callback=/product%2Fdetail%2F72128798 HTTP/1.1" 200 169910 "-" "Mozilla/5.0 (Linux; Android 6.0.1; Nexus 5X Build/MMB29P) AppleWebKit/537.36 (KHTML, like Gecko) Chrome/135.0.7049.95 Mobile Safari/537.36 (compatible; GoogleOther)"
66.249.70.163 - - [23/Apr/2025:09:57:48 -0300] "GET /pcmypage?callback=product%2Fdetail%2F76866143 HTTP/1.1" 200 128555 "-" "Mozilla/5.0 (Linux; Android 6.0.1; Nexus 5X Build/MMB29P) AppleWebKit/537.36 (KHTML, like Gecko) Chrome/135.0.7049.95 Mobile Safari/537.36 (compatible; Googlebot/2.1; +http://www.google.com/bot.html)"
66.249.70.162 - - [23/Apr/2025:09:57:49 -0300] "GET /pcmypage?callback=product%2Fdetail%2F97243035 HTTP/1.1" 200 133146 "-" "Mozilla/5.0 (Linux; Android 6.0.1; Nexus 5X Build/MMB29P) AppleWebKit/537.36 (KHTML, like Gecko) Chrome/135.0.7049.95 Mobile Safari/537.36 (compatible; Googlebot/2.1; +http://www.google.com/bot.html)"
66.249.70.161 - - [23/Apr/2025:09:57:50 -0300] "GET /pcmypage?callback=product%2Fdetail%2F84566879 HTTP/1.1" 200 145726 "-" "Mozilla/5.0 (Linux; Android 6.0.1; Nexus 5X Build/MMB29P) AppleWebKit/537.36 (KHTML, like Gecko) Chrome/135.0.7049.95 Mobile Safari/537.36 (compatible; Googlebot/2.1; +http://www.google.com/bot.html)"
66.249.70.160 - - [23/Apr/2025:09:57:51 -0300] "POST /get-message-notify HTTP/1.1" 200 125360 "https://cursos-inmobiliarios-virtuales.bienesraicess.com/pcmypage?callback=product%2Fdetail%2F36383353" "Mozilla/5.0 (Linux; Android 6.0.1; Nexus 5X Build/MMB29P) AppleWebKit/537.36 (KHTML, like Gecko) Chrome/134.0.6998.165 Mobile Safari/537.36 (compatible; Googlebot/2.1; +http://www.google.com/bot.html)"
66.249.70.160 - - [23/Apr/2025:09:57:53 -0300] "GET /pcmypage?callback=product%2Fdetail%2F46535506 HTTP/1.1" 200 125223 "-" "Mozilla/5.0 (Linux; Android 6.0.1; Nexus 5X Build/MMB29P) AppleWebKit/537.36 (KHTML, like Gecko) Chrome/135.0.7049.95 Mobile Safari/537.36 (compatible; Googlebot/2.1; +http://www.google.com/bot.html)"
66.249.70.164 - - [23/Apr/2025:09:57:53 -0300] "GET /shopdetail/10995054 HTTP/1.1" 200 143867 "-" "Mozilla/5.0 (Linux; Android 6.0.1; Nexus 5X Build/MMB29P) AppleWebKit/537.36 (KHTML, like Gecko) Chrome/135.0.7049.95 Mobile Safari/537.36 (compatible; Googlebot/2.1; +http://www.google.com/bot.html)"
66.249.70.161 - - [23/Apr/2025:09:57:54 -0300] "GET /shop.php/feature/idol/gradol.html/shopdetail/8783854/shopdetail/171234154/events/affiliate/shopdetail/89127854/cargo/detail/shopdetail/197002354/shopdetail/140101454/pcmypage/shopdetail/207277854/shopdetail/247424354/recruit/shopdetail/204793854/shopdetail/235111854/text/terms/shopdetail/52680354/oreka/plamodel_menu.html HTTP/1.1" 200 176108 "-" "Mozilla/5.0 (Linux; Android 6.0.1; Nexus 5X Build/MMB29P) AppleWebKit/537.36 (KHTML, like Gecko) Chrome/135.0.7049.95 Mobile Safari/537.36 (compatible; GoogleOther)"
66.249.70.174 - - [23/Apr/2025:09:57:56 -0300] "GET /pcmypage?callback=product/review/21632408 HTTP/1.1" 200 140106 "-" "Mozilla/5.0 (Linux; Android 6.0.1; Nexus 5X Build/MMB29P) AppleWebKit/537.36 (KHTML, like Gecko) Chrome/135.0.7049.95 Mobile Safari/537.36 (compatible; Googlebot/2.1; +http://www.google.com/bot.html)"
66.249.70.174 - - [23/Apr/2025:09:57:55 -0300] "GET /shop.php/feature/idol/gradol.html/shopdetail/122696054/shopdetail/95407254/cargo/detail/shopdetail/204335954/shopdetail/17524854/events/shopdetail/137863554/text/terms/shopdetail/61505354/pcmypage/shopdetail/227978254/shopdetail/130361854/product_archives/shopdetail/209834754/cargo/detail/shopdetail/44446854/feature/index.html HTTP/1.1" 200 194504 "-" "Mozilla/5.0 (Linux; Android 6.0.1; Nexus 5X Build/MMB29P) AppleWebKit/537.36 (KHTML, like Gecko) Chrome/135.0.7049.95 Mobile Safari/537.36 (compatible; GoogleOther)"
66.249.70.164 - - [23/Apr/2025:09:57:56 -0300] "POST /get-message-notify HTTP/1.1" 200 125360 "https://cursos-inmobiliarios-virtuales.bienesraicess.com/shop.php/feature/idol/gradol.html/shopdetail/8783854/shopdetail/171234154/events/affiliate/shopdetail/89127854/cargo/detail/shopdetail/197002354/shopdetail/140101454/pcmypage/shopdetail/207277854/shopdetail/247424354/recruit/product_archives/shopdetail/124145854/shopdetail/209189254/text/terms/pcmypage?callback=/product%2Fdetail%2F72128798" "Mozilla/5.0 (Linux; Android 6.0.1; Nexus 5X Build/MMB29P) AppleWebKit/537.36 (KHTML, like Gecko) Chrome/134.0.6998.165 Mobile Safari/537.36 (compatible; Googlebot/2.1; +http://www.google.com/bot.html)"
66.249.70.161 - - [23/Apr/2025:09:57:56 -0300] "GET /shop.php?shopdetail/16499254 HTTP/1.1" 200 166589 "-" "Mozilla/5.0 (Linux; Android 6.0.1; Nexus 5X Build/MMB29P) AppleWebKit/537.36 (KHTML, like Gecko) Chrome/135.0.7049.95 Mobile Safari/537.36 (compatible; Googlebot/2.1; +http://www.google.com/bot.html)"
66.249.70.163 - - [23/Apr/2025:09:57:58 -0300] "GET /pcmypage?callback=/product%2Fdetail%2F12801190 HTTP/1.1" 200 128322 "-" "Mozilla/5.0 (Linux; Android 6.0.1; Nexus 5X Build/MMB29P) AppleWebKit/537.36 (KHTML, like Gecko) Chrome/135.0.7049.95 Mobile Safari/537.36 (compatible; Googlebot/2.1; +http://www.google.com/bot.html)"
66.249.70.163 - - [23/Apr/2025:09:57:59 -0300] "GET /pcmypage?callback=product/review/88755249 HTTP/1.1" 200 121290 "-" "Mozilla/5.0 (Linux; Android 6.0.1; Nexus 5X Build/MMB29P) AppleWebKit/537.36 (KHTML, like Gecko) Chrome/135.0.7049.95 Mobile Safari/537.36 (compatible; Googlebot/2.1; +http://www.google.com/bot.html)"
66.249.70.162 - - [23/Apr/2025:09:58:01 -0300] "POST /get-message-notify HTTP/1.1" 200 125360 "https://cursos-inmobiliarios-virtuales.bienesraicess.com/pcmypage?callback=product%2Fdetail%2F97243035" "Mozilla/5.0 (Linux; Android 6.0.1; Nexus 5X Build/MMB29P) AppleWebKit/537.36 (KHTML, like Gecko) Chrome/134.0.6998.165 Mobile Safari/537.36 (compatible; Googlebot/2.1; +http://www.google.com/bot.html)"
66.249.70.163 - - [23/Apr/2025:09:58:01 -0300] "GET /shop.php?shopdetail/253863654 HTTP/1.1" 200 123938 "-" "Mozilla/5.0 (Linux; Android 6.0.1; Nexus 5X Build/MMB29P) AppleWebKit/537.36 (KHTML, like Gecko) Chrome/135.0.7049.95 Mobile Safari/537.36 (compatible; Googlebot/2.1; +http://www.google.com/bot.html)"
66.249.70.163 - - [23/Apr/2025:09:58:01 -0300] "POST /get-message-notify HTTP/1.1" 200 125360 "https://cursos-inmobiliarios-virtuales.bienesraicess.com/pcmypage?callback=product/review/76866143" "Mozilla/5.0 (Linux; Android 6.0.1; Nexus 5X Build/MMB29P) AppleWebKit/537.36 (KHTML, like Gecko) Chrome/134.0.6998.165 Mobile Safari/537.36 (compatible; Googlebot/2.1; +http://www.google.com/bot.html)"
66.249.70.161 - - [23/Apr/2025:09:58:01 -0300] "GET /shop.php/feature/idol/gradol.html/shopdetail/122696054/shopdetail/95407254/cargo/detail/shopdetail/204335954/shopdetail/17524854/events/shopdetail/137863554/text/terms/shopdetail/61505354/pcmypage/shopdetail/227978254/shopdetail/130361854/product_archives/shopdetail/175085254/product/edit/56781431/shopdetail/127691054 HTTP/1.1" 200 179495 "-" "Mozilla/5.0 (Linux; Android 6.0.1; Nexus 5X Build/MMB29P) AppleWebKit/537.36 (KHTML, like Gecko) Chrome/135.0.7049.95 Mobile Safari/537.36 (compatible; GoogleOther)"
66.249.70.163 - - [23/Apr/2025:09:58:05 -0300] "GET /pcmypage?callback=product/review/68265372 HTTP/1.1" 200 122641 "-" "Mozilla/5.0 (Linux; Android 6.0.1; Nexus 5X Build/MMB29P) AppleWebKit/537.36 (KHTML, like Gecko) Chrome/135.0.7049.95 Mobile Safari/537.36 (compatible; Googlebot/2.1; +http://www.google.com/bot.html)"
66.249.70.162 - - [23/Apr/2025:09:58:06 -0300] "GET /shop.php?shopdetail/240665754 HTTP/1.1" 200 133520 "-" "Mozilla/5.0 (Linux; Android 6.0.1; Nexus 5X Build/MMB29P) AppleWebKit/537.36 (KHTML, like Gecko) Chrome/135.0.7049.95 Mobile Safari/537.36 (compatible; Googlebot/2.1; +http://www.google.com/bot.html)"
66.249.70.161 - - [23/Apr/2025:09:58:08 -0300] "GET /pcmypage?callback=product/review/27524434 HTTP/1.1" 200 159058 "-" "Mozilla/5.0 (Linux; Android 6.0.1; Nexus 5X Build/MMB29P) AppleWebKit/537.36 (KHTML, like Gecko) Chrome/135.0.7049.95 Mobile Safari/537.36 (compatible; Googlebot/2.1; +http://www.google.com/bot.html)"
66.249.70.162 - - [23/Apr/2025:09:58:08 -0300] "GET /shop.php/feature/idol/gradol.html/shopdetail/122696054/shopdetail/95407254/cargo/detail/shopdetail/204335954/shopdetail/17524854/events/shopdetail/137863554/text/terms/shopdetail/61505354/pcmypage/shopdetail/227978254/shopdetail/130361854/product_archives/shopdetail/217951254/shopdetail/198026754/pcmypage/recruit/shopdetail/216471154/shopdetail/199320654/events/pcmypage/shopdetail/184036854 HTTP/1.1" 200 196318 "-" "Mozilla/5.0 (Linux; Android 6.0.1; Nexus 5X Build/MMB29P) AppleWebKit/537.36 (KHTML, like Gecko) Chrome/135.0.7049.95 Mobile Safari/537.36 (compatible; GoogleOther)"
66.249.70.161 - - [23/Apr/2025:09:58:10 -0300] "GET /shop.php?shopdetail/46316754 HTTP/1.1" 200 132276 "-" "Mozilla/5.0 (Linux; Android 6.0.1; Nexus 5X Build/MMB29P) AppleWebKit/537.36 (KHTML, like Gecko) Chrome/135.0.7049.95 Mobile Safari/537.36 (compatible; Googlebot/2.1; +http://www.google.com/bot.html)"
66.249.70.161 - - [23/Apr/2025:09:58:10 -0300] "GET /shop.php/feature/idol/gradol.html/shopdetail/122696054/shopdetail/95407254/cargo/detail/shopdetail/204335954/shopdetail/17524854/events/shopdetail/137863554/text/terms/shopdetail/61505354/pcmypage/shopdetail/235360754/cargo/detail/shopdetail/156251354/shopdetail/229348554/affiliate/shopdetail/186380254/shopdetail/114232654/boyslove.html HTTP/1.1" 200 183388 "-" "Mozilla/5.0 (Linux; Android 6.0.1; Nexus 5X Build/MMB29P) AppleWebKit/537.36 (KHTML, like Gecko) Chrome/135.0.7049.95 Mobile Safari/537.36 (compatible; GoogleOther)"
66.249.70.174 - - [23/Apr/2025:09:58:13 -0300] "GET /shop.php?shopdetail/45118954 HTTP/1.1" 200 145826 "-" "Mozilla/5.0 (Linux; Android 6.0.1; Nexus 5X Build/MMB29P) AppleWebKit/537.36 (KHTML, like Gecko) Chrome/135.0.7049.95 Mobile Safari/537.36 (compatible; Googlebot/2.1; +http://www.google.com/bot.html)"
66.249.70.160 - - [23/Apr/2025:09:58:14 -0300] "GET /pcmypage?callback=product/review/91039645 HTTP/1.1" 200 134833 "-" "Mozilla/5.0 (Linux; Android 6.0.1; Nexus 5X Build/MMB29P) AppleWebKit/537.36 (KHTML, like Gecko) Chrome/135.0.7049.95 Mobile Safari/537.36 (compatible; Googlebot/2.1; +http://www.google.com/bot.html)"
66.249.70.160 - - [23/Apr/2025:09:58:16 -0300] "GET /pcmypage?callback=product/review/54606446 HTTP/1.1" 200 133320 "-" "Mozilla/5.0 (Linux; Android 6.0.1; Nexus 5X Build/MMB29P) AppleWebKit/537.36 (KHTML, like Gecko) Chrome/135.0.7049.95 Mobile Safari/537.36 (compatible; Googlebot/2.1; +http://www.google.com/bot.html)"
66.249.70.161 - - [23/Apr/2025:09:58:16 -0300] "GET /pcmypage?callback=/product%2Fdetail%2F65772281 HTTP/1.1" 200 143722 "-" "Mozilla/5.0 (Linux; Android 6.0.1; Nexus 5X Build/MMB29P) AppleWebKit/537.36 (KHTML, like Gecko) Chrome/135.0.7049.95 Mobile Safari/537.36 (compatible; Googlebot/2.1; +http://www.google.com/bot.html)"
66.249.70.161 - - [23/Apr/2025:09:58:18 -0300] "GET /shop.php?shopdetail/85276254 HTTP/1.1" 200 127829 "-" "Mozilla/5.0 (Linux; Android 6.0.1; Nexus 5X Build/MMB29P) AppleWebKit/537.36 (KHTML, like Gecko) Chrome/135.0.7049.95 Mobile Safari/537.36 (compatible; Googlebot/2.1; +http://www.google.com/bot.html)"
66.249.70.161 - - [23/Apr/2025:09:58:19 -0300] "GET /shop.php/feature/idol/gradol.html/shopdetail/122696054/shopdetail/95407254/cargo/detail/shopdetail/204335954/shopdetail/17524854/events/shopdetail/137863554/text/terms/shopdetail/61505354/pcmypage/shopdetail/227978254/shopdetail/130361854/product_archives/shopdetail/209834754/shopdetail/175767654/pcmypage/product/edit/91083739/shopdetail/8898554/shopdetail/171562754/cargo/detail/shopdetail/212898354/shopdetail/217954954 HTTP/1.1" 200 202261 "-" "Mozilla/5.0 (Linux; Android 6.0.1; Nexus 5X Build/MMB29P) AppleWebKit/537.36 (KHTML, like Gecko) Chrome/135.0.7049.95 Mobile Safari/537.36 (compatible; GoogleOther)"
66.249.70.174 - - [23/Apr/2025:09:58:20 -0300] "GET /pcmypage?callback=product%2Fdetail%2F92688799 HTTP/1.1" 200 135796 "-" "Mozilla/5.0 (Linux; Android 6.0.1; Nexus 5X Build/MMB29P) AppleWebKit/537.36 (KHTML, like Gecko) Chrome/135.0.7049.95 Mobile Safari/537.36 (compatible; Googlebot/2.1; +http://www.google.com/bot.html)"
66.249.70.160 - - [23/Apr/2025:09:58:20 -0300] "POST /get-message-notify HTTP/1.1" 200 125360 "https://cursos-inmobiliarios-virtuales.bienesraicess.com/pcmypage?callback=product/review/27524434" "Mozilla/5.0 (Linux; Android 6.0.1; Nexus 5X Build/MMB29P) AppleWebKit/537.36 (KHTML, like Gecko) Chrome/134.0.6998.165 Mobile Safari/537.36 (compatible; Googlebot/2.1; +http://www.google.com/bot.html)"
66.249.70.160 - - [23/Apr/2025:09:58:22 -0300] "GET /pcmypage?callback=product/review/51079852 HTTP/1.1" 200 146203 "-" "Mozilla/5.0 (Linux; Android 6.0.1; Nexus 5X Build/MMB29P) AppleWebKit/537.36 (KHTML, like Gecko) Chrome/135.0.7049.95 Mobile Safari/537.36 (compatible; Googlebot/2.1; +http://www.google.com/bot.html)"
66.249.70.174 - - [23/Apr/2025:09:58:23 -0300] "GET /pcmypage?callback=/product%2Fdetail%2F96573032 HTTP/1.1" 200 134046 "-" "Mozilla/5.0 (Linux; Android 6.0.1; Nexus 5X Build/MMB29P) AppleWebKit/537.36 (KHTML, like Gecko) Chrome/135.0.7049.95 Mobile Safari/537.36 (compatible; Googlebot/2.1; +http://www.google.com/bot.html)"
66.249.70.161 - - [23/Apr/2025:09:58:25 -0300] "POST /get-message-notify HTTP/1.1" 200 125360 "https://cursos-inmobiliarios-virtuales.bienesraicess.com/shop.php/feature/idol/gradol.html/cargo/detail/shopdetail/29879454/toiawase/product_archives" "Mozilla/5.0 (Linux; Android 6.0.1; Nexus 5X Build/MMB29P) AppleWebKit/537.36 (KHTML, like Gecko) Chrome/134.0.6998.165 Mobile Safari/537.36 (compatible; Googlebot/2.1; +http://www.google.com/bot.html)"
66.249.70.161 - - [23/Apr/2025:09:58:25 -0300] "GET /shop.php/feature/idol/gradol.html/shopdetail/8783854/shopdetail/171234154/events/affiliate/shopdetail/239942354/shopdetail/238747554/man/customer_guide/shopdetail/258281854/shopdetail/189783054/text/terms/shopdetail/264265054/shopdetail/105898054/pcmypage/shopdetail/246590754/cargo/detail/shopdetail/19325754/shopdetail/134973054/events/ HTTP/1.1" 200 178596 "-" "Mozilla/5.0 (Linux; Android 6.0.1; Nexus 5X Build/MMB29P) AppleWebKit/537.36 (KHTML, like Gecko) Chrome/135.0.7049.95 Mobile Safari/537.36 (compatible; GoogleOther)"
66.249.70.160 - - [23/Apr/2025:09:58:26 -0300] "GET /pcmypage?callback=product/review/92688799 HTTP/1.1" 200 125574 "-" "Mozilla/5.0 (Linux; Android 6.0.1; Nexus 5X Build/MMB29P) AppleWebKit/537.36 (KHTML, like Gecko) Chrome/135.0.7049.95 Mobile Safari/537.36 (compatible; Googlebot/2.1; +http://www.google.com/bot.html)"
66.249.70.161 - - [23/Apr/2025:09:58:26 -0300] "POST /get-message-notify HTTP/1.1" 200 125360 "https://cursos-inmobiliarios-virtuales.bienesraicess.com/pcmypage?callback=product%2Fdetail%2F92688799" "Mozilla/5.0 (Linux; Android 6.0.1; Nexus 5X Build/MMB29P) AppleWebKit/537.36 (KHTML, like Gecko) Chrome/134.0.6998.165 Mobile Safari/537.36 (compatible; Googlebot/2.1; +http://www.google.com/bot.html)"
66.249.70.161 - - [23/Apr/2025:09:58:26 -0300] "GET /shop.php/feature/idol/gradol.html/shopdetail/122696054/shopdetail/95407254/cargo/detail/shopdetail/204335954/shopdetail/17524854/events/shopdetail/137863554/text/terms/shopdetail/61505354/pcmypage/shopdetail/227978254/shopdetail/130361854/product_archives/shopdetail/217951254/shopdetail/21856554/pcmypage/recruit/shopdetail/13203154/cargo/detail/events/shopdetail/239374954/pcmypage HTTP/1.1" 200 194576 "-" "Mozilla/5.0 (Linux; Android 6.0.1; Nexus 5X Build/MMB29P) AppleWebKit/537.36 (KHTML, like Gecko) Chrome/135.0.7049.95 Mobile Safari/537.36 (compatible; GoogleOther)"
66.249.70.174 - - [23/Apr/2025:09:58:27 -0300] "GET /shop.php?shopdetail/253804354 HTTP/1.1" 200 125623 "-" "Mozilla/5.0 (Linux; Android 6.0.1; Nexus 5X Build/MMB29P) AppleWebKit/537.36 (KHTML, like Gecko) Chrome/135.0.7049.95 Mobile Safari/537.36 (compatible; Googlebot/2.1; +http://www.google.com/bot.html)"
66.249.70.160 - - [23/Apr/2025:09:58:29 -0300] "GET /pcmypage?callback=product%2Fdetail%2F92217172 HTTP/1.1" 200 129546 "-" "Mozilla/5.0 (Linux; Android 6.0.1; Nexus 5X Build/MMB29P) AppleWebKit/537.36 (KHTML, like Gecko) Chrome/135.0.7049.95 Mobile Safari/537.36 (compatible; Googlebot/2.1; +http://www.google.com/bot.html)"
66.249.70.162 - - [23/Apr/2025:09:58:30 -0300] "GET /shopdetail/280343354 HTTP/1.1" 200 128158 "-" "Mozilla/5.0 (Linux; Android 6.0.1; Nexus 5X Build/MMB29P) AppleWebKit/537.36 (KHTML, like Gecko) Chrome/135.0.7049.95 Mobile Safari/537.36 (compatible; Googlebot/2.1; +http://www.google.com/bot.html)"
66.249.70.174 - - [23/Apr/2025:09:58:30 -0300] "GET /shop.php?shopdetail/23251654 HTTP/1.1" 200 152272 "-" "Mozilla/5.0 (Linux; Android 6.0.1; Nexus 5X Build/MMB29P) AppleWebKit/537.36 (KHTML, like Gecko) Chrome/135.0.7049.95 Mobile Safari/537.36 (compatible; Googlebot/2.1; +http://www.google.com/bot.html)"
66.249.70.174 - - [23/Apr/2025:09:58:32 -0300] "GET /pcmypage?callback=product%2Fdetail%2F97409537 HTTP/1.1" 200 127766 "-" "Mozilla/5.0 (Linux; Android 6.0.1; Nexus 5X Build/MMB29P) AppleWebKit/537.36 (KHTML, like Gecko) Chrome/135.0.7049.95 Mobile Safari/537.36 (compatible; Googlebot/2.1; +http://www.google.com/bot.html)"
66.249.70.160 - - [23/Apr/2025:09:58:33 -0300] "GET /pcmypage?callback=/product%2Fdetail%2F21632408 HTTP/1.1" 200 132023 "-" "Mozilla/5.0 (Linux; Android 6.0.1; Nexus 5X Build/MMB29P) AppleWebKit/537.36 (KHTML, like Gecko) Chrome/135.0.7049.95 Mobile Safari/537.36 (compatible; Googlebot/2.1; +http://www.google.com/bot.html)"
66.249.70.160 - - [23/Apr/2025:09:58:34 -0300] "GET /pcmypage?callback=/product%2Fdetail%2F64348170 HTTP/1.1" 200 125087 "-" "Mozilla/5.0 (Linux; Android 6.0.1; Nexus 5X Build/MMB29P) AppleWebKit/537.36 (KHTML, like Gecko) Chrome/135.0.7049.95 Mobile Safari/537.36 (compatible; Googlebot/2.1; +http://www.google.com/bot.html)"
66.249.70.161 - - [23/Apr/2025:09:58:34 -0300] "POST /get-message-notify HTTP/1.1" 200 125360 "https://cursos-inmobiliarios-virtuales.bienesraicess.com/pcmypage?callback=/product%2Fdetail%2F96573032" "Mozilla/5.0 (Linux; Android 6.0.1; Nexus 5X Build/MMB29P) AppleWebKit/537.36 (KHTML, like Gecko) Chrome/134.0.6998.165 Mobile Safari/537.36 (compatible; Googlebot/2.1; +http://www.google.com/bot.html)"
66.249.70.174 - - [23/Apr/2025:09:58:36 -0300] "GET /shopdetail/87129954 HTTP/1.1" 200 157839 "-" "Mozilla/5.0 (Linux; Android 6.0.1; Nexus 5X Build/MMB29P) AppleWebKit/537.36 (KHTML, like Gecko) Chrome/135.0.7049.95 Mobile Safari/537.36 (compatible; Googlebot/2.1; +http://www.google.com/bot.html)"
66.249.70.160 - - [23/Apr/2025:09:58:36 -0300] "GET /pcmypage?callback=product%2Fdetail%2F88755249 HTTP/1.1" 200 135054 "-" "Mozilla/5.0 (Linux; Android 6.0.1; Nexus 5X Build/MMB29P) AppleWebKit/537.36 (KHTML, like Gecko) Chrome/135.0.7049.95 Mobile Safari/537.36 (compatible; Googlebot/2.1; +http://www.google.com/bot.html)"
66.249.70.161 - - [23/Apr/2025:09:58:37 -0300] "GET /pcmypage?callback=product%2Fdetail%2F59019511 HTTP/1.1" 200 125202 "-" "Mozilla/5.0 (Linux; Android 6.0.1; Nexus 5X Build/MMB29P) AppleWebKit/537.36 (KHTML, like Gecko) Chrome/135.0.7049.95 Mobile Safari/537.36 (compatible; Googlebot/2.1; +http://www.google.com/bot.html)"
66.249.70.160 - - [23/Apr/2025:09:58:38 -0300] "GET /shop.php/feature/idol/gradol.html/shopdetail/122696054/shopdetail/95407254/cargo/detail/shopdetail/204335954/shopdetail/17524854/events/shopdetail/137863554/text/terms/shopdetail/61505354/pcmypage/shopdetail/227978254/shopdetail/130361854/product_archives/shopdetail/217951254/shopdetail/198026754/pcmypage/recruit/shopdetail/216471154/shopdetail/199320654/events/pcmypage/shopdetail/144357854 HTTP/1.1" 200 223443 "-" "Mozilla/5.0 (Linux; Android 6.0.1; Nexus 5X Build/MMB29P) AppleWebKit/537.36 (KHTML, like Gecko) Chrome/135.0.7049.95 Mobile Safari/537.36 (compatible; GoogleOther)"
66.249.70.163 - - [23/Apr/2025:09:58:40 -0300] "GET /shop.php/feature/idol/gradol.html/shopdetail/8783854/shopdetail/171234154/events/affiliate/shopdetail/89127854/shopdetail/11456654/product_archives/shopdetail/8800654/shopdetail/88025554/man/customer_guide/recruit/shopdetail/54377254/shopdetail/45662654/product_archives/text/terms/shopdetail/45415554/pcmypage?callback=/product%2Fdetail%2F31762132 HTTP/1.1" 200 184298 "-" "Mozilla/5.0 (Linux; Android 6.0.1; Nexus 5X Build/MMB29P) AppleWebKit/537.36 (KHTML, like Gecko) Chrome/135.0.7049.95 Mobile Safari/537.36 (compatible; GoogleOther)"
66.249.70.160 - - [23/Apr/2025:09:58:41 -0300] "POST /get-message-notify HTTP/1.1" 200 125360 "https://cursos-inmobiliarios-virtuales.bienesraicess.com/pcmypage?callback=product%2Fdetail%2F97409537" "Mozilla/5.0 (Linux; Android 6.0.1; Nexus 5X Build/MMB29P) AppleWebKit/537.36 (KHTML, like Gecko) Chrome/134.0.6998.165 Mobile Safari/537.36 (compatible; Googlebot/2.1; +http://www.google.com/bot.html)"
66.249.70.160 - - [23/Apr/2025:09:58:42 -0300] "GET /pcmypage?callback=product%2Fdetail%2F66266090 HTTP/1.1" 200 139264 "-" "Mozilla/5.0 (Linux; Android 6.0.1; Nexus 5X Build/MMB29P) AppleWebKit/537.36 (KHTML, like Gecko) Chrome/135.0.7049.95 Mobile Safari/537.36 (compatible; Googlebot/2.1; +http://www.google.com/bot.html)"
66.249.70.161 - - [23/Apr/2025:09:58:43 -0300] "GET /pcmypage?callback=/product%2Fdetail%2F91077268 HTTP/1.1" 200 141881 "-" "Mozilla/5.0 (Linux; Android 6.0.1; Nexus 5X Build/MMB29P) AppleWebKit/537.36 (KHTML, like Gecko) Chrome/135.0.7049.95 Mobile Safari/537.36 (compatible; Googlebot/2.1; +http://www.google.com/bot.html)"
66.249.70.174 - - [23/Apr/2025:09:58:44 -0300] "GET /shop.php?shopdetail/243542554 HTTP/1.1" 200 134558 "-" "Mozilla/5.0 (Linux; Android 6.0.1; Nexus 5X Build/MMB29P) AppleWebKit/537.36 (KHTML, like Gecko) Chrome/135.0.7049.95 Mobile Safari/537.36 (compatible; Googlebot/2.1; +http://www.google.com/bot.html)"
66.249.70.160 - - [23/Apr/2025:09:58:46 -0300] "POST /get-message-notify HTTP/1.1" 200 125360 "https://cursos-inmobiliarios-virtuales.bienesraicess.com/pcmypage?callback=product%2Fdetail%2F88755249" "Mozilla/5.0 (Linux; Android 6.0.1; Nexus 5X Build/MMB29P) AppleWebKit/537.36 (KHTML, like Gecko) Chrome/134.0.6998.165 Mobile Safari/537.36 (compatible; Googlebot/2.1; +http://www.google.com/bot.html)"
66.249.70.161 - - [23/Apr/2025:09:58:46 -0300] "POST /get-message-notify HTTP/1.1" 200 125360 "https://cursos-inmobiliarios-virtuales.bienesraicess.com/pcmypage?callback=product%2Fdetail%2F59019511" "Mozilla/5.0 (Linux; Android 6.0.1; Nexus 5X Build/MMB29P) AppleWebKit/537.36 (KHTML, like Gecko) Chrome/134.0.6998.165 Mobile Safari/537.36 (compatible; Googlebot/2.1; +http://www.google.com/bot.html)"
66.249.70.163 - - [23/Apr/2025:09:58:47 -0300] "GET /pcmypage?callback=/product%2Fdetail%2F65679245 HTTP/1.1" 200 138133 "-" "Mozilla/5.0 (Linux; Android 6.0.1; Nexus 5X Build/MMB29P) AppleWebKit/537.36 (KHTML, like Gecko) Chrome/135.0.7049.95 Mobile Safari/537.36 (compatible; Googlebot/2.1; +http://www.google.com/bot.html)"
66.249.70.163 - - [23/Apr/2025:09:58:48 -0300] "GET /pcmypage?callback=product%2Fdetail%2F76996127 HTTP/1.1" 200 121490 "-" "Mozilla/5.0 (Linux; Android 6.0.1; Nexus 5X Build/MMB29P) AppleWebKit/537.36 (KHTML, like Gecko) Chrome/135.0.7049.95 Mobile Safari/537.36 (compatible; Googlebot/2.1; +http://www.google.com/bot.html)"
66.249.70.163 - - [23/Apr/2025:09:58:49 -0300] "GET /shop.php/feature/idol/gradol.html/shopdetail/122696054/shopdetail/95407254/cargo/detail/shopdetail/204335954/shopdetail/17524854/events/shopdetail/137863554/text/terms/shopdetail/61505354/pcmypage/shopdetail/235360754/cargo/detail/shopdetail/156251354/shopdetail/229348554/affiliate/shopdetail/80087254/shopdetail/232905154/vintagegame.html HTTP/1.1" 200 189869 "-" "Mozilla/5.0 (Linux; Android 6.0.1; Nexus 5X Build/MMB29P) AppleWebKit/537.36 (KHTML, like Gecko) Chrome/135.0.7049.95 Mobile Safari/537.36 (compatible; GoogleOther)"
66.249.70.174 - - [23/Apr/2025:09:58:50 -0300] "GET /pcmypage?callback=product%2Fdetail%2F14893750 HTTP/1.1" 200 145422 "-" "Mozilla/5.0 (Linux; Android 6.0.1; Nexus 5X Build/MMB29P) AppleWebKit/537.36 (KHTML, like Gecko) Chrome/135.0.7049.95 Mobile Safari/537.36 (compatible; Googlebot/2.1; +http://www.google.com/bot.html)"
66.249.70.174 - - [23/Apr/2025:09:58:51 -0300] "GET /pcmypage?callback=product%2Fdetail%2F38048474 HTTP/1.1" 200 128540 "-" "Mozilla/5.0 (Linux; Android 6.0.1; Nexus 5X Build/MMB29P) AppleWebKit/537.36 (KHTML, like Gecko) Chrome/135.0.7049.95 Mobile Safari/537.36 (compatible; Googlebot/2.1; +http://www.google.com/bot.html)"
66.249.70.174 - - [23/Apr/2025:09:58:52 -0300] "GET /pcmypage?callback=product/review/12801190 HTTP/1.1" 200 126412 "-" "Mozilla/5.0 (Linux; Android 6.0.1; Nexus 5X Build/MMB29P) AppleWebKit/537.36 (KHTML, like Gecko) Chrome/135.0.7049.95 Mobile Safari/537.36 (compatible; Googlebot/2.1; +http://www.google.com/bot.html)"
66.249.70.163 - - [23/Apr/2025:09:58:53 -0300] "GET /shop.php?shopdetail/211703654 HTTP/1.1" 200 161645 "-" "Mozilla/5.0 (Linux; Android 6.0.1; Nexus 5X Build/MMB29P) AppleWebKit/537.36 (KHTML, like Gecko) Chrome/135.0.7049.95 Mobile Safari/537.36 (compatible; Googlebot/2.1; +http://www.google.com/bot.html)"
66.249.70.163 - - [23/Apr/2025:09:58:55 -0300] "GET /shop.php?shopdetail/25789554 HTTP/1.1" 200 122401 "-" "Mozilla/5.0 (Linux; Android 6.0.1; Nexus 5X Build/MMB29P) AppleWebKit/537.36 (KHTML, like Gecko) Chrome/135.0.7049.95 Mobile Safari/537.36 (compatible; Googlebot/2.1; +http://www.google.com/bot.html)"
66.249.70.161 - - [23/Apr/2025:09:58:55 -0300] "GET /pcmypage?callback=product/review/39485028 HTTP/1.1" 200 175155 "-" "Mozilla/5.0 (Linux; Android 6.0.1; Nexus 5X Build/MMB29P) AppleWebKit/537.36 (KHTML, like Gecko) Chrome/135.0.7049.95 Mobile Safari/537.36 (compatible; Googlebot/2.1; +http://www.google.com/bot.html)"
4.227.36.4 - - [23/Apr/2025:09:58:59 -0300] "GET /robots.txt HTTP/1.1" 200 264 "-" "Mozilla/5.0 AppleWebKit/537.36 (KHTML, like Gecko; compatible; GPTBot/1.2; +https://openai.com/gptbot)"
20.171.207.62 - - [23/Apr/2025:09:58:59 -0300] "GET / HTTP/1.1" 404 - "-" "Mozilla/5.0 AppleWebKit/537.36 (KHTML, like Gecko; compatible; GPTBot/1.2; +https://openai.com/gptbot)"
66.249.70.164 - - [23/Apr/2025:09:58:58 -0300] "GET /safe_search/config?return_url=%2Fproduct%2Fdetail%2F18297954 HTTP/1.1" 200 129546 "-" "Mozilla/5.0 (Linux; Android 6.0.1; Nexus 5X Build/MMB29P) AppleWebKit/537.36 (KHTML, like Gecko) Chrome/135.0.7049.95 Mobile Safari/537.36 (compatible; Googlebot/2.1; +http://www.google.com/bot.html)"
66.249.70.174 - - [23/Apr/2025:09:58:57 -0300] "GET /shop.php/feature/idol/gradol.html/shopdetail/8783854/shopdetail/171234154/events/affiliate/shopdetail/89127854/shopdetail/11456654/product_archives/shopdetail/8800654/cargo/detail/shopdetail/176938054/pcmypage/shopdetail/236387854/text/terms/shopdetail/74523354/shopdetail/207010354/affiliate/shopdetail/119780454/product_archives/shopdetail/201222854/feature/osu_main/index.html HTTP/1.1" 200 194644 "-" "Mozilla/5.0 (Linux; Android 6.0.1; Nexus 5X Build/MMB29P) AppleWebKit/537.36 (KHTML, like Gecko) Chrome/135.0.7049.95 Mobile Safari/537.36 (compatible; GoogleOther)"
66.249.70.162 - - [23/Apr/2025:09:58:59 -0300] "POST /get-message-notify HTTP/1.1" 200 125360 "https://cursos-inmobiliarios-virtuales.bienesraicess.com/pcmypage?callback=/product%2Fdetail%2F91077268" "Mozilla/5.0 (Linux; Android 6.0.1; Nexus 5X Build/MMB29P) AppleWebKit/537.36 (KHTML, like Gecko) Chrome/134.0.6998.165 Mobile Safari/537.36 (compatible; Googlebot/2.1; +http://www.google.com/bot.html)"
66.249.70.163 - - [23/Apr/2025:09:58:58 -0300] "GET /shop.php/feature/idol/gradol.html/shopdetail/122696054/shopdetail/95407254/cargo/detail/shopdetail/204335954/shopdetail/17524854/events/shopdetail/137863554/text/terms/shopdetail/61505354/pcmypage/shopdetail/227978254/shopdetail/130361854/product_archives/shopdetail/209834754/shopdetail/189669654/hobby/nuigurumi/nuigurumi.html HTTP/1.1" 200 221739 "-" "Mozilla/5.0 (Linux; Android 6.0.1; Nexus 5X Build/MMB29P) AppleWebKit/537.36 (KHTML, like Gecko) Chrome/135.0.7049.95 Mobile Safari/537.36 (compatible; GoogleOther)"
66.249.70.162 - - [23/Apr/2025:09:59:00 -0300] "GET /pcmypage?callback=product%2Fdetail%2F23883199 HTTP/1.1" 200 161054 "-" "Mozilla/5.0 (Linux; Android 6.0.1; Nexus 5X Build/MMB29P) AppleWebKit/537.36 (KHTML, like Gecko) Chrome/135.0.7049.95 Mobile Safari/537.36 (compatible; Googlebot/2.1; +http://www.google.com/bot.html)"
66.249.70.161 - - [23/Apr/2025:09:59:01 -0300] "GET /shop.php?shopdetail/135805954 HTTP/1.1" 200 123919 "-" "Mozilla/5.0 (Linux; Android 6.0.1; Nexus 5X Build/MMB29P) AppleWebKit/537.36 (KHTML, like Gecko) Chrome/135.0.7049.95 Mobile Safari/537.36 (compatible; Googlebot/2.1; +http://www.google.com/bot.html)"
66.249.70.161 - - [23/Apr/2025:09:59:03 -0300] "POST /get-message-notify HTTP/1.1" 200 125360 "https://cursos-inmobiliarios-virtuales.bienesraicess.com/pcmypage?callback=/product%2Fdetail%2F65679245" "Mozilla/5.0 (Linux; Android 6.0.1; Nexus 5X Build/MMB29P) AppleWebKit/537.36 (KHTML, like Gecko) Chrome/134.0.6998.165 Mobile Safari/537.36 (compatible; Googlebot/2.1; +http://www.google.com/bot.html)"
66.249.70.163 - - [23/Apr/2025:09:59:03 -0300] "GET /shopdetail/127659354 HTTP/1.1" 200 129500 "-" "Mozilla/5.0 (Linux; Android 6.0.1; Nexus 5X Build/MMB29P) AppleWebKit/537.36 (KHTML, like Gecko) Chrome/135.0.7049.95 Mobile Safari/537.36 (compatible; Googlebot/2.1; +http://www.google.com/bot.html)"
66.249.70.160 - - [23/Apr/2025:09:59:03 -0300] "GET /shop.php?shopdetail/29196154 HTTP/1.1" 200 132643 "-" "Mozilla/5.0 (Linux; Android 6.0.1; Nexus 5X Build/MMB29P) AppleWebKit/537.36 (KHTML, like Gecko) Chrome/135.0.7049.95 Mobile Safari/537.36 (compatible; Googlebot/2.1; +http://www.google.com/bot.html)"
66.249.70.162 - - [23/Apr/2025:09:59:04 -0300] "GET /pcmypage?callback=/product%2Fdetail%2F86762907 HTTP/1.1" 200 149834 "-" "Mozilla/5.0 (Linux; Android 6.0.1; Nexus 5X Build/MMB29P) AppleWebKit/537.36 (KHTML, like Gecko) Chrome/135.0.7049.95 Mobile Safari/537.36 (compatible; Googlebot/2.1; +http://www.google.com/bot.html)"
66.249.70.174 - - [23/Apr/2025:09:59:05 -0300] "POST /get-message-notify HTTP/1.1" 200 125360 "https://cursos-inmobiliarios-virtuales.bienesraicess.com/pcmypage?callback=product%2Fdetail%2F14893750" "Mozilla/5.0 (Linux; Android 6.0.1; Nexus 5X Build/MMB29P) AppleWebKit/537.36 (KHTML, like Gecko) Chrome/134.0.6998.165 Mobile Safari/537.36 (compatible; Googlebot/2.1; +http://www.google.com/bot.html)"
66.249.70.161 - - [23/Apr/2025:09:59:05 -0300] "POST /get-message-notify HTTP/1.1" 200 125360 "https://cursos-inmobiliarios-virtuales.bienesraicess.com/pcmypage?callback=product%2Fdetail%2F38048474" "Mozilla/5.0 (Linux; Android 6.0.1; Nexus 5X Build/MMB29P) AppleWebKit/537.36 (KHTML, like Gecko) Chrome/134.0.6998.165 Mobile Safari/537.36 (compatible; Googlebot/2.1; +http://www.google.com/bot.html)"
66.249.70.160 - - [23/Apr/2025:09:59:07 -0300] "GET /pcmypage?callback=product%2Fdetail%2F23772572 HTTP/1.1" 200 198136 "-" "Mozilla/5.0 (Linux; Android 6.0.1; Nexus 5X Build/MMB29P) AppleWebKit/537.36 (KHTML, like Gecko) Chrome/135.0.7049.95 Mobile Safari/537.36 (compatible; Googlebot/2.1; +http://www.google.com/bot.html)"
66.249.70.174 - - [23/Apr/2025:09:59:09 -0300] "POST /get-message-notify HTTP/1.1" 200 125360 "https://cursos-inmobiliarios-virtuales.bienesraicess.com/shop.php?shopdetail/211703654" "Mozilla/5.0 (Linux; Android 6.0.1; Nexus 5X Build/MMB29P) AppleWebKit/537.36 (KHTML, like Gecko) Chrome/134.0.6998.165 Mobile Safari/537.36 (compatible; Googlebot/2.1; +http://www.google.com/bot.html)"
66.249.70.161 - - [23/Apr/2025:09:59:10 -0300] "GET /pcmypage?callback=product/review/57347298 HTTP/1.1" 200 137849 "-" "Mozilla/5.0 (Linux; Android 6.0.1; Nexus 5X Build/MMB29P) AppleWebKit/537.36 (KHTML, like Gecko) Chrome/135.0.7049.95 Mobile Safari/537.36 (compatible; Googlebot/2.1; +http://www.google.com/bot.html)"
66.249.70.174 - - [23/Apr/2025:09:59:11 -0300] "GET /shop.php?shopdetail/229288454 HTTP/1.1" 200 133772 "-" "Mozilla/5.0 (Linux; Android 6.0.1; Nexus 5X Build/MMB29P) AppleWebKit/537.36 (KHTML, like Gecko) Chrome/135.0.7049.95 Mobile Safari/537.36 (compatible; Googlebot/2.1; +http://www.google.com/bot.html)"
66.249.70.174 - - [23/Apr/2025:09:59:11 -0300] "GET /pcmypage?callback=product%2Fdetail%2F86956361 HTTP/1.1" 200 122374 "-" "Mozilla/5.0 (Linux; Android 6.0.1; Nexus 5X Build/MMB29P) AppleWebKit/537.36 (KHTML, like Gecko) Chrome/135.0.7049.95 Mobile Safari/537.36 (compatible; Googlebot/2.1; +http://www.google.com/bot.html)"
66.249.70.161 - - [23/Apr/2025:09:59:12 -0300] "POST /get-message-notify HTTP/1.1" 200 125360 "https://cursos-inmobiliarios-virtuales.bienesraicess.com/shop.php?shopdetail/135805954" "Mozilla/5.0 (Linux; Android 6.0.1; Nexus 5X Build/MMB29P) AppleWebKit/537.36 (KHTML, like Gecko) Chrome/134.0.6998.165 Mobile Safari/537.36 (compatible; Googlebot/2.1; +http://www.google.com/bot.html)"
66.249.70.161 - - [23/Apr/2025:09:59:14 -0300] "POST /get-message-notify HTTP/1.1" 200 125360 "https://cursos-inmobiliarios-virtuales.bienesraicess.com/pcmypage?callback=product%2Fdetail%2F23883199" "Mozilla/5.0 (Linux; Android 6.0.1; Nexus 5X Build/MMB29P) AppleWebKit/537.36 (KHTML, like Gecko) Chrome/134.0.6998.165 Mobile Safari/537.36 (compatible; Googlebot/2.1; +http://www.google.com/bot.html)"
66.249.70.161 - - [23/Apr/2025:09:59:14 -0300] "GET /shop.php/feature/idol/gradol.html/shopdetail/122696054/shopdetail/95407254/cargo/detail/shopdetail/204335954/shopdetail/17524854/events/shopdetail/137863554/text/terms/shopdetail/61505354/pcmypage/shopdetail/227978254/shopdetail/130361854/product_archives/shopdetail/212967154/shopdetail/35397154/feature/osu_main/index.html HTTP/1.1" 200 198354 "-" "Mozilla/5.0 (Linux; Android 6.0.1; Nexus 5X Build/MMB29P) AppleWebKit/537.36 (KHTML, like Gecko) Chrome/135.0.7049.95 Mobile Safari/537.36 (compatible; GoogleOther)"
66.249.70.160 - - [23/Apr/2025:09:59:16 -0300] "GET /shopdetail/306942354 HTTP/1.1" 200 157468 "-" "Mozilla/5.0 (Linux; Android 6.0.1; Nexus 5X Build/MMB29P) AppleWebKit/537.36 (KHTML, like Gecko) Chrome/135.0.7049.95 Mobile Safari/537.36 (compatible; Googlebot/2.1; +http://www.google.com/bot.html)"
66.249.70.174 - - [23/Apr/2025:09:59:17 -0300] "GET /pcmypage?callback=/product%2Fdetail%2F29869644 HTTP/1.1" 200 125423 "-" "Mozilla/5.0 (Linux; Android 6.0.1; Nexus 5X Build/MMB29P) AppleWebKit/537.36 (KHTML, like Gecko) Chrome/135.0.7049.95 Mobile Safari/537.36 (compatible; Googlebot/2.1; +http://www.google.com/bot.html)"
